000
CXUS56 KPQR 021107
CF6EUG
PRELIMINARY LOCAL CLIMATOLOGICAL DATA (WS FORM: F-6)
STATION: EUGENE OR
MONTH: JUNE
YEAR: 2021
LATITUDE: 44 7 N
LONGITUDE: 123 13 W
TEMPERATURE IN F: :PCPN: SNOW: WIND :SUNSHINE: SKY :PK WND
================================================================================
1 2 3 4 5 6A 6B 7 8 9 10 11 12 13 14 15 16 17 18
12Z AVG MX 2MIN
DY MAX MIN AVG DEP HDD CDD WTR SNW DPTH SPD SPD DIR MIN PSBL S-S WX SPD DR
================================================================================
1 93 54 74 16 0 9 0.00 0.0 0 5.4 13 330 M M 0 1 16 10
2 91 57 74 16 0 9 0.00 0.0 0 7.0 15 20 M M 1 18 30
3 86 51 69 11 0 4 0.00 0.0 0 5.4 16 350 M M 2 20 350
4 80 49 65 6 0 0 0.00 0.0 0 5.3 14 290 M M 4 1 17 20
5 69 45 57 -2 8 0 0.00 0.0 0 8.6 20 300 M M 7 24 270
6 68 41 55 -4 10 0 T 0.0 0 7.2 18 250 M M 7 1 24 230
7 65 44 55 -4 10 0 0.04 0.0 0 5.9 17 280 M M 8 18 20 290
8 66 40 53 -6 12 0 0.02 0.0 0 5.6 22 230 M M 5 1 27 240
9 71 37 54 -5 11 0 0.00 0.0 0 5.6 15 350 M M 4 12 18 340
10 71 43 57 -3 8 0 T 0.0 0 6.0 17 270 M M 8 21 270
11 71 47 59 -1 6 0 0.10 0.0 0 8.3 28 180 M M 8 18 33 170
12 83 50 67 7 0 2 0.71 0.0 0 4.9 18 280 M M 8 1 22 290
13 66 60 63 3 2 0 0.59 0.0 0 3.9 10 290 M M 10 1 14 290
14 74 56 65 5 0 0 0.14 0.0 0 5.9 18 280 M M 8 1 21 280
15 71 50 61 1 4 0 T 0.0 0 7.5 18 270 M M 5 1 23 240
16 80 47 64 3 1 0 0.00 0.0 0 10.4 20 10 M M 1 28 360
17 85 47 66 5 0 1 0.00 0.0 0 7.1 20 10 M M 0 1 24 30
18 83 49 66 5 0 1 0.00 0.0 0 9.0 20 20 M M 0 24 340
19 85 48 67 6 0 2 0.00 0.0 0 12.2 25 350 M M 1 30 10
20 90 56 73 11 0 8 0.00 0.0 0 9.2 18 10 M M 2 23 20
21 95 60 78 16 0 13 0.00 0.0 0 7.1 18 220 M M 2 21 220
22 88 56 72 10 0 7 0.00 0.0 0 6.9 15 220 M M 4 17 230
23 86 55 71 9 0 6 0.00 0.0 0 6.4 16 360 M M 3 24 310
24 91 52 72 9 0 7 0.00 0.0 0 6.3 15 20 M M 3 19 10
25 95 58 77 14 0 12 0.00 0.0 0 4.7 13 30 M M 4 16 30
26 103 61 82 19 0 17 0.00 0.0 0 5.4 15 350 M M 0 1 19 360
27 111 66 89 25 0 24 0.00 0.0 0 7.9 22 350 M M 0 27 360
28 93 61 77 13 0 12 0.00 0.0 0 12.2 29 240 M M 1 36 250
29 87 57 72 8 0 7 0.00 0.0 0 8.8 25 250 M M 4 30 240
30 74 63 69 5 0 4 0.00 0.0 0 6.8 15 270 M M 9 20 270
================================================================================
SM 2471 1560 72 145 1.60 0.0 212.9 M 119
================================================================================
AV 82.4 52.0 7.1 FASTST M M 4 MAX(MPH)
MISC ----> 29 240 36 250
================================================================================
NOTES:
# LAST OF SEVERAL OCCURRENCES
COLUMN 17 PEAK WIND IN M.P.H.
PRELIMINARY LOCAL CLIMATOLOGICAL DATA (WS FORM: F-6) , PAGE 2
STATION: EUGENE OR
MONTH: JUNE
YEAR: 2021
LATITUDE: 44 7 N
LONGITUDE: 123 13 W
[TEMPERATURE DATA] [PRECIPITATION DATA] SYMBOLS USED IN COLUMN 16
AVERAGE MONTHLY: 67.2 TOTAL FOR MONTH: 1.60 1 = FOG OR MIST
DPTR FM NORMAL: 6.3 DPTR FM NORMAL: 0.37 2 = FOG REDUCING VISIBILITY
HIGHEST: 111 ON 27 GRTST 24HR 1.26 ON 12-13 TO 1/4 MILE OR LESS
LOWEST: 37 ON 9 3 = THUNDER
SNOW, ICE PELLETS, HAIL 4 = ICE PELLETS
TOTAL MONTH: 0.0 INCH 5 = HAIL
GRTST 24HR 0.0 6 = FREEZING RAIN OR DRIZZLE
GRTST DEPTH: 0 7 = DUSTSTORM OR SANDSTORM:
VSBY 1/2 MILE OR LESS
8 = SMOKE OR HAZE
[NO. OF DAYS WITH] [WEATHER - DAYS WITH] 9 = BLOWING SNOW
X = TORNADO
MAX 32 OR BELOW: 0 0.01 INCH OR MORE: 6
MAX 90 OR ABOVE: 9 0.10 INCH OR MORE: 4
MIN 32 OR BELOW: 0 0.50 INCH OR MORE: 2
MIN 0 OR BELOW: 0 1.00 INCH OR MORE: 0
[HDD (BASE 65) ]
TOTAL THIS MO. 72 CLEAR (SCALE 0-3) 13
DPTR FM NORMAL -74 PTCLDY (SCALE 4-7) 12
TOTAL FM JUL 1 4179 CLOUDY (SCALE 8-10) 5
DPTR FM NORMAL -435
[CDD (BASE 65) ]
TOTAL THIS MO. 145
DPTR FM NORMAL 122 [PRESSURE DATA]
TOTAL FM JAN 1 148 HIGHEST SLP 30.35 ON 15
DPTR FM NORMAL 121 LOWEST SLP 29.62 ON 27
[REMARKS]
#FINAL-06-21#