000
CXUS55 KPAH 020418
CF6EVV
PRELIMINARY LOCAL CLIMATOLOGICAL DATA (WS FORM: F-6)
STATION: EVANSVILLE IN
MONTH: APRIL
YEAR: 2020
LATITUDE: 38 2 N
LONGITUDE: 87 32 W
TEMPERATURE IN F: :PCPN: SNOW: WIND :SUNSHINE: SKY :PK WND
================================================================================
1 2 3 4 5 6A 6B 7 8 9 10 11 12 13 14 15 16 17 18
12Z AVG MX 2MIN
DY MAX MIN AVG DEP HDD CDD WTR SNW DPTH SPD SPD DIR MIN PSBL S-S WX SPD DR
================================================================================
1 56 37 47 -4 18 0 0.00 0.0 0 4.3 12 20 M M 2 17 20
2 65 37 51 -1 14 0 0.00 0.0 0 2.0 9 160 M M 0 13 130
3 71 45 58 6 7 0 0.00 0.0 0 2.2 9 100 M M 2 8 14 90
4 60 48 54 2 11 0 0.00 0.0 0 7.5 15 300 M M 6 8 21 300
5 65 47 56 3 9 0 0.00 0.0 0 4.2 10 300 M M 10 8 17 320
6 74 46 60 7 5 0 0.00 0.0 0 1.8 13 210 M M 1 1 17 260
7 80 55 68 15 0 3 0.00 0.0 0 11.6 24 220 M M 3 31 220
8 86 59 73 19 0 8 T 0.0 0 11.7 37 360 M M 4 3 55 360
9 60 40 50 -4 15 0 0.00 0.0 0 13.2 24 350 M M 2 40 340
10 55 34 45 -9 20 0 0.00 0.0 0 6.0 16 340 M M 0 29 340
11 64 36 50 -5 15 0 0.03 0.0 0 5.6 21 230 M M 3 26 220
12 62 51 57 2 8 0 0.14 0.0 0 6.3 20 150 M M 9 1 28 170
13 56 39 48 -7 17 0 T 0.0 0 11.4 29 300 M M 6 18 45 300
14 50 31 41 -15 24 0 0.00 0.0 0 4.3 16 320 M M 3 23 330
15 57 29 43 -13 22 0 0.00 0.0 0 8.8 26 230 M M 2 36 220
16 58 28 43 -13 22 0 0.00 0.0 0 3.9 12 40 M M 1 17 70
17 54 39 47 -10 18 0 0.16 0.0 0 9.8 18 300 M M 9 18 31 300
18 56 32 44 -13 21 0 0.00 0.0 0 4.5 14 200 M M 2 18 21 340
19 60 40 50 -7 15 0 T 0.0 0 3.0 13 30 M M 4 18 180
20 69 40 55 -3 10 0 T 0.0 0 5.7 17 260 M M 2 1 26 250
21 64 42 53 -5 12 0 0.00 0.0 0 9.1 22 310 M M 0 34 330
22 73 37 55 -3 10 0 T 0.0 0 8.1 20 210 M M 2 28 210
23 59 53 56 -3 9 0 0.71 0.0 0 5.4 13 340 M M 10 1 19 130
24 70 53 62 3 3 0 0.00 0.0 0 4.4 10 10 M M 5 17 310
25 64 51 58 -1 7 0 1.58 0.0 0 8.1 22 40 M M 7 1238 29 60
26 61 42 52 -8 13 0 0.76 0.0 0 10.8 25 330 M M 6 1 36 330
27 70 37 54 -6 11 0 0.00 0.0 0 7.0 17 210 M M 1 25 190
28 76 57 67 7 0 2 0.00 0.0 0 11.7 24 220 M M 7 35 210
29 67 49 58 -3 7 0 0.20 0.0 0 11.4 32 270 M M 9 1 50 280
30 65 45 55 -6 10 0 0.01 0.0 0 8.5 21 280 M M 8 1 35 330
================================================================================
SM 1927 1279 353 13 3.59 0.0 212.3 M 126
================================================================================
AV 64.2 42.6 7.1 FASTST M M 4 MAX(MPH)
MISC ----> 37 360 55 360
================================================================================
NOTES:
# LAST OF SEVERAL OCCURRENCES
COLUMN 17 PEAK WIND IN M.P.H.
PRELIMINARY LOCAL CLIMATOLOGICAL DATA (WS FORM: F-6) , PAGE 2
STATION: EVANSVILLE IN
MONTH: APRIL
YEAR: 2020
LATITUDE: 38 2 N
LONGITUDE: 87 32 W
[TEMPERATURE DATA] [PRECIPITATION DATA] SYMBOLS USED IN COLUMN 16
AVERAGE MONTHLY: 53.4 TOTAL FOR MONTH: 3.59 1 = FOG OR MIST
DPTR FM NORMAL: -2.7 DPTR FM NORMAL: -0.78 2 = FOG REDUCING VISIBILITY
HIGHEST: 86 ON 8 GRTST 24HR 2.19 ON 25-26 TO 1/4 MILE OR LESS
LOWEST: 28 ON 16 3 = THUNDER
SNOW, ICE PELLETS, HAIL 4 = ICE PELLETS
TOTAL MONTH: 0.0 INCH 5 = HAIL
GRTST 24HR 0.0 6 = FREEZING RAIN OR DRIZZLE
GRTST DEPTH: 0 7 = DUSTSTORM OR SANDSTORM:
VSBY 1/2 MILE OR LESS
8 = SMOKE OR HAZE
[NO. OF DAYS WITH] [WEATHER - DAYS WITH] 9 = BLOWING SNOW
X = TORNADO
MAX 32 OR BELOW: 0 0.01 INCH OR MORE: 8
MAX 90 OR ABOVE: 0 0.10 INCH OR MORE: 6
MIN 32 OR BELOW: 4 0.50 INCH OR MORE: 3
MIN 0 OR BELOW: 0 1.00 INCH OR MORE: 1
[HDD (BASE 65) ]
TOTAL THIS MO. 353 CLEAR (SCALE 0-3) 15
DPTR FM NORMAL 64 PTCLDY (SCALE 4-7) 10
TOTAL FM JUL 1 4145 CLOUDY (SCALE 8-10) 5
DPTR FM NORMAL -309
[CDD (BASE 65) ]
TOTAL THIS MO. 13
DPTR FM NORMAL -11 [PRESSURE DATA]
TOTAL FM JAN 1 23 HIGHEST SLP 30.40 ON 16
DPTR FM NORMAL -4 LOWEST SLP 29.40 ON 13
[REMARKS]
#FINAL-04-20#