000
CXUS52 KMHX 031300
CF6EWN
PRELIMINARY LOCAL CLIMATOLOGICAL DATA (WS FORM: F-6)
STATION: NEW BERN NC
MONTH: AUGUST
YEAR: 2020
LATITUDE: 35 4 N
LONGITUDE: 77 3 W
TEMPERATURE IN F: :PCPN: SNOW: WIND :SUNSHINE: SKY :PK WND
================================================================================
1 2 3 4 5 6A 6B 7 8 9 10 11 12 13 14 15 16 17 18
12Z AVG MX 2MIN
DY MAX MIN AVG DEP HDD CDD WTR SNW DPTH SPD SPD DIR MIN PSBL S-S WX SPD DR
================================================================================
1 93 72 83 3 0 18 3.04 0.0 0 6.5 38 340 M M 3 138 53 340
2 92 75 84 4 0 19 0.00 0.0 0 7.1 15 170 M M 0 21 210
3 88 74 81 1 0 16 0.98 0.0 0 6.9 31 140 M M 2 1 45 150
4 88 73 81 1 0 16 0.38 0.0 0 14.5 38 170 M M 3 1 58 180
5 89 73 81 1 0 16 0.00 0.0 0 5.1 12 190 M M 4 3 M M
6 89 71 80 0 0 15 0.45 0.0 0 4.4 18 150 M M 4 13 23 170
7 90 72 81 1 0 16 0.00 0.0 0 5.0 16 320 M M 2 13 21 310
8 91 72 82 2 0 17 T 0.0 0 4.2 10 200 M M 1 14 200
9 91 71 81 1 0 16 0.17 0.0 0 3.1 21 180 M M 1 13 29 180
10 90 72 81 1 0 16 0.90 0.0 0 2.3 25 70 M M 0 13 35 70
11 90 73 82 2 0 17 0.03 0.0 0 3.7 21 240 M M 3 13 29 250
12 89 72 81 1 0 16 T 0.0 0 4.8 17 170 M M 2 1 22 170
13 86 74 80 0 0 15 0.08 0.0 0 4.1 15 120 M M 4 13X 19 110
14 88 73 81 2 0 16 0.01 0.0 0 3.7 9 250 M M 6 12 14 210
15 86 73 80 1 0 15 0.73 0.0 0 4.3 14 250 M M 4 13 21 260
16 84 72 78 -1 0 13 0.04 0.0 0 5.2 14 340 M M 8 13 17 310
17 84 71 78 -1 0 13 0.01 0.0 0 4.4 9 160 M M 5 1 12 10
18 89 70 80 1 0 15 0.00 0.0 0 2.6 10 270 M M 1 13 260
19 83 69 76 -3 0 11 0.12 0.0 0 2.8 18 170 M M 2 13 25 160
20 85 69 77 -2 0 12 0.01 0.0 0 2.5 22 40 M M 3 13 27 50
21 84 70 77 -2 0 12 T 0.0 0 3.3 12 140 M M 2 1 16 150
22 89 71 80 1 0 15 T 0.0 0 4.7 13 250 M M 1 1 16 230
23 85 73 79 0 0 14 0.01 0.0 0 3.1 12 230 M M 2 17 240
24 85 72 79 1 0 14 0.53 0.0 0 3.1 14 280 M M 3 13 17 290
25 88 75 82 4 0 17 T 0.0 0 7.3 15 240 M M 2 20 260
26 88 71 80 2 0 15 0.00 0.0 0 5.0 13 20 M M 0 17 20
27 93 70 82 4 0 17 0.00 0.0 0 6.8 13 200 M M 0 17 180
28 92 78 85 7 0 20 0.00 0.0 0 7.9 13 270 M M 0 16 290
29 91 76 84 6 0 19 0.20 0.0 0 9.2 23 290 M M 3 18 34 270
30 88 75 82 4 0 17 0.00 0.0 0 5.8 13 40 M M 3 16 40
31 87 73 80 2 0 15 0.06 0.0 0 7.1 16 130 M M 3 1 24 140
================================================================================
SM 2735 2245 0 483 7.75 0.0 160.5 M 77
================================================================================
AV 88.2 72.4 5.2 FASTST M M 2 MAX(MPH)
MISC ----> # 38 340 # 58 180
================================================================================
NOTES:
# LAST OF SEVERAL OCCURRENCES
COLUMN 17 PEAK WIND IN M.P.H.
PRELIMINARY LOCAL CLIMATOLOGICAL DATA (WS FORM: F-6) , PAGE 2
STATION: NEW BERN NC
MONTH: AUGUST
YEAR: 2020
LATITUDE: 35 4 N
LONGITUDE: 77 3 W
[TEMPERATURE DATA] [PRECIPITATION DATA] SYMBOLS USED IN COLUMN 16
AVERAGE MONTHLY: 80.3 TOTAL FOR MONTH: 7.75 1 = FOG OR MIST
DPTR FM NORMAL: 1.2 DPTR FM NORMAL: 1.10 2 = FOG REDUCING VISIBILITY
HIGHEST: 93 ON 27, 1 GRTST 24HR 3.04 ON 1- 1 TO 1/4 MILE OR LESS
LOWEST: 69 ON 20,19 3 = THUNDER
SNOW, ICE PELLETS, HAIL 4 = ICE PELLETS
TOTAL MONTH: 0.0 INCH 5 = HAIL
GRTST 24HR 0.0 6 = FREEZING RAIN OR DRIZZLE
GRTST DEPTH: 0 7 = DUSTSTORM OR SANDSTORM:
VSBY 1/2 MILE OR LESS
8 = SMOKE OR HAZE
[NO. OF DAYS WITH] [WEATHER - DAYS WITH] 9 = BLOWING SNOW
X = TORNADO
MAX 32 OR BELOW: 0 0.01 INCH OR MORE: 18
MAX 90 OR ABOVE: 10 0.10 INCH OR MORE: 10
MIN 32 OR BELOW: 0 0.50 INCH OR MORE: 5
MIN 0 OR BELOW: 0 1.00 INCH OR MORE: 1
[HDD (BASE 65) ]
TOTAL THIS MO. 0 CLEAR (SCALE 0-3) 24
DPTR FM NORMAL 0 PTCLDY (SCALE 4-7) 7
TOTAL FM JUL 1 0 CLOUDY (SCALE 8-10) 0
DPTR FM NORMAL 0
[CDD (BASE 65) ]
TOTAL THIS MO. 483
DPTR FM NORMAL 44 [PRESSURE DATA]
TOTAL FM JAN 1 1572 HIGHEST SLP 30.19 ON 24
DPTR FM NORMAL 43 LOWEST SLP 29.62 ON 4
[REMARKS]
#FINAL-08-20#