000
CXUS56 KHNX 011148
CF6FAT
PRELIMINARY LOCAL CLIMATOLOGICAL DATA (WS FORM: F-6)
STATION: FRESNO CA
MONTH: AUGUST
YEAR: 2023
LATITUDE: 36 46 N
LONGITUDE: 119 43 W
TEMPERATURE IN F: :PCPN: SNOW: WIND :SUNSHINE: SKY :PK WND
================================================================================
1 2 3 4 5 6A 6B 7 8 9 10 11 12 13 14 15 16 17 18
12Z AVG MX 2MIN
DY MAX MIN AVG DEP HDD CDD WTR SNW DPTH SPD SPD DIR MIN PSBL S-S WX SPD DR
================================================================================
1 100 72 86 2 0 21 0.00 0.0 0 6.9 16 300 M M 6 24 360
2 93 65 79 -5 0 14 0.00 0.0 0 7.6 18 300 M M 4 22 310
3 91 63 77 -7 0 12 0.00 0.0 0 8.1 15 300 M M 1 19 250
4 93 63 78 -6 0 13 0.00 0.0 0 7.2 13 290 M M 3 8 18 290
5 97 69 83 0 0 18 0.00 0.0 0 7.3 17 280 M M 2 23 290
6 100 72 86 3 0 21 0.00 0.0 0 5.7 15 280 M M 1 19 300
7 104 75 90 7 0 25 0.00 0.0 0 5.5 13 320 M M 2 16 330
8 100 71 86 3 0 21 0.00 0.0 0 5.9 16 320 M M 0 20 310
9 96 67 82 -1 0 17 0.00 0.0 0 6.0 14 310 M M 2 8 17 320
10 94 66 80 -3 0 15 0.00 0.0 0 7.2 20 170 M M 7 23 160
11 93 72 83 0 0 18 T 0.0 0 6.1 13 340 M M 6 15 290
12 98 69 84 1 0 19 0.00 0.0 0 6.7 17 310 M M 5 3 20 310
13 97 75 86 3 0 21 0.00 0.0 0 5.7 16 310 M M 6 19 310
14 106 78 92 10 0 27 0.00 0.0 0 6.7 15 300 M M 4 19 300
15 108 76 92 10 0 27 0.00 0.0 0 5.9 15 140 M M 4 19 240
16 106 78 92 10 0 27 0.00 0.0 0 5.9 16 160 M M 6 20 160
17 106 77 92 10 0 27 0.00 0.0 0 6.1 16 300 M M 4 8 19 290
18 101 76 89 7 0 24 0.00 0.0 0 6.8 15 310 M M 2 20 300
19 98 71 85 3 0 20 0.03 0.0 0 6.7 38 160 M M 6 38 49 160
20 78 70 74 -8 0 9 0.12 0.0 0 6.7 17 150 M M 9 1 28 250
21 89 68 79 -3 0 14 0.03 0.0 0 9.1 20 310 M M 7 13 23 340
22 92 67 80 -2 0 15 0.01 0.0 0 5.5 13 320 M M 3 15 310
23 98 69 84 2 0 19 0.00 0.0 0 5.0 13 270 M M 1 16 280
24 100 72 86 5 0 21 0.00 0.0 0 6.7 17 310 M M 4 8 22 320
25 95 68 82 1 0 17 0.00 0.0 0 7.7 15 310 M M 1 19 310
26 96 67 82 1 0 17 0.00 0.0 0 6.9 16 310 M M 1 19 300
27 97 66 82 1 0 17 0.00 0.0 0 7.7 16 310 M M 1 22 310
28 99 68 84 3 0 19 0.00 0.0 0 6.1 15 310 M M 0 18 320
29 99 69 84 3 0 19 0.00 0.0 0 7.5 17 290 M M 0 22 300
30 98 67 83 2 0 18 0.00 0.0 0 4.1 10 170 M M 0 12 170
31 100 70 85 5 0 20 0.00 0.0 0 6.6 15 180 M M 2 8 20 180
================================================================================
SM 3022 2176 0 592 0.19 0.0 203.6 M 100
================================================================================
AV 97.5 70.2 6.6 FASTST M M 3 MAX(MPH)
MISC ----> 38 160 49 160
================================================================================
NOTES:
# LAST OF SEVERAL OCCURRENCES
COLUMN 17 PEAK WIND IN M.P.H.
PRELIMINARY LOCAL CLIMATOLOGICAL DATA (WS FORM: F-6) , PAGE 2
STATION: FRESNO CA
MONTH: AUGUST
YEAR: 2023
LATITUDE: 36 46 N
LONGITUDE: 119 43 W
[TEMPERATURE DATA] [PRECIPITATION DATA] SYMBOLS USED IN COLUMN 16
AVERAGE MONTHLY: 83.8 TOTAL FOR MONTH: 0.19 1 = FOG OR MIST
DPTR FM NORMAL: 1.6 DPTR FM NORMAL: 0.19 2 = FOG REDUCING VISIBILITY
HIGHEST: 108 ON 15 GRTST 24HR 0.14 ON 20-21 TO 1/4 MILE OR LESS
LOWEST: 63 ON 4, 3 3 = THUNDER
SNOW, ICE PELLETS, HAIL 4 = ICE PELLETS
TOTAL MONTH: 0.0 INCH 5 = HAIL
GRTST 24HR 0.0 6 = FREEZING RAIN OR DRIZZLE
GRTST DEPTH: 0 7 = DUSTSTORM OR SANDSTORM:
VSBY 1/2 MILE OR LESS
8 = SMOKE OR HAZE
[NO. OF DAYS WITH] [WEATHER - DAYS WITH] 9 = BLOWING SNOW
X = TORNADO
MAX 32 OR BELOW: 0 0.01 INCH OR MORE: 4
MAX 90 OR ABOVE: 29 0.10 INCH OR MORE: 1
MIN 32 OR BELOW: 0 0.50 INCH OR MORE: 0
MIN 0 OR BELOW: 0 1.00 INCH OR MORE: 0
[HDD (BASE 65) ]
TOTAL THIS MO. 0 CLEAR (SCALE 0-3) 16
DPTR FM NORMAL 0 PTCLDY (SCALE 4-7) 14
TOTAL FM JUL 1 0 CLOUDY (SCALE 8-10) 1
DPTR FM NORMAL 0
[CDD (BASE 65) ]
TOTAL THIS MO. 592
DPTR FM NORMAL 59 [PRESSURE DATA]
TOTAL FM JAN 1 1887 HIGHEST SLP 30.05 ON 3
DPTR FM NORMAL 154 LOWEST SLP 29.56 ON 20
[REMARKS]
#FINAL-08-23#