354
CXUS52 KRAH 010845
CF6FAY
PRELIMINARY LOCAL CLIMATOLOGICAL DATA (WS FORM: F-6)
STATION: FAYETTEVILLE REGL AIRPORT NC
MONTH: SEPTEMBER
YEAR: 2020
LATITUDE: 35 0 N
LONGITUDE: 78 53 W
TEMPERATURE IN F: :PCPN: SNOW: WIND :SUNSHINE: SKY :PK WND
================================================================================
1 2 3 4 5 6A 6B 7 8 9 10 11 12 13 14 15 16 17 18
12Z AVG MX 2MIN
DY MAX MIN AVG DEP HDD CDD WTR SNW DPTH SPD SPD DIR MIN PSBL S-S WX SPD DR
================================================================================
1 92 77 85 7 0 20 0.00 M M 4.7 10 20 M M 6 13 14 20
2 97 75 86 9 0 21 0.01 M M 6.5 15 220 M M 2 18 21 230
3 97 77 87 10 0 22 0.00 M M 9.4 20 220 M M 0 1 24 210
4 97 75 86 9 0 21 0.00 M M 6.0 14 310 M M 1 17 320
5 85 72 79 2 0 14 T M M 9.0 21 20 M M 5 26 30
6 86 64 75 -2 0 10 0.00 M M 7.1 16 20 M M 1 21 30
7 86 60 73 -3 0 8 0.00 M M 6.2 13 20 M M 0 17 360
8 88 63 76 0 0 11 T M M 7.7 15 20 M M 3 20 10
9 85 74 80 4 0 15 0.13 M M 7.7 14 10 M M 9 1 16 20
10 90 75 83 7 0 18 0.00 M M 3.9 10 10 M M 6 1 12 10
11 94 72 83 8 0 18 0.45 M M 3.5 17 90 M M 3 13 20 100
12 82 72 77 2 0 12 0.01 M M 7.4 14 30 M M 10 1 20 70
13 85 67 76 1 0 11 0.00 M M 5.8 14 30 M M 3 19 20
14 88 70 79 5 0 14 0.00 M M 7.5 18 20 M M 3 23 20
15 80 60 70 -4 0 5 0.00 M M 9.6 18 10 M M 1 24 20
16 80 59 70 -4 0 5 0.01 M M 8.4 14 20 M M 6 1 18 10
17 75 70 73 -1 0 8 1.60 M M 6.0 14 100 M M 10 1 22 100
18 77 66 72 -1 0 7 0.10 M M 11.4 24 10 M M 6 1 31 10
19 67 56 62 -11 3 0 0.00 M M 12.7 23 20 M M 0 27 20
20 74 53 64 -9 1 0 0.00 M M 13.1 23 30 M M 2 30 20
21 71 51 61 -11 4 0 0.00 0.0 0 10.7 21 20 M M 3 26 20
22 73 49 61 -11 4 0 0.00 M M 5.6 12 360 M M 0 15 350
23 78 50 64 -7 1 0 0.00 M M 4.6 13 230 M M 0 20 230
24 78 61 70 -1 0 5 T M M 3.1 9 180 M M 4 13 210
25 72 64 68 -3 0 3 1.29 M M 5.3 16 360 M M 10 123 18 350
26 81 65 73 3 0 8 T M M 5.0 14 10 M M 8 1 17 10
27 76 66 71 1 0 6 0.05 M M 3.1 7 220 M M 7 1 9 10
28 81 63 72 2 0 7 0.09 M M 5.0 13 180 M M 7 12 16 180
29 85 62 74 5 0 9 1.53 M M 7.4 28 310 M M 9 1 33 330
30 74 57 66 -3 0 1 T M M 6.7 16 250 M M 1 20 250
================================================================================
SM 2474 1945 13 279 5.27 0.0 210.1 M 126
================================================================================
AV 82.5 64.8 7.0 FASTST M M 4 MAX(MPH)
MISC ----> 28 310 33 330
================================================================================
NOTES:
# LAST OF SEVERAL OCCURRENCES
COLUMN 17 PEAK WIND IN M.P.H.
PRELIMINARY LOCAL CLIMATOLOGICAL DATA (WS FORM: F-6) , PAGE 2
STATION: FAYETTEVILLE REGL AIRPORT NC
MONTH: SEPTEMBER
YEAR: 2020
LATITUDE: 35 0 N
LONGITUDE: 78 53 W
[TEMPERATURE DATA] [PRECIPITATION DATA] SYMBOLS USED IN COLUMN 16
AVERAGE MONTHLY: 73.7 TOTAL FOR MONTH: 5.27 1 = FOG OR MIST
DPTR FM NORMAL: 0.1 DPTR FM NORMAL: 0.87 2 = FOG REDUCING VISIBILITY
HIGHEST: 97 ON 4, 3 GRTST 24HR 1.60 ON 17-17 TO 1/4 MILE OR LESS
LOWEST: 49 ON 22 3 = THUNDER
SNOW, ICE PELLETS, HAIL 4 = ICE PELLETS
TOTAL MONTH: 0.0 INCH 5 = HAIL
GRTST 24HR 0.0 6 = FREEZING RAIN OR DRIZZLE
GRTST DEPTH: 0 7 = DUSTSTORM OR SANDSTORM:
VSBY 1/2 MILE OR LESS
8 = SMOKE OR HAZE
[NO. OF DAYS WITH] [WEATHER - DAYS WITH] 9 = BLOWING SNOW
X = TORNADO
MAX 32 OR BELOW: 0 0.01 INCH OR MORE: 11
MAX 90 OR ABOVE: 6 0.10 INCH OR MORE: 6
MIN 32 OR BELOW: 0 0.50 INCH OR MORE: 3
MIN 0 OR BELOW: 0 1.00 INCH OR MORE: 3
[HDD (BASE 65) ]
TOTAL THIS MO. 13 CLEAR (SCALE 0-3) 15
DPTR FM NORMAL 4 PTCLDY (SCALE 4-7) 10
TOTAL FM JUL 1 13 CLOUDY (SCALE 8-10) 5
DPTR FM NORMAL 5
[CDD (BASE 65) ]
TOTAL THIS MO. 279
DPTR FM NORMAL 11 [PRESSURE DATA]
TOTAL FM JAN 1 2024 HIGHEST SLP 30.42 ON 21
DPTR FM NORMAL 116 LOWEST SLP 29.64 ON 29
[REMARKS]
#FINAL-09-20#