000
CXUS54 KOUN 010810
CF6FDR
PRELIMINARY LOCAL CLIMATOLOGICAL DATA (WS FORM: F-6)
STATION: FREDERICK MUNICIPAL
MONTH: MAY
YEAR: 2023
LATITUDE: 34 21 N
LONGITUDE: 98 59 W
TEMPERATURE IN F: :PCPN: SNOW: WIND :SUNSHINE: SKY :PK WND
================================================================================
1 2 3 4 5 6A 6B 7 8 9 10 11 12 13 14 15 16 17 18
12Z AVG MX 2MIN
DY MAX MIN AVG DEP HDD CDD WTR SNW DPTH SPD SPD DIR MIN PSBL S-S WX SPD DR
================================================================================
1 75 47 61 -6 4 0 0.00 0.0 M 8.4 13 110 M M 0 20 70
2 81 49 65 -2 0 0 0.00 0.0 M 10.3 17 100 M M 2 24 100
3 74 54 64 -3 1 0 0.66 0.0 M 11.9 22 90 M M 6 13 27 100
4 79 57 68 0 0 3 0.05 M M 8.4 15 160 M M 3 13 26 300
5 96 56 76 8 0 11 0.00 M M 10.3 25 220 M M 1 12 31 220
6 97 62 80 12 0 15 0.10 M M 10.9 33 210 M M 0 138 53 220
7 90 61 76 7 0 11 0.00 M M 10.5 26 180 M M 3 18 35 180
8 88 60 74 5 0 9 0.00 M M 7.7 15 160 M M 0 20 120
9 89 66 78 8 0 13 0.00 M M 10.7 21 150 M M 1 1 26 150
10 84 65 75 5 0 10 0.00 M M 11.2 18 120 M M 0 1 25 160
11 86 60 73 3 0 8 1.18 M M 10.4 21 120 M M 5 13 27 120
12 93 65 79 8 0 14 0.06 M M 10.4 31 200 M M 2 138 39 200
13 79 63 71 0 0 6 0.28 M M 7.3 22 40 M M 8 1 27 50
14 78 65 72 0 0 7 0.10 M M 6.1 13 190 M M 9 1 16 80
15 79 64 72 0 0 7 0.00 M M 9.6 18 10 M M 6 1 29 220
16 81 59 70 -2 0 5 0.00 M M 7.8 16 330 M M 2 22 350
17 85 58 72 -1 0 7 0.00 M M 8.8 15 110 M M 1 21 110
18 82 63 73 0 0 8 0.13 M M 11.5 22 110 M M 3 13 25 110
19 85 59 72 -2 0 7 0.03 M M 12.4 30 360 M M 5 18 39 350
20 79 54 67 -7 0 2 0.00 M M 8.2 18 30 M M 0 18 23 20
21 80 57 69 -5 0 4 0.00 M M 7.1 14 130 M M 0 30 90
22 84 55 70 -5 0 5 0.04 M M 8.9 29 140 M M 2 3 37 130
23 87 61 74 -1 0 9 T M M 9.6 18 120 M M 2 138 23 120
24 85 63 74 -1 0 9 M 0.0 0 5.3 15 120 M M 3 3 18 130
25 80 65 73 -3 0 8 0.50 M M 10.7 21 110 M M 3 13 26 190
26 80 63 72 -4 0 7 T M M 7.4 17 260 M M 4 1 20 260
27 82 63 73 -3 0 8 0.00 0.0 0 7.9 20 170 M M 2 1 25 160
28 81 63 72 -5 0 7 0.42 M M 9.2 20 100 M M 3 138 24 100
29 88 65 77 0 0 12 T M M 5.7 18 80 M M 1 1 22 90
30 90 63 77 0 0 12 0.00 M M 8.1 16 140 M M 1 18 21 160
31 92 67 80 2 0 15 0.00 M M 9.3 21 150 M M 1 8 26 160
================================================================================
SM 2609 1872 5 239 3.55 0.0 282.0 M 79
================================================================================
AV 84.2 60.4 9.1 FASTST M M 3 MAX(MPH)
MISC ----> 33 210 53 220
================================================================================
NOTES:
# LAST OF SEVERAL OCCURRENCES
COLUMN 17 PEAK WIND IN M.P.H.
PRELIMINARY LOCAL CLIMATOLOGICAL DATA (WS FORM: F-6) , PAGE 2
STATION: FREDERICK MUNICIPAL
MONTH: MAY
YEAR: 2023
LATITUDE: 34 21 N
LONGITUDE: 98 59 W
[TEMPERATURE DATA] [PRECIPITATION DATA] SYMBOLS USED IN COLUMN 16
AVERAGE MONTHLY: 72.3 TOTAL FOR MONTH: 3.55 1 = FOG OR MIST
DPTR FM NORMAL: -0.1 DPTR FM NORMAL: M 2 = FOG REDUCING VISIBILITY
HIGHEST: 97 ON 6 GRTST 24HR 1.18 ON 11-11 TO 1/4 MILE OR LESS
LOWEST: 47 ON 1 3 = THUNDER
SNOW, ICE PELLETS, HAIL 4 = ICE PELLETS
TOTAL MONTH: 0.0 INCH 5 = HAIL
GRTST 24HR 0.0 6 = FREEZING RAIN OR DRIZZLE
GRTST DEPTH: 0 7 = DUSTSTORM OR SANDSTORM:
VSBY 1/2 MILE OR LESS
8 = SMOKE OR HAZE
[NO. OF DAYS WITH] [WEATHER - DAYS WITH] 9 = BLOWING SNOW
X = TORNADO
MAX 32 OR BELOW: 0 0.01 INCH OR MORE: 12
MAX 90 OR ABOVE: 6 0.10 INCH OR MORE: 8
MIN 32 OR BELOW: 0 0.50 INCH OR MORE: 3
MIN 0 OR BELOW: 0 1.00 INCH OR MORE: 1
[HDD (BASE 65) ]
TOTAL THIS MO. 5 CLEAR (SCALE 0-3) 20
DPTR FM NORMAL -19 PTCLDY (SCALE 4-7) 10
TOTAL FM JUL 1 2792 CLOUDY (SCALE 8-10) 1
DPTR FM NORMAL -183
[CDD (BASE 65) ]
TOTAL THIS MO. 239
DPTR FM NORMAL -13 [PRESSURE DATA]
TOTAL FM JAN 1 280 HIGHEST SLP M ON M
DPTR FM NORMAL -59 LOWEST SLP 29.61 ON 11
[REMARKS]
#FINAL-05-23#