000
CXUS54 KOUN 010810
CF6FDR
PRELIMINARY LOCAL CLIMATOLOGICAL DATA (WS FORM: F-6)
STATION: FREDERICK MUNICIPAL
MONTH: MARCH
YEAR: 2022
LATITUDE: 34 21 N
LONGITUDE: 98 59 W
TEMPERATURE IN F: :PCPN: SNOW: WIND :SUNSHINE: SKY :PK WND
================================================================================
1 2 3 4 5 6A 6B 7 8 9 10 11 12 13 14 15 16 17 18
12Z AVG MX 2MIN
DY MAX MIN AVG DEP HDD CDD WTR SNW DPTH SPD SPD DIR MIN PSBL S-S WX SPD DR
================================================================================
1 75 32 54 5 11 0 0.00 0.0 0 5.2 13 200 M M 0 19 190
2 78 33 56 6 9 0 0.00 0.0 0 6.1 14 210 M M 0 18 180
3 81 39 60 10 5 0 0.00 M M 6.9 15 180 M M 0 20 170
4 79 46 63 13 2 0 0.00 M M 15.8 29 170 M M 1 35 170
5 83 48 66 15 0 1 0.00 M M 15.4 30 230 M M 0 38 270
6 56 30 43 -8 22 0 0.02 M M 15.7 25 10 M M 7 18 30 360
7 47 26 37 -14 28 0 0.00 0.0 M 14.3 25 350 M M 0 33 340
8 49 30 40 -12 25 0 0.00 0.0 M 4.3 14 30 M M 2 16 20
9 59 25 42 -10 23 0 0.00 0.0 M 8.3 17 150 M M 0 21 130
10 55 29 42 -10 23 0 0.00 M M 16.2 30 10 M M 0 36 10
11 41 23 32 -21 33 0 0.00 M M 18.0 32 10 M M 6 8 38 360
12 60 19 40 -13 25 0 0.00 M M 12.1 24 210 M M 0 32 210
13 72 28 50 -4 15 0 0.00 M M 17.5 31 180 M M 0 37 200
14 70 41 56 2 9 0 0.00 0.0 0 14.1 23 320 M M 1 29 340
15 71 42 57 3 8 0 0.00 0.0 0 12.8 22 350 M M 0 31 350
16 85 36 61 7 4 0 0.00 M M 13.4 26 190 M M 0 8 38 180
17 82 45 64 9 1 0 0.00 M M 18.1 37 310 M M 1 8 46 310
18 66 41 54 -1 11 0 0.00 M M 18.6 36 330 M M 4 41 320
19 77 37 57 1 8 0 0.00 M M 8.2 18 250 M M 0 24 270
20 84 45 65 9 0 0 0.00 M M 19.2 36 180 M M 0 43 160
21 62 46 54 -2 11 0 0.24 M M 13.5 24 140 M M 7 123 28 280
22 50 40 45 -11 20 0 0.00 M M 20.3 36 340 M M 8 42 340
23 60 36 48 -9 17 0 T M M 15.4 33 310 M M 2 41 320
24 71 31 51 -6 14 0 M M M 9.6 24 300 M M 0 31 310
25 82 38 60 3 5 0 0.00 M M 9.3 22 60 M M 0 26 60
26 77 41 59 1 6 0 0.00 M M 10.4 18 90 M M 0 22 90
27 87 45 66 8 0 1 0.00 M M 11.7 21 80 M M 0 25 80
28 91 44 68 10 0 3 0.00 M M 15.3 28 160 M M 0 32 150
29 88 63 76 18 0 11 0.26 M M 22.1 38 170 M M 1 3 57 190
30 64 46 55 -4 10 0 T M M 16.1 39 350 M M 4 45 350
31 71 38 55 -4 10 0 T M M 11.3 24 290 M M 2 32 300
================================================================================
SM 2173 1163 355 16 0.52 0.0 415.2 M 46
================================================================================
AV 70.1 37.5 13.4 FASTST M M 1 MAX(MPH)
MISC ----> 39 350 57 190
================================================================================
NOTES:
# LAST OF SEVERAL OCCURRENCES
COLUMN 17 PEAK WIND IN M.P.H.
PRELIMINARY LOCAL CLIMATOLOGICAL DATA (WS FORM: F-6) , PAGE 2
STATION: FREDERICK MUNICIPAL
MONTH: MARCH
YEAR: 2022
LATITUDE: 34 21 N
LONGITUDE: 98 59 W
[TEMPERATURE DATA] [PRECIPITATION DATA] SYMBOLS USED IN COLUMN 16
AVERAGE MONTHLY: 53.8 TOTAL FOR MONTH: 0.52 1 = FOG OR MIST
DPTR FM NORMAL: -0.5 DPTR FM NORMAL: M 2 = FOG REDUCING VISIBILITY
HIGHEST: 91 ON 28 GRTST 24HR 0.26 ON 29-29 TO 1/4 MILE OR LESS
LOWEST: 19 ON 12 3 = THUNDER
SNOW, ICE PELLETS, HAIL 4 = ICE PELLETS
TOTAL MONTH: 0.0 INCH 5 = HAIL
GRTST 24HR 0.0 6 = FREEZING RAIN OR DRIZZLE
GRTST DEPTH: 0 7 = DUSTSTORM OR SANDSTORM:
VSBY 1/2 MILE OR LESS
8 = SMOKE OR HAZE
[NO. OF DAYS WITH] [WEATHER - DAYS WITH] 9 = BLOWING SNOW
X = TORNADO
MAX 32 OR BELOW: 0 0.01 INCH OR MORE: 3
MAX 90 OR ABOVE: 1 0.10 INCH OR MORE: 2
MIN 32 OR BELOW: 10 0.50 INCH OR MORE: 0
MIN 0 OR BELOW: 0 1.00 INCH OR MORE: 0
[HDD (BASE 65) ]
TOTAL THIS MO. 355 CLEAR (SCALE 0-3) 25
DPTR FM NORMAL 6 PTCLDY (SCALE 4-7) 6
TOTAL FM JUL 1 2447 CLOUDY (SCALE 8-10) 0
DPTR FM NORMAL -363
[CDD (BASE 65) ]
TOTAL THIS MO. 16
DPTR FM NORMAL -3 [PRESSURE DATA]
TOTAL FM JAN 1 17 HIGHEST SLP M ON M
DPTR FM NORMAL -4 LOWEST SLP 29.29 ON 29
[REMARKS]
#FINAL-03-22#