000
CXUS54 KOUN 010910
CF6FDR
PRELIMINARY LOCAL CLIMATOLOGICAL DATA (WS FORM: F-6)
STATION: FREDERICK MUNICIPAL
MONTH: NOVEMBER
YEAR: 2020
LATITUDE: 34 21 N
LONGITUDE: 98 59 W
TEMPERATURE IN F: :PCPN: SNOW: WIND :SUNSHINE: SKY :PK WND
================================================================================
1 2 3 4 5 6A 6B 7 8 9 10 11 12 13 14 15 16 17 18
12Z AVG MX 2MIN
DY MAX MIN AVG DEP HDD CDD WTR SNW DPTH SPD SPD DIR MIN PSBL S-S WX SPD DR
================================================================================
1 69 46 58 0 7 0 0.00 M M 8.5 15 20 M M M 18 360
2 71 40 56 -2 9 0 0.00 M M 7.2 15 200 M M 0 8 19 210
3 75 42 59 1 6 0 0.00 M M 9.8 21 210 M M 0 25 220
4 77 45 61 4 4 0 0.00 0.0 0 11.4 23 190 M M 0 28 160
5 78 47 63 6 2 0 0.00 M M 6.6 12 110 M M 0 8 17 20
6 76 52 64 8 1 0 0.00 M M 7.2 13 140 M M 4 128 17 140
7 M M M M M M M M M M M M M M 1 1 M M
8 M M M M M M M M M M M M M M M M M
9 76 M M M M M M M M 14.9 22 150 M M 3 28 150
10 66 43 55 1 10 0 0.04 M M 10.0 21 320 M M 2 1 26 320
11 71 36 54 0 11 0 0.00 M M 7.4 15 160 M M 0 19 170
12 74 45 60 6 5 0 T M M 9.5 22 360 M M 0 28 10
13 54 37 46 -7 19 0 T M M 5.8 13 350 M M 6 17 40
14 84 50 67 14 0 2 T M M 15.4 35 360 M M 5 45 360
15 62 40 51 -1 14 0 T M M 8.8 25 350 M M 0 32 340
16 72 37 55 3 10 0 0.00 M M 7.3 14 190 M M 0 19 170
17 74 41 58 7 7 0 0.00 M M 9.1 17 160 M M 0 27 170
18 76 39 58 7 7 0 0.00 M M 12.9 26 190 M M 0 34 190
19 79 49 64 13 1 0 0.00 M M 14.3 28 190 M M 0 35 180
20 75 51 63 13 2 0 0.00 M M 8.2 16 180 M M 2 8 20 230
21 69 53 61 11 4 0 0.00 M M 8.3 16 20 M M 6 21 20
22 53 41 47 -2 18 0 0.04 M M 11.9 22 10 M M 9 1 27 20
23 57 39 48 -1 17 0 0.00 M M 7.7 16 150 M M 7 21 150
24 80 45 63 15 2 0 0.04 M M 18.3 33 310 M M 6 13 44 310
25 62 36 49 1 16 0 0.00 M M 8.5 20 300 M M 0 25 300
26 75 34 55 7 10 0 0.00 M M 10.7 18 220 M M 0 24 210
27 62 40 51 4 14 0 0.00 M M 12.8 23 360 M M 1 27 360
28 48 38 43 -4 22 0 0.12 M M 8.0 14 350 M M 7 1 17 350
29 56 37 47 1 18 0 0.04 M M 12.1 30 350 M M 7 36 350
30 51 26 39 -7 26 0 0.00 M M 10.0 15 350 M M 0 19 350
================================================================================
SM 1922 1129 262 2 0.28 0.0 282.6 M 66
================================================================================
AV 68.6 41.8 10.1 FASTST M M 2 MAX(MPH)
MISC ----> 35 360 45 360
================================================================================
NOTES:
# LAST OF SEVERAL OCCURRENCES
COLUMN 17 PEAK WIND IN M.P.H.
PRELIMINARY LOCAL CLIMATOLOGICAL DATA (WS FORM: F-6) , PAGE 2
STATION: FREDERICK MUNICIPAL
MONTH: NOVEMBER
YEAR: 2020
LATITUDE: 34 21 N
LONGITUDE: 98 59 W
[TEMPERATURE DATA] [PRECIPITATION DATA] SYMBOLS USED IN COLUMN 16
AVERAGE MONTHLY: 55.2 TOTAL FOR MONTH: 0.28 1 = FOG OR MIST
DPTR FM NORMAL: 3.0 DPTR FM NORMAL: -1.16 2 = FOG REDUCING VISIBILITY
HIGHEST: 84 ON 14 GRTST 24HR 0.16 ON 28-29 TO 1/4 MILE OR LESS
LOWEST: 26 ON 30 3 = THUNDER
SNOW, ICE PELLETS, HAIL 4 = ICE PELLETS
TOTAL MONTH: 0.0 INCH 5 = HAIL
GRTST 24HR 0.0 6 = FREEZING RAIN OR DRIZZLE
GRTST DEPTH: 0 7 = DUSTSTORM OR SANDSTORM:
VSBY 1/2 MILE OR LESS
8 = SMOKE OR HAZE
[NO. OF DAYS WITH] [WEATHER - DAYS WITH] 9 = BLOWING SNOW
X = TORNADO
MAX 32 OR BELOW: 0 0.01 INCH OR MORE: 5
MAX 90 OR ABOVE: 0 0.10 INCH OR MORE: 1
MIN 32 OR BELOW: 1 0.50 INCH OR MORE: 0
MIN 0 OR BELOW: 0 1.00 INCH OR MORE: 0
[HDD (BASE 65) ]
TOTAL THIS MO. 262 CLEAR (SCALE 0-3) 19
DPTR FM NORMAL -131 PTCLDY (SCALE 4-7) 8
TOTAL FM JUL 1 387 CLOUDY (SCALE 8-10) 3
DPTR FM NORMAL -127
[CDD (BASE 65) ]
TOTAL THIS MO. 2
DPTR FM NORMAL -5 [PRESSURE DATA]
TOTAL FM JAN 1 2478 HIGHEST SLP 30.49 ON 30
DPTR FM NORMAL 79 LOWEST SLP 29.54 ON 24
[REMARKS]
#FINAL-11-20#