000
CXUS53 KFGF 010815
CF6FGF
PRELIMINARY LOCAL CLIMATOLOGICAL DATA (WS FORM: F-6)
STATION: GRAND FORKS UNIV. (NWS) ND
MONTH: SEPTEMBER
YEAR: 2023
LATITUDE: 47 55 N
LONGITUDE: 97 6 W
TEMPERATURE IN F: :PCPN: SNOW: WIND :SUNSHINE: SKY :PK WND
================================================================================
1 2 3 4 5 6A 6B 7 8 9 10 11 12 13 14 15 16 17 18
12Z AVG MX 2MIN
DY MAX MIN AVG DEP HDD CDD WTR SNW DPTH SPD SPD DIR MIN PSBL S-S WX SPD DR
================================================================================
1 90 62 76 12 0 11 0.00 0.0 0 M M M M M M M M
2 95 60 78 14 0 13 0.00 0.0 0 M M M M M M 8 M M
3 90 65 78 14 0 13 0.00 0.0 0 M M M M M M M M
4 94 65 80 17 0 15 0.64 0.0 0 M M M M M M M M
5 66 56 61 -2 4 0 0.38 0.0 0 M M M M M M M M
6 68 48 58 -4 7 0 0.00 0.0 0 M M M M M M M M
7 74 46 60 -2 5 0 0.00 0.0 0 M M M M M 0 M M
8 76 53 65 3 0 0 0.00 0.0 0 M M M M M M M M
9 75 49 62 1 3 0 0.00 0.0 0 M M M M M M M M
10 76 45 61 0 4 0 T 0.0 0 M M M M M M M M
11 67 49 58 -3 7 0 0.03 0.0 0 M M M M M M M M
12 65 40 53 -7 12 0 0.00 0.0 0 M M M M M M M M
13 72 43 58 -2 7 0 0.00 0.0 0 M M M M M M M M
14 80 56 68 9 0 3 T 0.0 0 M M M M M M M M
15 70 51 61 2 4 0 T 0.0 0 M M M M M M M M
16 63 49 56 -2 9 0 0.00 0.0 0 M M M M M M M M
17 71 41 56 -2 9 0 0.00 0.0 0 M M M M M M M M
18 82 51 67 9 0 2 0.00 0.0 0 M M M M M M M M
19 89 56 73 16 0 8 0.00 0.0 0 M M M M M M M M
20 78 51 65 8 0 0 0.00 0.0 0 M M M M M M M M
21 68 57 63 7 2 0 0.32 0.0 0 M M M M M M M M
22 76 56 66 10 0 1 0.10 0.0 0 M M M M M M M M
23 71 61 66 10 0 1 0.37 0.0 0 M M M M M M M M
24 70 56 63 8 2 0 0.12 0.0 0 M M M M M M M M
25 66 53 60 6 5 0 0.00 0.0 0 M M M M M M M M
26 74 57 66 12 0 1 0.00 0.0 0 M M M M M M M M
27 70 53 62 8 3 0 0.00 0.0 0 M M M M M M M M
28 75 58 67 14 0 2 0.00 0.0 0 M M M M M M M M
29 75 51 63 10 2 0 0.04 0.0 0 M M M M M M M M
30 78 45 62 10 3 0 0.00 0.0 0 M M M M M M M M
================================================================================
SM 2264 1583 88 70 2.00 0.0 M M 0
================================================================================
AV 75.5 52.8 M FASTST M M 0 MAX(MPH)
MISC ----> M M M M
================================================================================
NOTES:
# LAST OF SEVERAL OCCURRENCES
COLUMN 17 PEAK WIND IN M.P.H.
PRELIMINARY LOCAL CLIMATOLOGICAL DATA (WS FORM: F-6) , PAGE 2
STATION: GRAND FORKS UNIV. (NWS) ND
MONTH: SEPTEMBER
YEAR: 2023
LATITUDE: 47 55 N
LONGITUDE: 97 6 W
[TEMPERATURE DATA] [PRECIPITATION DATA] SYMBOLS USED IN COLUMN 16
AVERAGE MONTHLY: 64.1 TOTAL FOR MONTH: 2.00 1 = FOG OR MIST
DPTR FM NORMAL: 5.6 DPTR FM NORMAL: -0.42 2 = FOG REDUCING VISIBILITY
HIGHEST: 95 ON 2 GRTST 24HR 0.64 ON 4- 4 TO 1/4 MILE OR LESS
LOWEST: 40 ON 12 3 = THUNDER
SNOW, ICE PELLETS, HAIL 4 = ICE PELLETS
TOTAL MONTH: 0.0 INCH 5 = HAIL
GRTST 24HR 0.0 6 = FREEZING RAIN OR DRIZZLE
GRTST DEPTH: 0 7 = DUSTSTORM OR SANDSTORM:
VSBY 1/2 MILE OR LESS
8 = SMOKE OR HAZE
[NO. OF DAYS WITH] [WEATHER - DAYS WITH] 9 = BLOWING SNOW
X = TORNADO
MAX 32 OR BELOW: 0 0.01 INCH OR MORE: 8
MAX 90 OR ABOVE: 4 0.10 INCH OR MORE: 6
MIN 32 OR BELOW: 0 0.50 INCH OR MORE: 1
MIN 0 OR BELOW: 0 1.00 INCH OR MORE: 0
[HDD (BASE 65) ]
TOTAL THIS MO. 88 CLEAR (SCALE 0-3) 1
DPTR FM NORMAL -137 PTCLDY (SCALE 4-7) 0
TOTAL FM JUL 1 135 CLOUDY (SCALE 8-10) 29
DPTR FM NORMAL -154
[CDD (BASE 65) ]
TOTAL THIS MO. 70
DPTR FM NORMAL 38 [PRESSURE DATA]
TOTAL FM JAN 1 655 HIGHEST SLP M ON M
DPTR FM NORMAL 226 LOWEST SLP M ON M
[REMARKS]
#FINAL-09-23#