000
CXUS56 KFGZ 021126
CF6FLG
PRELIMINARY LOCAL CLIMATOLOGICAL DATA (WS FORM: F-6)
STATION: FLAGSTAFF AZ AIRPORT
MONTH: APRIL
YEAR: 2023
LATITUDE: 35 7 N
LONGITUDE: 111 40 W
TEMPERATURE IN F: :PCPN: SNOW: WIND :SUNSHINE: SKY :PK WND
================================================================================
1 2 3 4 5 6A 6B 7 8 9 10 11 12 13 14 15 16 17 18
12Z AVG MX 2MIN
DY MAX MIN AVG DEP HDD CDD WTR SNW DPTH SPD SPD DIR MIN PSBL S-S WX SPD DR
================================================================================
1 55 19 37 -4 28 0 0.00 0.0 2 4.8 17 210 M M 0 21 210
2 56 25 41 0 24 0 0.00 0.0 1 12.5 30 230 M M 0 39 230
3 49 25 37 -4 28 0 0.01 0.5 T 23.6 44 210 M M 3 1 58 220
4 30 15 23 -19 42 0 0.01 T 1 10.1 25 240 M M 6 8 37 270
5 44 7 26 -16 39 0 0.00 0.0 0 4.4 17 240 M M 0 22 240
6 51 23 37 -5 28 0 0.00 0.0 0 7.7 18 90 M M 0 25 90
7 57 21 39 -3 26 0 0.00 0.0 0 5.1 23 220 M M 0 29 220
8 58 26 42 0 23 0 0.00 0.0 0 3.8 16 210 M M 0 20 210
9 65 27 46 4 19 0 0.00 0.0 0 5.2 17 50 M M 0 26 40
10 72 30 51 8 14 0 0.00 0.0 0 4.0 15 50 M M 0 22 60
11 73 31 52 9 13 0 0.00 0.0 0 6.2 24 220 M M 0 29 230
12 66 33 50 7 15 0 0.00 0.0 0 8.7 30 220 M M 0 39 230
13 57 31 44 1 21 0 0.00 0.0 0 13.3 33 220 M M 1 41 220
14 55 31 43 0 22 0 0.00 0.0 0 10.8 26 220 M M 4 32 210
15 60 22 41 -3 24 0 0.00 0.0 0 3.5 17 60 M M 0 24 60
16 65 25 45 1 20 0 0.00 0.0 0 4.9 18 220 M M 0 26 210
17 65 31 48 4 17 0 0.00 0.0 0 10.2 26 220 M M 0 35 220
18 61 40 51 7 14 0 0.00 0.0 0 16.3 30 220 M M 0 40 230
19 57 28 43 -1 22 0 0.00 0.0 0 15.9 32 220 M M 0 42 230
20 58 20 39 -5 26 0 0.00 0.0 0 4.6 16 250 M M 0 23 320
21 66 24 45 0 20 0 0.00 0.0 0 5.1 18 260 M M 0 24 250
22 62 33 48 3 17 0 0.00 0.0 0 4.3 16 60 M M 2 21 60
23 66 28 47 2 18 0 0.00 0.0 0 6.6 24 210 M M 2 31 210
24 66 36 51 6 14 0 0.01 0.0 0 8.4 28 210 M M 4 3 36 250
25 65 33 49 3 16 0 0.00 0.0 0 10.4 28 240 M M 1 38 250
26 64 30 47 1 18 0 0.00 0.0 0 10.3 23 40 M M 0 32 80
27 71 27 49 3 16 0 0.00 0.0 0 5.3 16 250 M M 0 24 240
28 68 32 50 4 15 0 0.00 0.0 0 11.1 28 50 M M 0 35 40
29 77 29 53 6 12 0 0.00 0.0 0 4.6 15 200 M M 0 20 190
30 76 32 54 7 11 0 0.00 0.0 0 6.1 21 210 M M 0 28 210
================================================================================
SM 1835 814 622 0 0.03 0.5 247.8 M 23
================================================================================
AV 61.2 27.1 8.3 FASTST M M 1 MAX(MPH)
MISC ----> 44 210 58 220
================================================================================
NOTES:
# LAST OF SEVERAL OCCURRENCES
COLUMN 17 PEAK WIND IN M.P.H.
PRELIMINARY LOCAL CLIMATOLOGICAL DATA (WS FORM: F-6) , PAGE 2
STATION: FLAGSTAFF AZ AIRPORT
MONTH: APRIL
YEAR: 2023
LATITUDE: 35 7 N
LONGITUDE: 111 40 W
[TEMPERATURE DATA] [PRECIPITATION DATA] SYMBOLS USED IN COLUMN 16
AVERAGE MONTHLY: 44.2 TOTAL FOR MONTH: 0.03 1 = FOG OR MIST
DPTR FM NORMAL: 0.5 DPTR FM NORMAL: -0.86 2 = FOG REDUCING VISIBILITY
HIGHEST: 77 ON 29 GRTST 24HR 0.02 ON 3- 4 TO 1/4 MILE OR LESS
LOWEST: 7 ON 5 3 = THUNDER
SNOW, ICE PELLETS, HAIL 4 = ICE PELLETS
TOTAL MONTH: 0.5 INCH 5 = HAIL
GRTST 24HR 0.5 ON 3- 3 6 = FREEZING RAIN OR DRIZZLE
GRTST DEPTH: 4 ON M 7 = DUSTSTORM OR SANDSTORM:
VSBY 1/2 MILE OR LESS
8 = SMOKE OR HAZE
[NO. OF DAYS WITH] [WEATHER - DAYS WITH] 9 = BLOWING SNOW
X = TORNADO
MAX 32 OR BELOW: 1 0.01 INCH OR MORE: 3
MAX 90 OR ABOVE: 0 0.10 INCH OR MORE: 0
MIN 32 OR BELOW: 25 0.50 INCH OR MORE: 0
MIN 0 OR BELOW: 0 1.00 INCH OR MORE: 0
[HDD (BASE 65) ]
TOTAL THIS MO. 622 CLEAR (SCALE 0-3) 27
DPTR FM NORMAL -17 PTCLDY (SCALE 4-7) 3
TOTAL FM JUL 1 6433 CLOUDY (SCALE 8-10) 0
DPTR FM NORMAL 259
[CDD (BASE 65) ]
TOTAL THIS MO. 0
DPTR FM NORMAL 0 [PRESSURE DATA]
TOTAL FM JAN 1 0 HIGHEST SLP 30.23 ON 21
DPTR FM NORMAL 0 LOWEST SLP 29.38 ON 3
[REMARKS]
#FINAL-04-23#