000
CXUS56 KFGZ 010910
CF6FLG
PRELIMINARY LOCAL CLIMATOLOGICAL DATA (WS FORM: F-6)
STATION: FLAGSTAFF AZ AIRPORT
MONTH: NOVEMBER
YEAR: 2022
LATITUDE: 35 7 N
LONGITUDE: 111 40 W
TEMPERATURE IN F: :PCPN: SNOW: WIND :SUNSHINE: SKY :PK WND
================================================================================
1 2 3 4 5 6A 6B 7 8 9 10 11 12 13 14 15 16 17 18
12Z AVG MX 2MIN
DY MAX MIN AVG DEP HDD CDD WTR SNW DPTH SPD SPD DIR MIN PSBL S-S WX SPD DR
================================================================================
1 59 28 44 2 21 0 0.00 0.0 0 8.1 24 220 M M 0 35 220
2 53 38 46 4 19 0 0.33 0.0 0 19.4 38 220 M M 5 138 48 220
3 40 25 33 -9 32 0 0.33 3.2 T 11.9 29 230 M M 9 128 39 230
4 45 13 29 -12 36 0 0.00 0.0 2 3.8 13 190 M M 0 17 190
5 60 27 44 3 21 0 0.00 0.0 0 5.5 17 210 M M 0 23 280
6 55 27 41 0 24 0 0.00 0.0 0 5.2 21 220 M M 0 8 26 230
7 56 27 42 2 23 0 0.00 0.0 0 8.9 30 210 M M 0 36 220
8 54 38 46 6 19 0 0.00 0.0 0 18.7 32 210 M M 0 50 210
9 43 23 33 -7 32 0 0.42 0.0 0 17.1 39 210 M M 6 1 52 200
10 45 15 30 -10 35 0 0.00 0.0 0 2.7 13 50 M M 0 16 70
11 41 17 29 -10 36 0 0.00 0.0 0 7.1 21 80 M M 0 28 60
12 49 16 33 -6 32 0 0.00 0.0 0 3.6 20 230 M M 0 25 210
13 43 25 34 -4 31 0 0.01 0.3 0 10.0 26 220 M M 2 18 35 230
14 47 14 31 -7 34 0 0.00 0.0 0 3.1 17 220 M M 0 21 220
15 41 14 28 -10 37 0 0.00 0.0 M 9.9 28 60 M M 0 37 60
16 38 23 31 -6 34 0 0.00 0.0 0 16.2 29 40 M M 0 40 60
17 51 9 30 -7 35 0 0.00 0.0 0 2.1 12 40 M M 0 15 120
18 47 18 33 -4 32 0 0.00 0.0 0 6.7 20 50 M M 2 26 40
19 44 27 36 0 29 0 0.00 0.0 0 11.4 22 40 M M 1 27 80
20 47 14 31 -5 34 0 0.00 0.0 0 3.7 14 90 M M 0 17 100
21 53 11 32 -4 33 0 0.00 0.0 0 2.3 12 60 M M 0 14 60
22 53 12 33 -2 32 0 0.00 0.0 0 2.1 10 70 M M 0 13 40
23 57 14 36 1 29 0 0.00 0.0 0 4.5 15 40 M M 0 22 300
24 41 27 34 -1 31 0 0.00 0.0 0 13.7 36 40 M M 0 52 30
25 50 19 35 1 30 0 0.00 0.0 0 6.2 18 70 M M 0 25 90
26 56 19 38 4 27 0 0.00 0.0 0 7.0 16 220 M M 0 22 220
27 54 19 37 3 28 0 0.00 0.0 0 5.2 17 220 M M 0 21 210
28 45 20 33 0 32 0 0.00 0.0 0 14.6 32 220 M M 0 42 220
29 47 18 33 0 32 0 0.00 0.0 0 6.8 18 220 M M 1 25 230
30 48 14 31 -2 34 0 0.00 0.0 0 5.3 22 210 M M 0 28 220
================================================================================
SM 1462 611 904 0 1.09 3.5 242.8 M 26
================================================================================
AV 48.7 20.4 8.1 FASTST M M 1 MAX(MPH)
MISC ----> 39 210 # 52 200
================================================================================
NOTES:
# LAST OF SEVERAL OCCURRENCES
COLUMN 17 PEAK WIND IN M.P.H.
PRELIMINARY LOCAL CLIMATOLOGICAL DATA (WS FORM: F-6) , PAGE 2
STATION: FLAGSTAFF AZ AIRPORT
MONTH: NOVEMBER
YEAR: 2022
LATITUDE: 35 7 N
LONGITUDE: 111 40 W
[TEMPERATURE DATA] [PRECIPITATION DATA] SYMBOLS USED IN COLUMN 16
AVERAGE MONTHLY: 34.6 TOTAL FOR MONTH: 1.09 1 = FOG OR MIST
DPTR FM NORMAL: -3.0 DPTR FM NORMAL: -0.46 2 = FOG REDUCING VISIBILITY
HIGHEST: 60 ON 5 GRTST 24HR 0.64 ON 2- 3 TO 1/4 MILE OR LESS
LOWEST: 9 ON 17 3 = THUNDER
SNOW, ICE PELLETS, HAIL 4 = ICE PELLETS
TOTAL MONTH: 3.5 INCHES 5 = HAIL
GRTST 24HR 3.2 ON 3- 3 6 = FREEZING RAIN OR DRIZZLE
GRTST DEPTH: 2 ON 4 7 = DUSTSTORM OR SANDSTORM:
VSBY 1/2 MILE OR LESS
8 = SMOKE OR HAZE
[NO. OF DAYS WITH] [WEATHER - DAYS WITH] 9 = BLOWING SNOW
X = TORNADO
MAX 32 OR BELOW: 0 0.01 INCH OR MORE: 4
MAX 90 OR ABOVE: 0 0.10 INCH OR MORE: 3
MIN 32 OR BELOW: 28 0.50 INCH OR MORE: 0
MIN 0 OR BELOW: 0 1.00 INCH OR MORE: 0
[HDD (BASE 65) ]
TOTAL THIS MO. 904 CLEAR (SCALE 0-3) 27
DPTR FM NORMAL 80 PTCLDY (SCALE 4-7) 2
TOTAL FM JUL 1 1557 CLOUDY (SCALE 8-10) 1
DPTR FM NORMAL -79
[CDD (BASE 65) ]
TOTAL THIS MO. 0
DPTR FM NORMAL 0 [PRESSURE DATA]
TOTAL FM JAN 1 219 HIGHEST SLP M ON M
DPTR FM NORMAL 73 LOWEST SLP 29.66 ON 28
[REMARKS]
#FINAL-11-22#