000
CXUS56 KFGZ 010910
CF6FLG
PRELIMINARY LOCAL CLIMATOLOGICAL DATA (WS FORM: F-6)
STATION: FLAGSTAFF AZ AIRPORT
MONTH: MARCH
YEAR: 2021
LATITUDE: 35 7 N
LONGITUDE: 111 40 W
TEMPERATURE IN F: :PCPN: SNOW: WIND :SUNSHINE: SKY :PK WND
================================================================================
1 2 3 4 5 6A 6B 7 8 9 10 11 12 13 14 15 16 17 18
12Z AVG MX 2MIN
DY MAX MIN AVG DEP HDD CDD WTR SNW DPTH SPD SPD DIR MIN PSBL S-S WX SPD DR
================================================================================
1 45 19 32 -2 33 0 0.00 0.0 0 8.2 29 60 M M 0 38 60
2 54 12 33 -1 32 0 0.00 0.0 0 3.2 15 40 M M 0 20 80
3 55 15 35 0 30 0 0.05 0.5 0 9.5 32 210 M M 3 1 44 200
4 47 25 36 1 29 0 0.27 1.5 2 7.8 22 230 M M 5 18 27 240
5 54 21 38 3 27 0 0.00 0.0 0 8.4 26 60 M M 0 36 50
6 56 24 40 5 25 0 0.00 0.0 0 4.9 18 220 M M 0 24 210
7 57 24 41 6 24 0 0.00 0.0 0 4.2 18 210 M M 0 25 230
8 59 28 44 8 21 0 0.00 0.0 0 16.1 32 210 M M 2 40 210
9 52 32 42 6 23 0 0.00 0.0 0 17.9 36 230 M M 2 45 230
10 42 18 30 -6 35 0 0.02 0.4 T 12.8 31 210 M M 4 1 40 210
11 33 27 30 -6 35 0 0.31 5.9 1 10.4 25 210 M M 10 18 34 210
12 29 21 25 -11 40 0 0.49 7.6 7 7.4 18 230 M M 10 12 25 220
13 28 12 20 -16 45 0 0.29 5.4 6 7.7 22 220 M M 9 128 29 230
14 42 18 30 -7 35 0 0.01 0.1 8 11.3 22 250 M M 3 1 37 250
15 40 23 32 -5 33 0 T T 3 10.3 28 220 M M 4 36 220
16 36 15 26 -11 39 0 0.29 3.9 5 8.5 22 210 M M 8 12 29 210
17 50 18 34 -3 31 0 0.00 0.0 0 3.8 13 220 M M 1 17 260
18 56 24 40 3 25 0 0.00 0.0 0 3.0 14 220 M M 0 16 220
19 59 23 41 3 24 0 0.00 0.0 0 4.3 15 210 M M 0 23 200
20 56 27 42 4 23 0 0.00 0.0 0 14.4 33 210 M M 2 44 210
21 51 25 38 0 27 0 0.00 0.0 0 8.7 26 210 M M 2 34 220
22 49 20 35 -3 30 0 0.00 0.0 0 9.8 24 220 M M 1 32 220
23 33 27 30 -8 35 0 0.30 4.4 3 6.9 18 40 M M 10 12 22 40
24 40 25 33 -5 32 0 0.02 0.4 3 8.4 23 40 M M 6 18 31 40
25 38 25 32 -7 33 0 0.02 0.4 0 16.1 40 230 M M 6 1 54 230
26 37 28 33 -6 32 0 0.16 1.6 2 8.5 22 220 M M 9 18 26 220
27 51 26 39 0 26 0 0.00 0.0 0 10.0 30 50 M M 0 39 60
28 62 25 44 5 21 0 0.00 0.0 0 4.7 15 230 M M 0 20 240
29 63 28 46 7 19 0 0.00 0.0 0 11.5 22 230 M M 0 40 230
30 57 32 45 5 20 0 0.00 0.0 0 8.8 18 240 M M 0 27 240
31 53 23 38 -2 27 0 0.00 0.0 0 9.1 21 70 M M 0 26 60
================================================================================
SM 1484 710 911 0 2.23 32.1 276.6 M 97
================================================================================
AV 47.9 22.9 8.9 FASTST M M 3 MAX(MPH)
MISC ----> 40 230 54 230
================================================================================
NOTES:
# LAST OF SEVERAL OCCURRENCES
COLUMN 17 PEAK WIND IN M.P.H.
PRELIMINARY LOCAL CLIMATOLOGICAL DATA (WS FORM: F-6) , PAGE 2
STATION: FLAGSTAFF AZ AIRPORT
MONTH: MARCH
YEAR: 2021
LATITUDE: 35 7 N
LONGITUDE: 111 40 W
[TEMPERATURE DATA] [PRECIPITATION DATA] SYMBOLS USED IN COLUMN 16
AVERAGE MONTHLY: 35.4 TOTAL FOR MONTH: 2.23 1 = FOG OR MIST
DPTR FM NORMAL: -1.6 DPTR FM NORMAL: 0.11 2 = FOG REDUCING VISIBILITY
HIGHEST: 63 ON 29 GRTST 24HR 0.66 ON 11-12 TO 1/4 MILE OR LESS
LOWEST: 12 ON 13, 2 3 = THUNDER
SNOW, ICE PELLETS, HAIL 4 = ICE PELLETS
TOTAL MONTH: 32.1 INCHES 5 = HAIL
GRTST 24HR 7.6 ON 12-12 6 = FREEZING RAIN OR DRIZZLE
GRTST DEPTH: 8 ON 14 7 = DUSTSTORM OR SANDSTORM:
VSBY 1/2 MILE OR LESS
8 = SMOKE OR HAZE
[NO. OF DAYS WITH] [WEATHER - DAYS WITH] 9 = BLOWING SNOW
X = TORNADO
MAX 32 OR BELOW: 2 0.01 INCH OR MORE: 12
MAX 90 OR ABOVE: 0 0.10 INCH OR MORE: 7
MIN 32 OR BELOW: 31 0.50 INCH OR MORE: 0
MIN 0 OR BELOW: 0 1.00 INCH OR MORE: 0
[HDD (BASE 65) ]
TOTAL THIS MO. 911 CLEAR (SCALE 0-3) 19
DPTR FM NORMAL 43 PTCLDY (SCALE 4-7) 7
TOTAL FM JUL 1 5341 CLOUDY (SCALE 8-10) 5
DPTR FM NORMAL -365
[CDD (BASE 65) ]
TOTAL THIS MO. 0
DPTR FM NORMAL 0 [PRESSURE DATA]
TOTAL FM JAN 1 0 HIGHEST SLP M ON M
DPTR FM NORMAL 0 LOWEST SLP 29.57 ON 16
[REMARKS]
#FINAL-03-21#