000
CXUS56 KFGZ 091736
CF6FLG
PRELIMINARY LOCAL CLIMATOLOGICAL DATA (WS FORM: F-6)
STATION: FLAGSTAFF AZ AIRPORT
MONTH: DECEMBER
YEAR: 2023
LATITUDE: 35 7 N
LONGITUDE: 111 40 W
TEMPERATURE IN F: :PCPN: SNOW: WIND :SUNSHINE: SKY :PK WND
================================================================================
1 2 3 4 5 6A 6B 7 8 9 10 11 12 13 14 15 16 17 18
12Z AVG MX 2MIN
DY MAX MIN AVG DEP HDD CDD WTR SNW DPTH SPD SPD DIR MIN PSBL S-S WX SPD DR
================================================================================
1 37 23 30 -2 35 0 0.06 0.7 1 7.0 20 210 M M 7 18 26 240
2 42 19 31 -1 34 0 0.00 0.0 0 7.4 16 230 M M 1 29 250
3 51 22 37 5 28 0 0.00 0.0 0 4.2 15 270 M M 0 26 250
4 51 25 38 6 27 0 0.00 0.0 0 4.5 15 70 M M 0 22 50
5 54 25 40 9 25 0 0.00 0.0 0 6.8 17 80 M M 0 24 70
6 59 21 40 9 25 0 0.00 0.0 0 2.6 14 190 M M 0 20 220
7 53 27 40 9 25 0 0.00 0.0 0 7.3 24 210 M M 0 35 250
8 48 22 35 4 30 0 0.00 0.0 0 5.9 21 250 M M 0 32 250
9 35 13 24 -6 41 0 0.00 0.0 0 11.8 22 50 M M 0 32 60
10 55 13 34 4 31 0 0.00 0.0 0 2.7 12 40 M M 0 16 40
11 57 19 38 8 27 0 0.00 0.0 0 1.5 10 210 M M 0 15 210
12 50 22 36 6 29 0 0.00 0.0 0 4.3 21 220 M M 0 26 180
13 48 14 31 1 34 0 0.00 0.0 0 2.6 16 230 M M 2 26 230
14 48 14 31 1 34 0 0.00 0.0 0 3.9 12 40 M M 0 17 40
15 50 28 39 9 26 0 0.00 0.0 0 11.1 18 70 M M 0 27 70
16 52 21 37 8 28 0 0.00 0.0 0 3.8 10 40 M M 0 20 60
17 55 16 36 7 29 0 0.00 0.0 0 3.1 12 40 M M 0 15 40
18 57 21 39 10 26 0 0.00 0.0 0 2.7 20 220 M M 0 27 230
19 52 28 40 11 25 0 0.00 0.0 0 4.1 17 210 M M 8 25 220
20 49 28 39 10 26 0 T 0.0 0 2.7 14 220 M M 7 17 240
21 47 22 35 6 30 0 0.00 0.0 0 4.0 13 60 M M 4 12 19 60
22 38 27 33 4 32 0 0.45 T 0 3.6 13 200 M M 10 12 20 210
23 44 29 37 8 28 0 0.03 0.0 0 6.0 14 240 M M 7 18 21 230
24 44 18 31 2 34 0 0.00 0.0 0 3.4 13 280 M M 0 22 280
25 47 12 30 1 35 0 0.00 0.0 0 1.7 13 250 M M 0 22 270
26 48 9 29 0 36 0 0.00 0.0 0 1.6 10 90 M M 0 14 100
27 52 13 33 4 32 0 0.00 0.0 0 1.6 12 70 M M 0 16 70
28 48 20 34 5 31 0 0.00 0.0 0 2.6 15 70 M M 2 21 80
29 49 15 32 3 33 0 0.00 0.0 0 3.3 14 90 M M 0 20 100
30 50 18 34 5 31 0 0.00 0.0 0 3.2 18 210 M M 0 26 220
31 40 18 29 0 36 0 0.00 0.0 0 3.0 13 200 M M 4 16 210
================================================================================
SM 1510 622 943 0 0.54 0.7 134.0 M 52
================================================================================
AV 48.7 20.1 4.3 FASTST M M 2 MAX(MPH)
MISC ----> 24 210 35 250
================================================================================
NOTES:
# LAST OF SEVERAL OCCURRENCES
COLUMN 17 PEAK WIND IN M.P.H.
PRELIMINARY LOCAL CLIMATOLOGICAL DATA (WS FORM: F-6) , PAGE 2
STATION: FLAGSTAFF AZ AIRPORT
MONTH: DECEMBER
YEAR: 2023
LATITUDE: 35 7 N
LONGITUDE: 111 40 W
[TEMPERATURE DATA] [PRECIPITATION DATA] SYMBOLS USED IN COLUMN 16
AVERAGE MONTHLY: 34.4 TOTAL FOR MONTH: 0.54 1 = FOG OR MIST
DPTR FM NORMAL: 4.4 DPTR FM NORMAL: -1.36 2 = FOG REDUCING VISIBILITY
HIGHEST: 59 ON 6 GRTST 24HR 0.45 ON 22-22 TO 1/4 MILE OR LESS
LOWEST: 9 ON 26 3 = THUNDER
SNOW, ICE PELLETS, HAIL 4 = ICE PELLETS
TOTAL MONTH: 3.4 INCHES 5 = HAIL
GRTST 24HR 0.7 ON 1- 1 6 = FREEZING RAIN OR DRIZZLE
GRTST DEPTH: 2 ON M 7 = DUSTSTORM OR SANDSTORM:
VSBY 1/2 MILE OR LESS
8 = SMOKE OR HAZE
[NO. OF DAYS WITH] [WEATHER - DAYS WITH] 9 = BLOWING SNOW
X = TORNADO
MAX 32 OR BELOW: 0 0.01 INCH OR MORE: 3
MAX 90 OR ABOVE: 0 0.10 INCH OR MORE: 1
MIN 32 OR BELOW: 31 0.50 INCH OR MORE: 0
MIN 0 OR BELOW: 0 1.00 INCH OR MORE: 0
[HDD (BASE 65) ]
TOTAL THIS MO. 943 CLEAR (SCALE 0-3) 24
DPTR FM NORMAL -143 PTCLDY (SCALE 4-7) 6
TOTAL FM JUL 1 2312 CLOUDY (SCALE 8-10) 1
DPTR FM NORMAL -414
[CDD (BASE 65) ]
TOTAL THIS MO. 0
DPTR FM NORMAL 0 [PRESSURE DATA]
TOTAL FM JAN 1 276 HIGHEST SLP 30.52 ON 10
DPTR FM NORMAL 130 LOWEST SLP 29.80 ON 23
[REMARKS]
#FINAL-12-23#