000
CXUS52 KMFL 011130
CF6FLL
PRELIMINARY LOCAL CLIMATOLOGICAL DATA (WS FORM: F-6)
STATION: FORT LAUDERDALE
MONTH: DECEMBER
YEAR: 2021
LATITUDE: 26 4 N
LONGITUDE: 80 9 W
TEMPERATURE IN F: :PCPN: SNOW: WIND :SUNSHINE: SKY :PK WND
================================================================================
1 2 3 4 5 6A 6B 7 8 9 10 11 12 13 14 15 16 17 18
12Z AVG MX 2MIN
DY MAX MIN AVG DEP HDD CDD WTR SNW DPTH SPD SPD DIR MIN PSBL S-S WX SPD DR
================================================================================
1 79 62 71 -2 0 6 0.00 0.0 0 4.7 13 90 M M 2 20 90
2 80 63 72 -1 0 7 0.00 0.0 M 5.5 14 350 M M 2 19 330
3 79 60 70 -3 0 5 0.00 0.0 M 5.3 13 50 M M 2 16 40
4 80 63 72 -1 0 7 0.00 0.0 M 5.3 14 110 M M 5 18 110
5 81 68 75 2 0 10 0.02 0.0 M 6.1 17 80 M M 5 1 22 80
6 81 72 77 5 0 12 1.66 0.0 0 3.8 20 130 M M 7 13 23 130
7 84 66 75 3 0 10 0.00 0.0 0 3.9 12 80 M M 4 12 14 100
8 84 66 75 3 0 10 0.00 0.0 0 3.8 12 290 M M 4 18 250
9 83 70 77 5 0 12 0.00 0.0 0 3.5 12 100 M M 2 12 16 110
10 82 70 76 4 0 11 0.00 0.0 0 6.0 14 110 M M 4 18 120
11 82 71 77 5 0 12 0.00 0.0 0 8.6 18 140 M M 3 21 150
12 84 70 77 5 0 12 0.00 0.0 M 5.8 13 90 M M 2 13 90
13 83 70 77 5 0 12 0.00 0.0 M 8.1 14 70 M M 3 20 90
14 83 73 78 6 0 13 T 0.0 0 9.6 17 80 M M 4 26 90
15 82 73 78 6 0 13 0.03 0.0 0 13.9 26 90 M M 5 33 90
16 82 72 77 6 0 12 0.03 0.0 0 15.1 23 130 M M 5 1 30 130
17 82 73 78 7 0 13 0.00 0.0 0 12.3 20 100 M M 5 23 80
18 82 76 79 8 0 14 0.01 0.0 0 12.2 20 130 M M 6 24 130
19 85 73 79 8 0 14 0.33 0.0 0 8.5 23 230 M M 5 13 32 230
20 83 71 77 6 0 12 0.00 0.0 0 4.9 14 80 M M 6 17 80
21 81 70 76 5 0 11 0.07 0.0 0 9.9 26 240 M M 8 18 35 230
22 71 59 65 -5 0 0 0.00 0.0 M 8.1 20 300 M M 3 28 280
23 78 55 67 -3 0 2 0.00 0.0 M 6.3 12 70 M M 1 15 330
24 78 59 69 -1 0 4 0.00 0.0 0 7.3 14 90 M M 3 19 90
25 79 63 71 1 0 6 0.00 0.0 0 4.7 14 130 M M 3 17 140
26 83 65 74 4 0 9 0.00 0.0 0 3.5 10 40 M M 2 17 360
27 82 66 74 4 0 9 0.00 0.0 0 5.3 13 120 M M 1 15 100
28 80 68 74 4 0 9 0.00 0.0 0 6.0 16 140 M M 5 20 130
29 82 71 77 8 0 12 0.00 0.0 0 7.2 16 130 M M 4 19 130
30 84 69 77 8 0 12 0.00 0.0 0 5.9 18 130 M M 2 22 130
31 82 69 76 7 0 11 0.00 0.0 0 5.3 13 140 M M 3 17 130
================================================================================
SM 2521 2096 0 302 2.15 0.0 216.4 M 116
================================================================================
AV 81.3 67.6 7.0 FASTST M M 4 MAX(MPH)
MISC ----> # 26 90 35 230
================================================================================
NOTES:
# LAST OF SEVERAL OCCURRENCES
COLUMN 17 PEAK WIND IN M.P.H.
PRELIMINARY LOCAL CLIMATOLOGICAL DATA (WS FORM: F-6) , PAGE 2
STATION: FORT LAUDERDALE
MONTH: DECEMBER
YEAR: 2021
LATITUDE: 26 4 N
LONGITUDE: 80 9 W
[TEMPERATURE DATA] [PRECIPITATION DATA] SYMBOLS USED IN COLUMN 16
AVERAGE MONTHLY: 74.5 TOTAL FOR MONTH: 2.15 1 = FOG OR MIST
DPTR FM NORMAL: 3.3 DPTR FM NORMAL: -0.63 2 = FOG REDUCING VISIBILITY
HIGHEST: 85 ON 19 GRTST 24HR 1.66 ON 6- 6 TO 1/4 MILE OR LESS
LOWEST: 55 ON 23 3 = THUNDER
SNOW, ICE PELLETS, HAIL 4 = ICE PELLETS
TOTAL MONTH: 0.0 INCH 5 = HAIL
GRTST 24HR 0.0 6 = FREEZING RAIN OR DRIZZLE
GRTST DEPTH: 0 7 = DUSTSTORM OR SANDSTORM:
VSBY 1/2 MILE OR LESS
8 = SMOKE OR HAZE
[NO. OF DAYS WITH] [WEATHER - DAYS WITH] 9 = BLOWING SNOW
X = TORNADO
MAX 32 OR BELOW: 0 0.01 INCH OR MORE: 7
MAX 90 OR ABOVE: 0 0.10 INCH OR MORE: 2
MIN 32 OR BELOW: 0 0.50 INCH OR MORE: 1
MIN 0 OR BELOW: 0 1.00 INCH OR MORE: 1
[HDD (BASE 65) ]
TOTAL THIS MO. 0 CLEAR (SCALE 0-3) 13
DPTR FM NORMAL -29 PTCLDY (SCALE 4-7) 18
TOTAL FM JUL 1 0 CLOUDY (SCALE 8-10) 0
DPTR FM NORMAL -34
[CDD (BASE 65) ]
TOTAL THIS MO. 302
DPTR FM NORMAL 81 [PRESSURE DATA]
TOTAL FM JAN 1 4872 HIGHEST SLP 30.27 ON 14
DPTR FM NORMAL 300 LOWEST SLP 29.73 ON 21
[REMARKS]
#FINAL-12-21#