000
CXUS53 KDTX 010635
CF6FNT
PRELIMINARY LOCAL CLIMATOLOGICAL DATA (WS FORM: F-6)
STATION: FLINT MI
MONTH: JUNE
YEAR: 2022
LATITUDE: 42 58 N
LONGITUDE: 83 44 W
TEMPERATURE IN F: :PCPN: SNOW: WIND :SUNSHINE: SKY :PK WND
================================================================================
1 2 3 4 5 6A 6B 7 8 9 10 11 12 13 14 15 16 17 18
12Z AVG MX 2MIN
DY MAX MIN AVG DEP HDD CDD WTR SNW DPTH SPD SPD DIR MIN PSBL S-S WX SPD DR
================================================================================
1 78 55 67 4 0 2 0.02 0.0 0 8.3 15 70 M M 3 19 320
2 75 52 64 1 1 0 T 0.0 0 6.8 17 300 M M 4 31 300
3 77 47 62 -2 3 0 0.00 0.0 0 10.7 29 290 M M 1 37 290
4 72 42 57 -7 8 0 0.00 0.0 0 4.3 13 260 M M 0 17 280
5 66 53 60 -4 5 0 0.07 0.0 0 5.4 15 120 M M 8 19 130
6 74 59 67 2 0 2 0.02 0.0 0 6.9 13 180 M M 6 19 130
7 71 49 60 -5 5 0 2.06 0.0 0 7.8 18 300 M M 6 1 24 310
8 68 45 57 -8 8 0 0.46 0.0 0 4.1 12 120 M M 5 1 16 140
9 73 52 63 -3 2 0 0.17 0.0 0 7.8 23 350 M M 6 1 32 360
10 76 48 62 -4 3 0 0.00 0.0 0 4.7 18 250 M M 3 1 25 270
11 77 52 65 -1 0 0 T 0.0 0 7.4 17 200 M M 3 25 200
12 79 59 69 3 0 4 T 0.0 0 7.8 16 300 M M 4 21 300
13 81 53 67 0 0 2 0.02 0.0 0 6.8 17 120 M M 2 3 22 130
14 83 60 72 5 0 7 0.06 0.0 0 8.1 20 110 M M 3 1 27 110
15 93 66 80 13 0 15 0.00 0.0 0 8.8 17 210 M M 0 26 190
16 89 71 80 13 0 15 0.06 0.0 0 13.0 29 260 M M 2 3 39 260
17 82 60 71 3 0 6 0.00 0.0 0 15.0 29 290 M M 0 42 300
18 72 47 60 -8 5 0 0.00 0.0 0 8.5 18 30 M M 0 27 30
19 78 43 61 -7 4 0 0.00 0.0 0 2.6 10 270 M M 1 16 230
20 85 60 73 5 0 8 0.13 0.0 0 6.5 17 240 M M 3 26 220
21 96 64 80 11 0 15 0.00 0.0 0 8.8 18 250 M M 0 29 230
22 89 62 76 7 0 11 0.00 0.0 0 10.1 22 300 M M 0 31 310
23 80 56 68 -1 0 3 0.00 0.0 0 6.1 14 350 M M 0 19 360
24 88 53 71 2 0 6 0.00 0.0 0 4.2 12 220 M M 0 16 220
25 88 60 74 5 0 9 0.04 0.0 0 6.4 14 170 M M 1 21 210
26 85 62 74 4 0 9 0.00 0.0 0 11.0 23 270 M M 5 32 260
27 75 49 62 -8 3 0 0.00 0.0 0 11.7 24 280 M M 2 35 280
28 81 44 63 -7 2 0 0.00 0.0 0 6.7 16 240 M M 0 22 250
29 81 61 71 1 0 6 0.20 0.0 M 5.7 13 360 M M 6 1 20 260
30 89 58 74 4 0 9 0.00 0.0 M 8.8 21 210 M M 0 34 210
================================================================================
SM 2401 1642 49 129 3.31 0.0 230.8 M 74
================================================================================
AV 80.0 54.7 7.7 FASTST M M 2 MAX(MPH)
MISC ----> # 29 290 42 300
================================================================================
NOTES:
# LAST OF SEVERAL OCCURRENCES
COLUMN 17 PEAK WIND IN M.P.H.
PRELIMINARY LOCAL CLIMATOLOGICAL DATA (WS FORM: F-6) , PAGE 2
STATION: FLINT MI
MONTH: JUNE
YEAR: 2022
LATITUDE: 42 58 N
LONGITUDE: 83 44 W
[TEMPERATURE DATA] [PRECIPITATION DATA] SYMBOLS USED IN COLUMN 16
AVERAGE MONTHLY: 67.4 TOTAL FOR MONTH: 3.31 1 = FOG OR MIST
DPTR FM NORMAL: 0.3 DPTR FM NORMAL: 0.19 2 = FOG REDUCING VISIBILITY
HIGHEST: 96 ON 21 GRTST 24HR 2.08 ON 6- 7 TO 1/4 MILE OR LESS
LOWEST: 42 ON 4 3 = THUNDER
SNOW, ICE PELLETS, HAIL 4 = ICE PELLETS
TOTAL MONTH: 0.0 INCH 5 = HAIL
GRTST 24HR 0.0 6 = FREEZING RAIN OR DRIZZLE
GRTST DEPTH: 0 7 = DUSTSTORM OR SANDSTORM:
VSBY 1/2 MILE OR LESS
8 = SMOKE OR HAZE
[NO. OF DAYS WITH] [WEATHER - DAYS WITH] 9 = BLOWING SNOW
X = TORNADO
MAX 32 OR BELOW: 0 0.01 INCH OR MORE: 12
MAX 90 OR ABOVE: 2 0.10 INCH OR MORE: 5
MIN 32 OR BELOW: 0 0.50 INCH OR MORE: 1
MIN 0 OR BELOW: 0 1.00 INCH OR MORE: 1
[HDD (BASE 65) ]
TOTAL THIS MO. 49 CLEAR (SCALE 0-3) 19
DPTR FM NORMAL -9 PTCLDY (SCALE 4-7) 11
TOTAL FM JUL 1 6367 CLOUDY (SCALE 8-10) 0
DPTR FM NORMAL -483
[CDD (BASE 65) ]
TOTAL THIS MO. 129
DPTR FM NORMAL 10 [PRESSURE DATA]
TOTAL FM JAN 1 210 HIGHEST SLP M ON M
DPTR FM NORMAL 54 LOWEST SLP 29.66 ON 7
[REMARKS]
#FINAL-06-22#