000
CXUS53 KDTX 010635
CF6FNT
PRELIMINARY LOCAL CLIMATOLOGICAL DATA (WS FORM: F-6)
STATION: FLINT MI
MONTH: APRIL
YEAR: 2020
LATITUDE: 42 58 N
LONGITUDE: 83 44 W
TEMPERATURE IN F: :PCPN: SNOW: WIND :SUNSHINE: SKY :PK WND
================================================================================
1 2 3 4 5 6A 6B 7 8 9 10 11 12 13 14 15 16 17 18
12Z AVG MX 2MIN
DY MAX MIN AVG DEP HDD CDD WTR SNW DPTH SPD SPD DIR MIN PSBL S-S WX SPD DR
================================================================================
1 49 36 43 2 22 0 T 0.0 0 5.7 12 360 M M 9 17 20
2 62 32 47 6 18 0 0.00 0.0 0 5.5 16 330 M M 0 23 330
3 60 31 46 4 19 0 0.00 0.0 0 4.6 14 50 M M 0 19 60
4 59 35 47 5 18 0 0.02 0.0 0 6.4 15 290 M M 6 18 18 320
5 56 35 46 4 19 0 0.00 0.0 0 6.3 12 30 M M 5 18 15 350
6 62 29 46 3 19 0 0.00 0.0 0 4.5 14 190 M M 4 18 18 200
7 71 44 58 15 7 0 0.06 0.0 0 7.8 24 30 M M 8 18 31 30
8 70 49 60 16 5 0 0.20 0.0 0 9.7 24 330 M M 5 18 32 340
9 50 36 43 -1 22 0 0.03 0.2 0 16.6 35 300 M M 8 1 44 270
10 47 33 40 -4 25 0 0.00 0.0 0 16.1 26 290 M M 9 36 290
11 59 28 44 -1 21 0 0.00 0.0 M 7.9 17 280 M M 1 26 270
12 65 46 56 11 9 0 0.01 0.0 0 9.9 22 160 M M 9 30 240
13 56 33 45 -1 20 0 0.04 0.0 0 17.4 37 270 M M 9 18 49 280
14 43 29 36 -10 29 0 T T 0 13.1 26 260 M M 4 38 270
15 41 27 34 -12 31 0 T T 0 7.1 18 320 M M 8 8 24 330
16 44 24 34 -13 31 0 T T 0 11.0 26 280 M M 5 33 280
17 38 32 35 -12 30 0 0.06 T 0 4.7 15 210 M M 7 18 22 210
18 58 29 44 -4 21 0 0.00 0.0 0 11.0 24 220 M M 2 18 34 220
19 64 33 49 1 16 0 0.00 0.0 0 14.1 25 310 M M 3 35 270
20 60 26 43 -5 22 0 0.05 0.0 0 10.0 38 270 M M 1 52 250
21 48 29 39 -10 26 0 0.02 T 0 18.1 32 280 M M 8 46 290
22 40 23 32 -17 33 0 0.20 1.0 0 5.2 12 240 M M 7 18 15 330
23 42 35 39 -10 26 0 0.38 T M 9.3 15 110 M M 10 18 20 120
24 56 39 48 -2 17 0 0.00 0.0 0 6.3 13 350 M M 7 1 17 350
25 59 32 46 -4 19 0 0.00 0.0 0 7.9 18 60 M M 4 23 60
26 65 41 53 3 12 0 0.00 0.0 0 14.2 31 40 M M 2 41 20
27 65 29 47 -4 18 0 0.02 0.0 0 5.5 21 250 M M 4 31 260
28 73 49 61 10 4 0 0.05 0.0 0 8.5 23 120 M M 4 33 110
29 68 55 62 11 3 0 0.20 0.0 0 12.9 23 120 M M 9 32 200
30 62 46 54 2 11 0 0.36 0.0 0 7.4 18 360 M M 10 18 25 350
================================================================================
SM 1692 1045 573 0 1.70 1.2 284.7 M 168
================================================================================
AV 56.4 34.8 9.5 FASTST M M 6 MAX(MPH)
MISC ----> 38 270 52 250
================================================================================
NOTES:
# LAST OF SEVERAL OCCURRENCES
COLUMN 17 PEAK WIND IN M.P.H.
PRELIMINARY LOCAL CLIMATOLOGICAL DATA (WS FORM: F-6) , PAGE 2
STATION: FLINT MI
MONTH: APRIL
YEAR: 2020
LATITUDE: 42 58 N
LONGITUDE: 83 44 W
[TEMPERATURE DATA] [PRECIPITATION DATA] SYMBOLS USED IN COLUMN 16
AVERAGE MONTHLY: 45.6 TOTAL FOR MONTH: 1.70 1 = FOG OR MIST
DPTR FM NORMAL: -0.8 DPTR FM NORMAL: -1.19 2 = FOG REDUCING VISIBILITY
HIGHEST: 73 ON 28 GRTST 24HR 0.57 ON 22-23 TO 1/4 MILE OR LESS
LOWEST: 23 ON 22 3 = THUNDER
SNOW, ICE PELLETS, HAIL 4 = ICE PELLETS
TOTAL MONTH: 1.2 INCHES 5 = HAIL
GRTST 24HR 1.0 ON 22-22 6 = FREEZING RAIN OR DRIZZLE
GRTST DEPTH: 0 7 = DUSTSTORM OR SANDSTORM:
VSBY 1/2 MILE OR LESS
8 = SMOKE OR HAZE
[NO. OF DAYS WITH] [WEATHER - DAYS WITH] 9 = BLOWING SNOW
X = TORNADO
MAX 32 OR BELOW: 0 0.01 INCH OR MORE: 15
MAX 90 OR ABOVE: 0 0.10 INCH OR MORE: 5
MIN 32 OR BELOW: 14 0.50 INCH OR MORE: 0
MIN 0 OR BELOW: 0 1.00 INCH OR MORE: 0
[HDD (BASE 65) ]
TOTAL THIS MO. 573 CLEAR (SCALE 0-3) 7
DPTR FM NORMAL 11 PTCLDY (SCALE 4-7) 15
TOTAL FM JUL 1 5731 CLOUDY (SCALE 8-10) 8
DPTR FM NORMAL -877
[CDD (BASE 65) ]
TOTAL THIS MO. 0
DPTR FM NORMAL -4 [PRESSURE DATA]
TOTAL FM JAN 1 0 HIGHEST SLP M ON M
DPTR FM NORMAL -4 LOWEST SLP 29.26 ON 13
[REMARKS]
#FINAL-04-20#