000
CXUS54 KMAF 011901
CF6FST
PRELIMINARY LOCAL CLIMATOLOGICAL DATA (WS FORM: F-6)
STATION: FORT STOCKTON
MONTH: DECEMBER
YEAR: 2022
LATITUDE: 30 55 N
LONGITUDE: 102 55 W
TEMPERATURE IN F: :PCPN: SNOW: WIND :SUNSHINE: SKY :PK WND
================================================================================
1 2 3 4 5 6A 6B 7 8 9 10 11 12 13 14 15 16 17 18
12Z AVG MX 2MIN
DY MAX MIN AVG DEP HDD CDD WTR SNW DPTH SPD SPD DIR MIN PSBL S-S WX SPD DR
================================================================================
1 66 35 51 -1 14 0 0.00 M M 7.3 16 180 M M 0 22 150
2 83 42 63 11 2 0 0.00 M M 11.5 22 280 M M 0 29 240
3 62 44 53 2 12 0 0.00 M M 6.6 16 60 M M 0 22 60
4 65 39 52 1 13 0 0.00 M M 4.6 10 220 M M 0 13 230
5 78 51 65 14 0 0 0.00 M M 7.1 15 10 M M 0 19 10
6 73 62 68 17 0 3 0.02 M M 9.6 14 180 M M 5 8 19 220
7 76 58 67 16 0 2 T M M 6.9 16 310 M M 5 20 310
8 73 54 64 14 1 0 T M M 5.7 12 230 M M 3 15 230
9 70 53 62 12 3 0 0.00 M M 8.2 21 120 M M 3 1 27 130
10 64 53 59 9 6 0 T M M 6.4 17 310 M M 7 1 21 310
11 71 52 62 12 3 0 0.00 M M 7.9 18 140 M M 5 12 27 150
12 78 53 66 16 0 1 0.00 M M 14.3 24 190 M M 0 33 210
13 57 41 49 -1 16 0 0.00 M M 13.8 31 290 M M 0 40 290
14 55 37 46 -3 19 0 0.00 M M 15.7 25 290 M M 2 41 280
15 59 35 47 -2 18 0 0.00 M M M 15 310 M M M 21 230
16 49 38 44 -5 21 0 0.00 M M 8.6 20 320 M M 3 25 320
17 58 30 44 -5 21 0 0.00 M M 6.6 15 150 M M 2 22 140
18 58 37 48 -1 17 0 0.00 M M 15.4 25 160 M M 0 35 160
19 67 36 52 3 13 0 0.00 M M 12.4 24 310 M M 0 34 280
20 53 32 43 -5 22 0 0.00 M M 6.3 13 280 M M 0 17 280
21 61 33 47 -1 18 0 0.00 M M 8.8 17 150 M M 0 28 160
22 56 15 36 -12 29 0 0.00 M M 14.4 24 50 M M 0 31 50
23 26 10 18 -30 47 0 0.00 M M 4.7 12 60 M M 0 16 60
24 42 15 29 -19 36 0 0.00 M M 5.9 12 50 M M 0 15 60
25 57 22 40 -8 25 0 0.00 M M 7.7 16 220 M M 0 21 230
26 59 37 48 0 17 0 0.00 M M 10.2 20 320 M M 0 25 320
27 73 34 54 6 11 0 0.00 M M 12.4 23 230 M M 0 30 230
28 77 46 62 14 3 0 0.00 M M 13.3 25 250 M M 0 34 250
29 66 50 58 10 7 0 0.00 M M 9.5 23 290 M M 1 32 330
30 59 46 53 5 12 0 0.03 M M 8.6 16 220 M M 6 21 220
31 75 47 61 13 4 0 0.00 M M 14.8 23 240 M M 0 36 240
================================================================================
SM 1966 1237 410 6 0.05 M 285.2 M 42
================================================================================
AV 63.4 39.9 9.5 FASTST M M 1 MAX(MPH)
MISC ----> 31 290 41 280
================================================================================
NOTES:
# LAST OF SEVERAL OCCURRENCES
COLUMN 17 PEAK WIND IN M.P.H.
PRELIMINARY LOCAL CLIMATOLOGICAL DATA (WS FORM: F-6) , PAGE 2
STATION: FORT STOCKTON
MONTH: DECEMBER
YEAR: 2022
LATITUDE: 30 55 N
LONGITUDE: 102 55 W
[TEMPERATURE DATA] [PRECIPITATION DATA] SYMBOLS USED IN COLUMN 16
AVERAGE MONTHLY: 51.7 TOTAL FOR MONTH: 0.05 1 = FOG OR MIST
DPTR FM NORMAL: 2.5 DPTR FM NORMAL: -0.54 2 = FOG REDUCING VISIBILITY
HIGHEST: 83 ON 2 GRTST 24HR 0.03 ON 30-30 TO 1/4 MILE OR LESS
LOWEST: 10 ON 23 3 = THUNDER
SNOW, ICE PELLETS, HAIL 4 = ICE PELLETS
TOTAL MONTH: M 5 = HAIL
GRTST 24HR M ON M 6 = FREEZING RAIN OR DRIZZLE
GRTST DEPTH: M ON M 7 = DUSTSTORM OR SANDSTORM:
VSBY 1/2 MILE OR LESS
8 = SMOKE OR HAZE
[NO. OF DAYS WITH] [WEATHER - DAYS WITH] 9 = BLOWING SNOW
X = TORNADO
MAX 32 OR BELOW: 1 0.01 INCH OR MORE: 2
MAX 90 OR ABOVE: 0 0.10 INCH OR MORE: 0
MIN 32 OR BELOW: 6 0.50 INCH OR MORE: 0
MIN 0 OR BELOW: 0 1.00 INCH OR MORE: 0
[HDD (BASE 65) ]
TOTAL THIS MO. 410 CLEAR (SCALE 0-3) 25
DPTR FM NORMAL -81 PTCLDY (SCALE 4-7) 5
TOTAL FM JUL 1 864 CLOUDY (SCALE 8-10) 1
DPTR FM NORMAL 26
[CDD (BASE 65) ]
TOTAL THIS MO. 6
DPTR FM NORMAL 3 [PRESSURE DATA]
TOTAL FM JAN 1 3070 HIGHEST SLP 30.69 ON 23
DPTR FM NORMAL 466 LOWEST SLP 29.53 ON 12
[REMARKS]
#FINAL-12-22#