000
CXUS52 KFFC 011010
CF6FTY
PRELIMINARY LOCAL CLIMATOLOGICAL DATA (WS FORM: F-6)
STATION: FULTON COUNTY AIRPORT
MONTH: APRIL
YEAR: 2022
LATITUDE: 33 46 N
LONGITUDE: 84 31 W
TEMPERATURE IN F: :PCPN: SNOW: WIND :SUNSHINE: SKY :PK WND
================================================================================
1 2 3 4 5 6A 6B 7 8 9 10 11 12 13 14 15 16 17 18
12Z AVG MX 2MIN
DY MAX MIN AVG DEP HDD CDD WTR SNW DPTH SPD SPD DIR MIN PSBL S-S WX SPD DR
================================================================================
1 67 44 56 -2 9 0 0.00 M M 5.2 17 280 M M 0 23 310
2 68 39 54 -4 11 0 0.00 M M 2.7 12 60 M M 1 17 40
3 70 41 56 -3 9 0 0.00 M M 5.8 18 310 M M 0 29 310
4 76 37 57 -2 8 0 0.00 M M 2.2 10 210 M M 0 15 200
5 67 45 56 -3 9 0 1.75 M M 5.9 18 280 M M 5 13 27 280
6 72 61 67 8 0 2 0.90 M M 3.2 16 270 M M 8 13 25 260
7 70 52 61 1 4 0 T M M 10.9 22 270 M M 4 3 34 290
8 59 45 52 -8 13 0 T M M 10.4 21 300 M M 6 34 240
9 57 39 48 -12 17 0 0.01 M M 8.3 24 310 M M 6 38 260
10 74 33 54 -6 11 0 0.00 M M 3.2 13 170 M M 0 18 180
11 70 43 57 -4 8 0 0.00 M M 2.9 12 180 M M 2 18 170
12 82 51 67 6 0 2 0.00 M M 4.9 16 190 M M 5 8 24 220
13 79 63 71 10 0 6 0.00 M M 7.8 20 170 M M 2 32 230
14 76 54 65 4 0 0 0.04 M M 7.2 18 330 M M 3 1 26 300
15 78 40 59 -3 6 0 0.00 M M 5.1 16 80 M M 0 22 80
16 73 58 66 4 0 1 1.01 M M 4.3 15 150 M M 7 13 23 150
17 74 56 65 3 0 0 T M M 2.4 10 280 M M 5 12 15 270
18 72 48 60 -2 5 0 0.02 M M 9.1 24 300 M M 7 1 34 300
19 63 41 52 -10 13 0 0.00 M M 7.4 20 290 M M 0 27 350
20 72 37 55 -8 10 0 0.00 M M 6.0 16 160 M M 0 23 150
21 76 55 66 3 0 1 0.00 M M 5.4 14 140 M M 2 19 170
22 82 51 67 4 0 2 0.00 M M 2.8 12 150 M M 0 20 130
23 81 53 67 3 0 2 0.00 M M 4.9 17 160 M M 1 24 150
24 80 58 69 5 0 4 0.00 M M 3.8 14 160 M M 3 21 160
25 84 55 70 6 0 5 0.00 M M 3.5 14 180 M M 1 20 230
26 71 55 63 -1 2 0 0.11 M M 5.1 17 320 M M 4 1 24 300
27 77 46 62 -3 3 0 0.00 M M 3.8 13 320 M M 0 17 30
28 79 45 62 -3 3 0 0.00 M M 3.7 13 180 M M 0 19 160
29 80 50 65 0 0 0 0.00 M M 3.6 16 150 M M 2 21 150
30 81 54 68 3 0 3 0.00 M M 5.1 13 180 M M 3 19 180
================================================================================
SM 2210 1449 141 28 3.84 M 156.6 M 77
================================================================================
AV 73.7 48.3 5.2 FASTST M M 3 MAX(MPH)
MISC ----> # 24 310 38 260
================================================================================
NOTES:
# LAST OF SEVERAL OCCURRENCES
COLUMN 17 PEAK WIND IN M.P.H.
PRELIMINARY LOCAL CLIMATOLOGICAL DATA (WS FORM: F-6) , PAGE 2
STATION: FULTON COUNTY AIRPORT
MONTH: APRIL
YEAR: 2022
LATITUDE: 33 46 N
LONGITUDE: 84 31 W
[TEMPERATURE DATA] [PRECIPITATION DATA] SYMBOLS USED IN COLUMN 16
AVERAGE MONTHLY: 61.0 TOTAL FOR MONTH: 3.84 1 = FOG OR MIST
DPTR FM NORMAL: -0.7 DPTR FM NORMAL: 0.23 2 = FOG REDUCING VISIBILITY
HIGHEST: 84 ON 25 GRTST 24HR 1.75 ON 5- 5 TO 1/4 MILE OR LESS
LOWEST: 33 ON 10 3 = THUNDER
SNOW, ICE PELLETS, HAIL 4 = ICE PELLETS
TOTAL MONTH: M 5 = HAIL
GRTST 24HR M ON M 6 = FREEZING RAIN OR DRIZZLE
GRTST DEPTH: M ON M 7 = DUSTSTORM OR SANDSTORM:
VSBY 1/2 MILE OR LESS
8 = SMOKE OR HAZE
[NO. OF DAYS WITH] [WEATHER - DAYS WITH] 9 = BLOWING SNOW
X = TORNADO
MAX 32 OR BELOW: 0 0.01 INCH OR MORE: 7
MAX 90 OR ABOVE: 0 0.10 INCH OR MORE: 4
MIN 32 OR BELOW: 0 0.50 INCH OR MORE: 3
MIN 0 OR BELOW: 0 1.00 INCH OR MORE: 2
[HDD (BASE 65) ]
TOTAL THIS MO. 141 CLEAR (SCALE 0-3) 20
DPTR FM NORMAL 0 PTCLDY (SCALE 4-7) 9
TOTAL FM JUL 1 2374 CLOUDY (SCALE 8-10) 1
DPTR FM NORMAL -372
[CDD (BASE 65) ]
TOTAL THIS MO. 28
DPTR FM NORMAL -14 [PRESSURE DATA]
TOTAL FM JAN 1 43 HIGHEST SLP 30.43 ON 22
DPTR FM NORMAL -9 LOWEST SLP 29.59 ON 5
[REMARKS]
#FINAL-04-22#