000
CXUS56 KSGX 011245
CF6FUL
PRELIMINARY LOCAL CLIMATOLOGICAL DATA (WS FORM: F-6)
STATION: FULLERTON AIRPORT CA
MONTH: JULY
YEAR: 2020
LATITUDE: 33 52 N
LONGITUDE: 117 58 W
TEMPERATURE IN F: :PCPN: SNOW: WIND :SUNSHINE: SKY :PK WND
================================================================================
1 2 3 4 5 6A 6B 7 8 9 10 11 12 13 14 15 16 17 18
12Z AVG MX 2MIN
DY MAX MIN AVG DEP HDD CDD WTR SNW DPTH SPD SPD DIR MIN PSBL S-S WX SPD DR
================================================================================
1 78 65 72 0 0 7 0.00 0.0 0 4.0 10 180 M M 7 16 200
2 82 66 74 2 0 9 0.00 0.0 0 4.4 10 170 M M 5 14 210
3 89 62 76 3 0 11 0.00 0.0 0 3.8 13 190 M M 0 8 16 190
4 90 64 77 4 0 12 0.00 0.0 0 3.6 10 200 M M 0 8 15 200
5 92 64 78 5 0 13 0.00 0.0 0 3.7 12 190 M M 1 8 15 190
6 88 66 77 4 0 12 0.00 0.0 0 4.2 12 200 M M 2 18 16 200
7 85 67 76 3 0 11 0.00 0.0 0 3.8 12 200 M M 2 17 200
8 84 67 76 3 0 11 0.00 0.0 0 5.2 12 190 M M 3 15 210
9 86 67 77 4 0 12 0.00 0.0 0 4.3 13 190 M M 3 17 190
10 92 67 80 6 0 15 0.00 0.0 0 3.0 10 190 M M 3 14 210
11 102 69 86 12 0 21 0.00 0.0 0 4.1 10 280 M M 1 15 300
12 93 70 82 8 0 17 0.00 0.0 0 4.7 12 180 M M 1 16 190
13 87 70 79 5 0 14 0.00 0.0 0 5.6 13 200 M M 2 16 170
14 83 68 76 2 0 11 0.00 0.0 0 4.7 13 200 M M 4 17 210
15 84 66 75 1 0 10 0.00 0.0 0 4.0 13 190 M M 4 18 190
16 83 64 74 0 0 9 0.00 0.0 0 4.1 13 210 M M 3 18 230
17 84 65 75 1 0 10 0.00 0.0 0 3.7 13 200 M M 2 17 200
18 88 64 76 2 0 11 0.00 0.0 0 4.1 12 200 M M 0 16 220
19 87 64 76 2 0 11 0.00 0.0 0 4.4 13 250 M M 1 15 290
20 81 64 73 -1 0 8 0.00 0.0 0 4.1 10 160 M M 1 15 200
21 83 64 74 0 0 9 0.00 0.0 0 4.3 12 180 M M 2 16 220
22 78 64 71 -3 0 6 0.00 0.0 0 3.8 12 190 M M 5 8 16 190
23 78 64 71 -3 0 6 0.00 0.0 0 4.6 12 190 M M 6 15 190
24 80 64 72 -2 0 7 0.00 0.0 0 4.0 12 200 M M 4 17 200
25 84 65 75 1 0 10 0.00 0.0 0 3.5 13 180 M M 4 17 230
26 88 63 76 1 0 11 0.00 0.0 0 3.7 10 260 M M 0 14 270
27 86 64 75 0 0 10 0.00 0.0 0 3.5 13 190 M M 1 20 160
28 81 62 72 -3 0 7 0.00 0.0 0 3.9 12 170 M M 1 8 16 190
29 86 62 74 -1 0 9 0.00 0.0 0 2.8 13 190 M M 1 17 190
30 90 62 76 1 0 11 0.00 0.0 0 2.6 10 190 M M 2 8 14 200
31 97 67 82 7 0 17 0.00 0.0 0 2.5 9 290 M M 0 13 310
================================================================================
SM 2669 2020 0 338 0.00 0.0 122.7 M 71
================================================================================
AV 86.1 65.2 4.0 FASTST M M 2 MAX(MPH)
MISC ----> # 13 190 # 20 160
================================================================================
NOTES:
# LAST OF SEVERAL OCCURRENCES
COLUMN 17 PEAK WIND IN M.P.H.
PRELIMINARY LOCAL CLIMATOLOGICAL DATA (WS FORM: F-6) , PAGE 2
STATION: FULLERTON AIRPORT CA
MONTH: JULY
YEAR: 2020
LATITUDE: 33 52 N
LONGITUDE: 117 58 W
[TEMPERATURE DATA] [PRECIPITATION DATA] SYMBOLS USED IN COLUMN 16
AVERAGE MONTHLY: 75.6 TOTAL FOR MONTH: 0.00 1 = FOG OR MIST
DPTR FM NORMAL: 1.8 DPTR FM NORMAL: -0.04 2 = FOG REDUCING VISIBILITY
HIGHEST: 102 ON 11 GRTST 24HR 0.00 ON 31-31 TO 1/4 MILE OR LESS
LOWEST: 62 ON 30,29 3 = THUNDER
SNOW, ICE PELLETS, HAIL 4 = ICE PELLETS
TOTAL MONTH: 0.0 INCH 5 = HAIL
GRTST 24HR 0.0 6 = FREEZING RAIN OR DRIZZLE
GRTST DEPTH: 0 7 = DUSTSTORM OR SANDSTORM:
VSBY 1/2 MILE OR LESS
8 = SMOKE OR HAZE
[NO. OF DAYS WITH] [WEATHER - DAYS WITH] 9 = BLOWING SNOW
X = TORNADO
MAX 32 OR BELOW: 0 0.01 INCH OR MORE: 0
MAX 90 OR ABOVE: 7 0.10 INCH OR MORE: 0
MIN 32 OR BELOW: 0 0.50 INCH OR MORE: 0
MIN 0 OR BELOW: 0 1.00 INCH OR MORE: 0
[HDD (BASE 65) ]
TOTAL THIS MO. 0 CLEAR (SCALE 0-3) 21
DPTR FM NORMAL 0 PTCLDY (SCALE 4-7) 10
TOTAL FM JUL 1 0 CLOUDY (SCALE 8-10) 0
DPTR FM NORMAL 0
[CDD (BASE 65) ]
TOTAL THIS MO. 338
DPTR FM NORMAL 64 [PRESSURE DATA]
TOTAL FM JAN 1 884 HIGHEST SLP M ON M
DPTR FM NORMAL 342 LOWEST SLP 29.74 ON 21
[REMARKS]
#FINAL-07-20#