000
CXUS53 KIWX 011330
CF6FWA
PRELIMINARY LOCAL CLIMATOLOGICAL DATA (WS FORM: F-6)
STATION: FORT WAYNE
MONTH: FEBRUARY
YEAR: 2023
LATITUDE: 41 0 N
LONGITUDE: 85 12 W
TEMPERATURE IN F: :PCPN: SNOW: WIND :SUNSHINE: SKY :PK WND
================================================================================
1 2 3 4 5 6A 6B 7 8 9 10 11 12 13 14 15 16 17 18
12Z AVG MX 2MIN
DY MAX MIN AVG DEP HDD CDD WTR SNW DPTH SPD SPD DIR MIN PSBL S-S WX SPD DR
================================================================================
1 24 4 14 -12 51 0 0.00 0.0 1 6.1 10 220 M M 4 13 220
2 37 14 26 0 39 0 T T 1 13.4 26 340 M M 4 35 340
3 24 11 18 -8 47 0 T 0.1 1 10.0 20 330 M M 8 30 310
4 38 13 26 0 39 0 0.00 0.0 T 14.4 25 220 M M 6 35 220
5 47 32 40 14 25 0 0.00 0.0 T 13.5 21 250 M M 7 28 230
6 41 24 33 7 32 0 0.00 0.0 T 9.5 18 320 M M 8 25 330
7 55 32 44 17 21 0 0.00 0.0 0 14.6 26 250 M M 8 37 270
8 43 27 35 8 30 0 0.09 0.0 0 5.2 12 110 M M 9 18 14 100
9 58 37 48 21 17 0 0.92 0.0 0 20.1 43 240 M M 10 1 61 230
10 43 26 35 8 30 0 T 0.0 0 12.3 22 270 M M 6 18 29 280
11 42 20 31 3 34 0 0.00 0.0 0 4.1 12 220 M M 1 16 200
12 52 22 37 9 28 0 0.00 0.0 0 4.6 12 260 M M 1 16 250
13 53 30 42 14 23 0 0.00 0.0 0 9.9 22 290 M M 3 31 270
14 54 26 40 12 25 0 0.02 0.0 0 10.5 24 180 M M 8 34 180
15 59 36 48 19 17 0 T 0.0 0 18.1 37 240 M M 5 50 250
16 44 32 38 9 27 0 0.14 T T 10.9 24 70 M M 9 18 31 60
17 33 19 26 -3 39 0 0.01 0.1 0 13.4 24 330 M M 7 1 32 330
18 47 21 34 4 31 0 0.00 0.0 0 15.1 25 220 M M 5 33 200
19 55 34 45 15 20 0 0.00 0.0 0 14.1 29 220 M M 6 38 230
20 51 30 41 11 24 0 0.00 0.0 0 3.4 13 250 M M 6 17 250
21 41 31 36 6 29 0 0.00 0.0 0 13.3 31 280 M M 7 44 280
22 34 33 34 3 31 0 1.93 T 0 15.7 28 70 M M 10 1346 37 60
23 60 31 46 15 19 0 0.01 0.0 0 15.8 32 260 M M 9 12 48 280
24 36 26 31 -1 34 0 0.00 0.0 0 8.7 23 280 M M 8 33 270
25 41 28 35 3 30 0 0.00 0.0 0 7.9 17 270 M M 8 23 260
26 52 26 39 7 26 0 0.00 0.0 0 7.2 16 260 M M 2 1 21 270
27 57 33 45 13 20 0 1.04 0.0 0 15.5 36 270 M M 10 13 47 260
28 48 35 42 9 23 0 0.00 0.0 0 10.4 31 280 M M 7 43 280
================================================================================
SM 1269 733 811 0 4.16 0.2 317.7 M 182
================================================================================
AV 45.3 26.2 11.3 FASTST M M 7 MAX(MPH)
MISC ----> 43 240 61 230
================================================================================
NOTES:
# LAST OF SEVERAL OCCURRENCES
COLUMN 17 PEAK WIND IN M.P.H.
PRELIMINARY LOCAL CLIMATOLOGICAL DATA (WS FORM: F-6) , PAGE 2
STATION: FORT WAYNE
MONTH: FEBRUARY
YEAR: 2023
LATITUDE: 41 0 N
LONGITUDE: 85 12 W
[TEMPERATURE DATA] [PRECIPITATION DATA] SYMBOLS USED IN COLUMN 16
AVERAGE MONTHLY: 35.8 TOTAL FOR MONTH: 4.16 1 = FOG OR MIST
DPTR FM NORMAL: 7.0 DPTR FM NORMAL: 2.10 2 = FOG REDUCING VISIBILITY
HIGHEST: 60 ON 23 GRTST 24HR 1.94 ON 22-23 TO 1/4 MILE OR LESS
LOWEST: 4 ON 1 3 = THUNDER
SNOW, ICE PELLETS, HAIL 4 = ICE PELLETS
TOTAL MONTH: 0.2 INCH 5 = HAIL
GRTST 24HR 0.1 ON 3- 3 6 = FREEZING RAIN OR DRIZZLE
GRTST DEPTH: 1 ON 3, 2 7 = DUSTSTORM OR SANDSTORM:
VSBY 1/2 MILE OR LESS
8 = SMOKE OR HAZE
[NO. OF DAYS WITH] [WEATHER - DAYS WITH] 9 = BLOWING SNOW
X = TORNADO
MAX 32 OR BELOW: 2 0.01 INCH OR MORE: 8
MAX 90 OR ABOVE: 0 0.10 INCH OR MORE: 4
MIN 32 OR BELOW: 22 0.50 INCH OR MORE: 3
MIN 0 OR BELOW: 0 1.00 INCH OR MORE: 2
[HDD (BASE 65) ]
TOTAL THIS MO. 811 CLEAR (SCALE 0-3) 4
DPTR FM NORMAL -204 PTCLDY (SCALE 4-7) 17
TOTAL FM JUL 1 3958 CLOUDY (SCALE 8-10) 7
DPTR FM NORMAL -539
[CDD (BASE 65) ]
TOTAL THIS MO. 0
DPTR FM NORMAL 0 [PRESSURE DATA]
TOTAL FM JAN 1 0 HIGHEST SLP 30.64 ON 24
DPTR FM NORMAL 0 LOWEST SLP 29.09 ON 27
[REMARKS]
#FINAL-02-23#