000
CXUS54 KOUN 010810
CF6GAG
PRELIMINARY LOCAL CLIMATOLOGICAL DATA (WS FORM: F-6)
STATION: GAGE
MONTH: OCTOBER
YEAR: 2021
LATITUDE: 36 17 N
LONGITUDE: 99 46 W
TEMPERATURE IN F: :PCPN: SNOW: WIND :SUNSHINE: SKY :PK WND
================================================================================
1 2 3 4 5 6A 6B 7 8 9 10 11 12 13 14 15 16 17 18
12Z AVG MX 2MIN
DY MAX MIN AVG DEP HDD CDD WTR SNW DPTH SPD SPD DIR MIN PSBL S-S WX SPD DR
================================================================================
1 76 55 66 0 0 1 0.52 M M 4.4 22 250 M M 6 1 27 240
2 77 55 66 0 0 1 0.02 M M 6.1 13 350 M M 5 12 17 330
3 84 51 68 3 0 3 0.00 M M 5.5 15 340 M M 0 18 19 330
4 87 47 67 2 0 2 0.00 M M 5.0 12 60 M M 0 1 16 170
5 84 49 67 3 0 2 0.00 M M 3.3 12 200 M M 0 18 180
6 84 46 65 1 0 0 0.00 M M 5.2 15 200 M M 0 1 19 190
7 88 60 74 10 0 9 0.01 M M 13.8 29 170 M M 1 3 36 170
8 97 53 75 12 0 10 0.00 M M 9.2 17 200 M M 0 25 220
9 100 65 83 20 0 18 0.00 M M 16.0 31 240 M M 0 39 250
10 75 54 65 3 0 0 0.30 M M 13.2 25 40 M M 4 13 32 40
11 79 48 64 2 1 0 0.00 M M 8.7 22 160 M M 1 28 150
12 77 61 69 8 0 4 0.44 M M 22.1 45 250 M M 3 13 56 260
13 75 44 60 -1 5 0 0.50 M M 7.4 39 220 M M 0 13 48 220
14 73 42 58 -3 7 0 0.00 0.0 M 8.1 17 10 M M 1 12 22 360
15 66 35 51 -9 14 0 0.00 M M 13.0 26 330 M M 3 33 320
16 73 32 53 -7 12 0 0.00 M M 7.9 16 260 M M 0 21 270
17 79 37 58 -1 7 0 0.00 M M 10.8 22 200 M M 0 29 170
18 76 50 63 4 2 0 0.00 0.0 M 20.5 33 180 M M 0 44 170
19 80 52 66 8 0 1 0.00 0.0 M 18.0 29 170 M M 0 36 170
20 72 39 56 -2 9 0 0.00 0.0 M 8.1 20 340 M M 0 24 330
21 76 35 56 -2 9 0 0.00 M M 6.5 14 210 M M 2 18 20 190
22 82 43 63 6 2 0 0.00 M M 11.5 24 190 M M 1 38 31 200
23 91 61 76 19 0 11 0.00 M M 17.4 29 180 M M 0 37 180
24 77 44 61 5 4 0 0.00 M M 11.5 26 190 M M 1 34 180
25 74 39 57 1 8 0 0.00 M M 9.0 22 150 M M 0 30 150
26 86 53 70 14 0 5 0.08 M M 19.8 37 150 M M 1 3 48 130
27 64 48 56 1 9 0 0.00 M M 20.4 35 340 M M 4 46 340
28 67 45 56 1 9 0 0.00 M M 21.9 41 340 M M 0 55 330
29 67 34 51 -3 14 0 0.00 M M 10.0 24 10 M M 0 32 360
30 78 31 55 1 10 0 0.00 M M 6.9 21 190 M M 0 24 200
31 63 39 51 -3 14 0 0.00 M M 10.4 21 60 M M 0 25 60
================================================================================
SM 2427 1447 136 67 1.87 0.0 351.6 M 33
================================================================================
AV 78.3 46.7 11.3 FASTST M M 1 MAX(MPH)
MISC ----> 45 250 56 260
================================================================================
NOTES:
# LAST OF SEVERAL OCCURRENCES
COLUMN 17 PEAK WIND IN M.P.H.
PRELIMINARY LOCAL CLIMATOLOGICAL DATA (WS FORM: F-6) , PAGE 2
STATION: GAGE
MONTH: OCTOBER
YEAR: 2021
LATITUDE: 36 17 N
LONGITUDE: 99 46 W
[TEMPERATURE DATA] [PRECIPITATION DATA] SYMBOLS USED IN COLUMN 16
AVERAGE MONTHLY: 62.5 TOTAL FOR MONTH: 1.87 1 = FOG OR MIST
DPTR FM NORMAL: 2.7 DPTR FM NORMAL: -0.47 2 = FOG REDUCING VISIBILITY
HIGHEST: 100 ON 9 GRTST 24HR 0.94 ON 12-13 TO 1/4 MILE OR LESS
LOWEST: 31 ON 30 3 = THUNDER
SNOW, ICE PELLETS, HAIL 4 = ICE PELLETS
TOTAL MONTH: 0.0 INCH 5 = HAIL
GRTST 24HR 0.0 6 = FREEZING RAIN OR DRIZZLE
GRTST DEPTH: M ON M 7 = DUSTSTORM OR SANDSTORM:
VSBY 1/2 MILE OR LESS
8 = SMOKE OR HAZE
[NO. OF DAYS WITH] [WEATHER - DAYS WITH] 9 = BLOWING SNOW
X = TORNADO
MAX 32 OR BELOW: 0 0.01 INCH OR MORE: 7
MAX 90 OR ABOVE: 3 0.10 INCH OR MORE: 4
MIN 32 OR BELOW: 2 0.50 INCH OR MORE: 2
MIN 0 OR BELOW: 0 1.00 INCH OR MORE: 0
[HDD (BASE 65) ]
TOTAL THIS MO. 136 CLEAR (SCALE 0-3) 25
DPTR FM NORMAL -81 PTCLDY (SCALE 4-7) 6
TOTAL FM JUL 1 143 CLOUDY (SCALE 8-10) 0
DPTR FM NORMAL -103
[CDD (BASE 65) ]
TOTAL THIS MO. 67
DPTR FM NORMAL 11 [PRESSURE DATA]
TOTAL FM JAN 1 1958 HIGHEST SLP M ON M
DPTR FM NORMAL 46 LOWEST SLP 29.39 ON 26
[REMARKS]
#FINAL-10-21#