320
CXUS53 KUNR 011030
CF6GCC
PRELIMINARY LOCAL CLIMATOLOGICAL DATA (WS FORM: F-6)
STATION: GILLETTE AIRPORT WY
MONTH: JANUARY
YEAR: 2021
LATITUDE: 44 20 N
LONGITUDE: 105 32 W
TEMPERATURE IN F: :PCPN: SNOW: WIND :SUNSHINE: SKY :PK WND
================================================================================
1 2 3 4 5 6A 6B 7 8 9 10 11 12 13 14 15 16 17 18
12Z AVG MX 2MIN
DY MAX MIN AVG DEP HDD CDD WTR SNW DPTH SPD SPD DIR MIN PSBL S-S WX SPD DR
================================================================================
1 44 19 32 7 33 0 0.00 M M 10.8 30 210 M M 0 37 210
2 42 18 30 5 35 0 T M M 8.3 23 330 M M 1 1 30 330
3 45 22 34 9 31 0 0.00 M M 13.1 25 310 M M 3 36 290
4 46 18 32 7 33 0 0.00 M M 12.2 29 220 M M 0 41 230
5 41 24 33 7 32 0 0.04 M M 15.3 30 320 M M 6 1 38 310
6 41 20 31 5 34 0 0.00 M M 10.0 18 220 M M 0 23 230
7 37 18 28 2 37 0 0.00 M M 5.7 15 230 M M 4 20 230
8 33 28 31 5 34 0 0.13 M M 5.0 12 270 M M 10 1 15 300
9 31 22 27 1 38 0 T M M 4.4 10 270 M M 10 12 13 280
10 36 15 26 0 39 0 0.00 M M 10.9 24 200 M M 1 32 200
11 42 24 33 7 32 0 0.00 M M 13.4 20 220 M M 0 26 220
12 46 31 39 13 26 0 0.00 M M 17.8 32 230 M M 0 42 230
13 55 30 43 17 22 0 T M M 26.7 53 310 M M 2 79 320
14 32 23 28 2 37 0 0.01 M M 29.4 41 320 M M 4 18 55 330
15 41 16 29 3 36 0 0.00 M M 13.1 26 320 M M 3 36 310
16 40 21 31 5 34 0 0.00 M M 16.4 30 320 M M 5 39 320
17 43 20 32 6 33 0 0.01 M M 12.8 32 320 M M 5 1 44 310
18 32 12 22 -4 43 0 0.02 M M 18.1 32 310 M M 8 128 45 300
19 35 26 31 5 34 0 0.00 M M 16.3 30 220 M M 4 40 220
20 46 23 35 9 30 0 0.00 M M 13.1 28 230 M M 0 35 230
21 33 15 24 -2 41 0 0.00 M M 5.9 14 290 M M 6 17 320
22 33 11 22 -4 43 0 T M M 8.9 23 170 M M 7 1 28 170
23 29 8 19 -7 46 0 0.01 M M 6.7 16 330 M M 6 1 19 340
24 35 4 20 -6 45 0 0.00 M M 9.7 26 170 M M 2 34 160
25 21 2 12 -14 53 0 0.00 M M 3.3 12 20 M M 7 12 14 50
26 23 12 18 -8 47 0 T M M 13.9 23 160 M M 8 18 29 170
27 39 10 25 -1 40 0 0.00 M M 15.7 32 210 M M 0 44 210
28 50 30 40 14 25 0 0.00 M M 23.2 35 220 M M 0 46 210
29 56 30 43 17 22 0 0.00 M M 18.9 35 220 M M 0 46 210
30 35 22 29 3 36 0 T M M 7.9 17 340 M M 7 18 22 340
31 48 24 36 10 29 0 0.00 M M 9.5 21 200 M M 1 26 220
================================================================================
SM 1210 598 1100 0 0.22 M 396.4 M 110
================================================================================
AV 39.0 19.3 12.8 FASTST M M 4 MAX(MPH)
MISC ----> 53 310 79 320
================================================================================
NOTES:
# LAST OF SEVERAL OCCURRENCES
COLUMN 17 PEAK WIND IN M.P.H.
PRELIMINARY LOCAL CLIMATOLOGICAL DATA (WS FORM: F-6) , PAGE 2
STATION: GILLETTE AIRPORT WY
MONTH: JANUARY
YEAR: 2021
LATITUDE: 44 20 N
LONGITUDE: 105 32 W
[TEMPERATURE DATA] [PRECIPITATION DATA] SYMBOLS USED IN COLUMN 16
AVERAGE MONTHLY: 29.2 TOTAL FOR MONTH: 0.22 1 = FOG OR MIST
DPTR FM NORMAL: 3.3 DPTR FM NORMAL: -0.17 2 = FOG REDUCING VISIBILITY
HIGHEST: 56 ON 29 GRTST 24HR 0.13 ON 8- 8 TO 1/4 MILE OR LESS
LOWEST: 2 ON 25 3 = THUNDER
SNOW, ICE PELLETS, HAIL 4 = ICE PELLETS
TOTAL MONTH: M 5 = HAIL
GRTST 24HR M ON M 6 = FREEZING RAIN OR DRIZZLE
GRTST DEPTH: M ON M 7 = DUSTSTORM OR SANDSTORM:
VSBY 1/2 MILE OR LESS
8 = SMOKE OR HAZE
[NO. OF DAYS WITH] [WEATHER - DAYS WITH] 9 = BLOWING SNOW
X = TORNADO
MAX 32 OR BELOW: 6 0.01 INCH OR MORE: 6
MAX 90 OR ABOVE: 0 0.10 INCH OR MORE: 1
MIN 32 OR BELOW: 31 0.50 INCH OR MORE: 0
MIN 0 OR BELOW: 0 1.00 INCH OR MORE: 0
[HDD (BASE 65) ]
TOTAL THIS MO. 1100 CLEAR (SCALE 0-3) 16
DPTR FM NORMAL -114 PTCLDY (SCALE 4-7) 12
TOTAL FM JUL 1 3844 CLOUDY (SCALE 8-10) 3
DPTR FM NORMAL -511
[CDD (BASE 65) ]
TOTAL THIS MO. 0
DPTR FM NORMAL 0 [PRESSURE DATA]
TOTAL FM JAN 1 0 HIGHEST SLP 30.49 ON 19
DPTR FM NORMAL 0 LOWEST SLP 29.53 ON 29
[REMARKS]
#FINAL-01-21#