000
CXUS53 KUNR 011030
CF6GCC
PRELIMINARY LOCAL CLIMATOLOGICAL DATA (WS FORM: F-6)
STATION: GILLETTE AIRPORT WY
MONTH: OCTOBER
YEAR: 2020
LATITUDE: 44 20 N
LONGITUDE: 105 32 W
TEMPERATURE IN F: :PCPN: SNOW: WIND :SUNSHINE: SKY :PK WND
================================================================================
1 2 3 4 5 6A 6B 7 8 9 10 11 12 13 14 15 16 17 18
12Z AVG MX 2MIN
DY MAX MIN AVG DEP HDD CDD WTR SNW DPTH SPD SPD DIR MIN PSBL S-S WX SPD DR
================================================================================
1 64 26 45 -6 20 0 0.00 M M 4.1 14 210 M M 0 19 200
2 68 42 55 5 10 0 0.00 M M 11.8 28 340 M M 5 37 340
3 69 35 52 2 13 0 0.00 M M 9.1 23 330 M M 2 31 300
4 81 39 60 10 5 0 0.00 M M 5.3 14 210 M M 0 8 21 320
5 71 45 58 9 7 0 0.00 M M 12.8 26 330 M M 0 37 330
6 83 50 67 18 0 2 0.00 M M 7.9 18 210 M M 0 24 210
7 81 41 61 13 4 0 0.00 M M 8.7 26 160 M M 0 36 160
8 87 41 64 16 1 0 0.00 M M 10.2 23 170 M M 0 30 170
9 74 44 59 11 6 0 0.00 M M 7.9 18 280 M M 0 22 260
10 84 50 67 20 0 2 0.00 M M 18.9 31 210 M M 0 41 200
11 71 31 51 4 14 0 0.09 M M 14.5 35 320 M M 3 1 46 330
12 69 32 51 5 14 0 0.00 M M 15.8 37 280 M M 2 49 270
13 68 26 47 1 18 0 0.00 M M 10.9 29 10 M M 2 36 180
14 54 28 41 -5 24 0 0.12 M M 17.7 45 340 M M 5 1 61 330
15 47 27 37 -9 28 0 0.01 M M 13.1 32 330 M M 4 1 47 320
16 58 30 44 -1 21 0 0.02 M M 7.9 18 200 M M 6 24 210
17 45 24 35 -10 30 0 0.55 M M 9.0 28 330 M M 10 1 35 330
18 32 21 27 -17 38 0 0.06 M M 9.3 21 180 M M 10 1 25 180
19 44 30 37 -7 28 0 0.05 M M 5.2 17 160 M M 9 1 23 170
20 43 29 36 -8 29 0 0.15 M M 8.2 22 330 M M 8 1 28 310
21 41 33 37 -7 28 0 0.00 M M 6.5 14 350 M M 10 1 17 350
22 34 16 25 -18 40 0 0.13 M M 18.3 30 320 M M 10 18 38 320
23 26 11 19 -24 46 0 0.00 M M 8.8 20 150 M M 5 25 150
24 27 11 19 -23 46 0 0.10 M M 14.4 25 350 M M 10 18 31 350
25 11 -10 1 -41 64 0 0.03 M M 11.1 23 360 M M 8 18 29 360
26 25 -2 12 -30 53 0 0.00 M M 11.2 18 220 M M 2 25 220
27 42 19 31 -10 34 0 0.00 M M 12.4 21 210 M M 0 26 220
28 45 33 39 -2 26 0 0.00 M M 7.7 16 250 M M 4 20 240
29 64 33 49 8 16 0 0.00 M M 9.9 18 310 M M 1 27 330
30 68 31 50 10 15 0 0.00 M M 15.9 31 210 M M 0 41 200
31 49 23 36 -4 29 0 0.00 M M 12.9 28 310 M M 3 36 330
================================================================================
SM 1725 889 707 4 1.31 M 337.4 M 119
================================================================================
AV 55.6 28.7 10.9 FASTST M M 4 MAX(MPH)
MISC ----> 45 340 61 330
================================================================================
NOTES:
# LAST OF SEVERAL OCCURRENCES
COLUMN 17 PEAK WIND IN M.P.H.
PRELIMINARY LOCAL CLIMATOLOGICAL DATA (WS FORM: F-6) , PAGE 2
STATION: GILLETTE AIRPORT WY
MONTH: OCTOBER
YEAR: 2020
LATITUDE: 44 20 N
LONGITUDE: 105 32 W
[TEMPERATURE DATA] [PRECIPITATION DATA] SYMBOLS USED IN COLUMN 16
AVERAGE MONTHLY: 42.2 TOTAL FOR MONTH: 1.31 1 = FOG OR MIST
DPTR FM NORMAL: -3.1 DPTR FM NORMAL: 0.04 2 = FOG REDUCING VISIBILITY
HIGHEST: 87 ON 8 GRTST 24HR 0.57 ON 17-18 TO 1/4 MILE OR LESS
LOWEST: -10 ON 25 3 = THUNDER
SNOW, ICE PELLETS, HAIL 4 = ICE PELLETS
TOTAL MONTH: M 5 = HAIL
GRTST 24HR M ON M 6 = FREEZING RAIN OR DRIZZLE
GRTST DEPTH: M ON M 7 = DUSTSTORM OR SANDSTORM:
VSBY 1/2 MILE OR LESS
8 = SMOKE OR HAZE
[NO. OF DAYS WITH] [WEATHER - DAYS WITH] 9 = BLOWING SNOW
X = TORNADO
MAX 32 OR BELOW: 5 0.01 INCH OR MORE: 11
MAX 90 OR ABOVE: 0 0.10 INCH OR MORE: 5
MIN 32 OR BELOW: 19 0.50 INCH OR MORE: 1
MIN 0 OR BELOW: 2 1.00 INCH OR MORE: 0
[HDD (BASE 65) ]
TOTAL THIS MO. 707 CLEAR (SCALE 0-3) 16
DPTR FM NORMAL 93 PTCLDY (SCALE 4-7) 9
TOTAL FM JUL 1 920 CLOUDY (SCALE 8-10) 6
DPTR FM NORMAL 10
[CDD (BASE 65) ]
TOTAL THIS MO. 4
DPTR FM NORMAL 2 [PRESSURE DATA]
TOTAL FM JAN 1 666 HIGHEST SLP 30.63 ON 25
DPTR FM NORMAL 164 LOWEST SLP 29.31 ON 11
[REMARKS]
#FINAL-10-20#