000
CXUS53 KUNR 011030
CF6GCC
PRELIMINARY LOCAL CLIMATOLOGICAL DATA (WS FORM: F-6)
STATION: GILLETTE AIRPORT WY
MONTH: NOVEMBER
YEAR: 2023
LATITUDE: 44 20 N
LONGITUDE: 105 32 W
TEMPERATURE IN F: :PCPN: SNOW: WIND :SUNSHINE: SKY :PK WND
================================================================================
1 2 3 4 5 6A 6B 7 8 9 10 11 12 13 14 15 16 17 18
12Z AVG MX 2MIN
DY MAX MIN AVG DEP HDD CDD WTR SNW DPTH SPD SPD DIR MIN PSBL S-S WX SPD DR
================================================================================
1 M M M M M M M M M M M M M M M M M
2 M M M M M M M M M M M M M M M M M
3 58 33 46 8 19 0 0.02 M M 6.6 15 340 M M 4 21 340
4 61 26 44 6 21 0 0.00 M M 6.6 14 180 M M 1 17 230
5 67 32 50 12 15 0 T M M 11.7 38 330 M M 1 52 340
6 63 29 46 9 19 0 0.00 M M 7.1 22 230 M M 0 30 220
7 55 26 41 4 24 0 0.00 M M 5.8 23 220 M M 2 30 230
8 45 27 36 -1 29 0 0.02 M M 10.9 25 340 M M 4 1 34 320
9 44 19 32 -4 33 0 0.00 M M 11.6 30 330 M M 0 37 340
10 55 25 40 4 25 0 0.00 M M 8.0 17 160 M M 1 21 180
11 56 17 37 2 28 0 0.00 M M 8.8 23 230 M M 0 30 230
12 61 25 43 8 22 0 0.00 M M 8.6 18 170 M M 0 25 170
13 65 40 53 18 12 0 0.00 M M 21.5 35 220 M M 0 47 190
14 62 26 44 10 21 0 0.00 M M 6.0 24 240 M M 0 33 230
15 61 37 49 15 16 0 0.00 M M 18.8 38 230 M M 0 52 230
16 55 24 40 6 25 0 0.00 M M 13.7 31 230 M M 0 42 230
17 58 21 40 7 25 0 0.00 M M 6.8 22 180 M M 0 27 180
18 60 19 40 7 25 0 0.00 M M 2.7 10 160 M M 0 12 170
19 55 22 39 7 26 0 0.00 M M 6.7 20 300 M M 1 27 310
20 48 27 38 6 27 0 0.00 M M 16.4 31 330 M M 6 40 330
21 57 26 42 10 23 0 0.00 M M 9.3 22 220 M M 0 28 220
22 60 37 49 18 16 0 0.00 M M 9.2 23 220 M M 2 31 230
23 38 19 29 -2 36 0 0.15 M M 11.1 17 30 M M 10 1 22 40
24 19 6 13 -17 52 0 0.07 M M 8.3 17 150 M M 7 18 20 150
25 24 3 14 -16 51 0 0.00 M M 9.8 18 270 M M 4 25 260
26 34 15 25 -5 40 0 0.00 M M 13.1 23 310 M M 4 35 340
27 34 15 25 -4 40 0 0.00 M M 11.9 20 230 M M 1 24 230
28 43 26 35 6 30 0 0.00 M M 12.6 24 210 M M 0 32 210
29 48 21 35 7 30 0 0.00 M M 8.6 25 220 M M 0 35 220
30 36 9 23 -5 42 0 0.00 M M 5.0 10 160 M M 2 M M
================================================================================
SM 1422 652 772 0 0.26 M 277.2 M 50
================================================================================
AV 50.8 23.3 9.9 FASTST M M 2 MAX(MPH)
MISC ----> # 38 330 # 52 340
================================================================================
NOTES:
# LAST OF SEVERAL OCCURRENCES
COLUMN 17 PEAK WIND IN M.P.H.
PRELIMINARY LOCAL CLIMATOLOGICAL DATA (WS FORM: F-6) , PAGE 2
STATION: GILLETTE AIRPORT WY
MONTH: NOVEMBER
YEAR: 2023
LATITUDE: 44 20 N
LONGITUDE: 105 32 W
[TEMPERATURE DATA] [PRECIPITATION DATA] SYMBOLS USED IN COLUMN 16
AVERAGE MONTHLY: 37.0 TOTAL FOR MONTH: 0.26 1 = FOG OR MIST
DPTR FM NORMAL: 3.4 DPTR FM NORMAL: -0.26 2 = FOG REDUCING VISIBILITY
HIGHEST: 67 ON 5 GRTST 24HR 0.18 ON 23-24 TO 1/4 MILE OR LESS
LOWEST: 3 ON 25 3 = THUNDER
SNOW, ICE PELLETS, HAIL 4 = ICE PELLETS
TOTAL MONTH: M 5 = HAIL
GRTST 24HR M ON M 6 = FREEZING RAIN OR DRIZZLE
GRTST DEPTH: M ON M 7 = DUSTSTORM OR SANDSTORM:
VSBY 1/2 MILE OR LESS
8 = SMOKE OR HAZE
[NO. OF DAYS WITH] [WEATHER - DAYS WITH] 9 = BLOWING SNOW
X = TORNADO
MAX 32 OR BELOW: 2 0.01 INCH OR MORE: 4
MAX 90 OR ABOVE: 0 0.10 INCH OR MORE: 1
MIN 32 OR BELOW: 24 0.50 INCH OR MORE: 0
MIN 0 OR BELOW: 0 1.00 INCH OR MORE: 0
[HDD (BASE 65) ]
TOTAL THIS MO. 772 CLEAR (SCALE 0-3) 21
DPTR FM NORMAL -168 PTCLDY (SCALE 4-7) 6
TOTAL FM JUL 1 1390 CLOUDY (SCALE 8-10) 3
DPTR FM NORMAL -430
[CDD (BASE 65) ]
TOTAL THIS MO. 0
DPTR FM NORMAL 0 [PRESSURE DATA]
TOTAL FM JAN 1 479 HIGHEST SLP 30.55 ON 20
DPTR FM NORMAL -40 LOWEST SLP 29.56 ON 6
[REMARKS]
#FINAL-11-23#