000
CXUS56 KFGZ 010910
CF6GCN
PRELIMINARY LOCAL CLIMATOLOGICAL DATA (WS FORM: F-6)
STATION: GRAND CANYON AZ AIRPORT
MONTH: JULY
YEAR: 2023
LATITUDE: 35 57 N
LONGITUDE: 112 9 W
TEMPERATURE IN F: :PCPN: SNOW: WIND :SUNSHINE: SKY :PK WND
================================================================================
1 2 3 4 5 6A 6B 7 8 9 10 11 12 13 14 15 16 17 18
12Z AVG MX 2MIN
DY MAX MIN AVG DEP HDD CDD WTR SNW DPTH SPD SPD DIR MIN PSBL S-S WX SPD DR
================================================================================
1 91 41 66 2 0 1 0.00 M M 3.9 15 50 M M 0 20 90
2 93 47 70 5 0 5 0.00 M M 3.7 18 230 M M 0 22 220
3 97 47 72 7 0 7 0.00 M M 5.1 20 240 M M 0 26 240
4 92 45 69 4 0 4 0.00 M M 9.2 30 230 M M 0 40 240
5 90 40 65 0 0 0 0.00 M M 7.8 26 220 M M 0 36 230
6 91 38 65 -1 0 0 0.00 M M 10.0 32 220 M M 0 43 220
7 90 43 67 1 0 2 0.00 M M 9.6 28 240 M M 0 39 210
8 91 40 66 0 0 1 0.00 M M 8.1 26 220 M M 0 8 36 230
9 91 46 69 3 0 4 0.00 M M 9.0 30 230 M M 0 38 230
10 91 49 70 4 0 5 0.00 M M 7.8 25 220 M M 1 38 210
11 88 52 70 3 0 5 0.19 M M 5.4 22 230 M M 2 38 32 220
12 92 49 71 4 0 6 0.00 M M 7.3 25 220 M M 1 32 210
13 94 51 73 6 0 8 0.00 M M 5.1 18 230 M M 1 31 240
14 96 51 74 7 0 9 0.00 M M 4.4 16 230 M M 0 24 230
15 98 49 74 7 0 9 0.00 M M 3.0 13 60 M M 0 19 330
16 99 50 75 8 0 10 0.00 M M 4.1 16 340 M M 0 24 340
17 100 50 75 7 0 10 0.12 M M 6.5 26 180 M M 2 3 36 190
18 95 56 76 8 0 11 0.00 M M 5.8 23 220 M M 1 3 30 230
19 96 51 74 6 0 9 0.00 M M 6.6 24 240 M M 0 32 230
20 96 50 73 5 0 8 0.00 M M 4.8 17 230 M M 0 30 240
21 97 53 75 7 0 10 T M M 6.0 18 170 M M 1 25 50
22 98 55 77 9 0 12 0.00 M M 5.1 21 230 M M 0 27 230
23 94 51 73 5 0 8 0.17 M M 5.4 27 220 M M 1 3 37 220
24 92 52 72 4 0 7 0.14 M M 4.4 20 250 M M 1 3 29 220
25 91 56 74 6 0 9 T M M 4.5 20 250 M M 2 3 27 230
26 93 51 72 4 0 7 0.06 M M 5.0 30 230 M M 1 3 41 240
27 94 51 73 5 0 8 0.04 M M 6.3 33 220 M M 2 38 42 220
28 93 49 71 3 0 6 T M M 4.5 18 220 M M 2 38 25 230
29 95 52 74 6 0 9 T M M 3.6 20 170 M M 1 3 25 190
30 90 53 72 4 0 7 0.25 M M 6.1 20 120 M M 2 3 31 110
31 82 57 70 2 0 5 T M M 5.6 17 170 M M 3 22 170
================================================================================
SM 2890 1525 0 202 0.97 M 183.7 M 24
================================================================================
AV 93.2 49.2 5.9 FASTST M M 1 MAX(MPH)
MISC ----> 33 220 43 220
================================================================================
NOTES:
# LAST OF SEVERAL OCCURRENCES
COLUMN 17 PEAK WIND IN M.P.H.
PRELIMINARY LOCAL CLIMATOLOGICAL DATA (WS FORM: F-6) , PAGE 2
STATION: GRAND CANYON AZ AIRPORT
MONTH: JULY
YEAR: 2023
LATITUDE: 35 57 N
LONGITUDE: 112 9 W
[TEMPERATURE DATA] [PRECIPITATION DATA] SYMBOLS USED IN COLUMN 16
AVERAGE MONTHLY: 71.2 TOTAL FOR MONTH: 0.97 1 = FOG OR MIST
DPTR FM NORMAL: 4.2 DPTR FM NORMAL: -0.69 2 = FOG REDUCING VISIBILITY
HIGHEST: 100 ON 17 GRTST 24HR 0.25 ON 29-30 TO 1/4 MILE OR LESS
LOWEST: 38 ON 6 3 = THUNDER
SNOW, ICE PELLETS, HAIL 4 = ICE PELLETS
TOTAL MONTH: M 5 = HAIL
GRTST 24HR M ON M 6 = FREEZING RAIN OR DRIZZLE
GRTST DEPTH: M ON M 7 = DUSTSTORM OR SANDSTORM:
VSBY 1/2 MILE OR LESS
8 = SMOKE OR HAZE
[NO. OF DAYS WITH] [WEATHER - DAYS WITH] 9 = BLOWING SNOW
X = TORNADO
MAX 32 OR BELOW: 0 0.01 INCH OR MORE: 7
MAX 90 OR ABOVE: 29 0.10 INCH OR MORE: 5
MIN 32 OR BELOW: 0 0.50 INCH OR MORE: 0
MIN 0 OR BELOW: 0 1.00 INCH OR MORE: 0
[HDD (BASE 65) ]
TOTAL THIS MO. 0 CLEAR (SCALE 0-3) 31
DPTR FM NORMAL -22 PTCLDY (SCALE 4-7) 0
TOTAL FM JUL 1 0 CLOUDY (SCALE 8-10) 0
DPTR FM NORMAL -19
[CDD (BASE 65) ]
TOTAL THIS MO. 202
DPTR FM NORMAL 120 [PRESSURE DATA]
TOTAL FM JAN 1 202 HIGHEST SLP M ON M
DPTR FM NORMAL 107 LOWEST SLP 29.71 ON 7
[REMARKS]
#FINAL-07-23#