000
CXUS54 KFWD 010731
CF6GDJ
PRELIMINARY LOCAL CLIMATOLOGICAL DATA (WS FORM: F-6)
STATION: GRANBURY
MONTH: AUGUST
YEAR: 2023
LATITUDE: 32 26 N
LONGITUDE: 97 48 W
TEMPERATURE IN F: :PCPN: SNOW: WIND :SUNSHINE: SKY :PK WND
================================================================================
1 2 3 4 5 6A 6B 7 8 9 10 11 12 13 14 15 16 17 18
12Z AVG MX 2MIN
DY MAX MIN AVG DEP HDD CDD WTR SNW DPTH SPD SPD DIR MIN PSBL S-S WX SPD DR
================================================================================
1 106 78 92 8 0 27 0.00 M M 5.2 12 120 M M 1 21 110
2 107 81 94 10 0 29 0.00 M M 8.4 17 160 M M 0 24 160
3 105 82 94 10 0 29 0.00 M M 9.7 15 130 M M 0 21 130
4 106 83 95 11 0 30 0.00 M M 8.2 13 220 M M 1 20 220
5 106 84 95 11 0 30 0.00 M M 9.2 16 130 M M 0 22 130
6 105 83 94 10 0 29 0.00 M M 8.4 13 130 M M 0 20 190
7 108 84 96 12 0 31 0.00 M M 9.1 17 120 M M 0 24 120
8 106 85 96 12 0 31 0.00 M M 10.5 18 120 M M 0 28 120
9 109 83 96 12 0 31 0.00 M M 12.8 20 210 M M 0 28 210
10 108 82 95 11 0 30 0.00 M M 8.4 16 110 M M 0 23 110
11 109 85 97 13 0 32 0.00 M M 10.5 15 160 M M 0 24 130
12 108 82 95 11 0 30 0.00 M M 10.9 16 210 M M 0 22 190
13 108 82 95 11 0 30 0.00 M M 9.7 14 230 M M 0 25 230
14 101 80 91 7 0 26 0.00 M M 9.1 16 20 M M 0 24 20
15 96 72 84 0 0 19 0.00 M M 5.8 13 20 M M 2 18 10
16 99 67 83 -1 0 18 0.00 M M 3.8 9 110 M M 0 M M
17 109 74 92 8 0 27 0.00 M M 7.1 12 130 M M 0 17 100
18 110 78 94 10 0 29 0.00 M M 6.9 12 160 M M 0 18 250
19 107 82 95 11 0 30 0.00 M M 9.1 13 150 M M 0 18 160
20 108 77 93 9 0 28 0.00 M M 5.8 18 80 M M 0 22 80
21 105 80 93 9 0 28 0.00 M M 6.6 13 100 M M 0 23 70
22 102 80 91 7 0 26 0.00 M M 5.7 16 110 M M 1 22 110
23 102 77 90 6 0 25 0.00 M M 5.5 13 130 M M 1 20 110
24 105 76 91 7 0 26 0.00 M M 2.3 8 100 M M 1 M M
25 107 78 93 10 0 28 0.00 M M 5.2 12 30 M M 0 17 330
26 108 83 96 13 0 31 0.12 M M 6.0 18 300 M M 2 51 100
27 97 75 86 3 0 21 0.02 M M 5.9 17 360 M M 1 37 350
28 95 72 84 1 0 19 0.00 M M 7.7 16 40 M M 0 22 350
29 97 67 82 -1 0 17 0.00 M M 4.2 15 50 M M 1 18 50
30 98 72 85 3 0 20 0.00 M M 5.6 12 30 M M 1 18 10
31 99 67 83 1 0 18 0.00 M M 3.5 9 110 M M 0 16 290
================================================================================
SM 3236 2431 0 825 0.14 M 226.9 M 12
================================================================================
AV104.4 78.4 7.3 FASTST M M 0 MAX(MPH)
MISC ----> 20 210 51 100
================================================================================
NOTES:
# LAST OF SEVERAL OCCURRENCES
COLUMN 17 PEAK WIND IN M.P.H.
PRELIMINARY LOCAL CLIMATOLOGICAL DATA (WS FORM: F-6) , PAGE 2
STATION: GRANBURY
MONTH: AUGUST
YEAR: 2023
LATITUDE: 32 26 N
LONGITUDE: 97 48 W
[TEMPERATURE DATA] [PRECIPITATION DATA] SYMBOLS USED IN COLUMN 16
AVERAGE MONTHLY: 91.4 TOTAL FOR MONTH: 0.14 1 = FOG OR MIST
DPTR FM NORMAL: 7.6 DPTR FM NORMAL: M 2 = FOG REDUCING VISIBILITY
HIGHEST: 110 ON 18 GRTST 24HR 0.12 ON 26-26 TO 1/4 MILE OR LESS
LOWEST: 67 ON 31,29 3 = THUNDER
SNOW, ICE PELLETS, HAIL 4 = ICE PELLETS
TOTAL MONTH: M 5 = HAIL
GRTST 24HR M ON M 6 = FREEZING RAIN OR DRIZZLE
GRTST DEPTH: M ON M 7 = DUSTSTORM OR SANDSTORM:
VSBY 1/2 MILE OR LESS
8 = SMOKE OR HAZE
[NO. OF DAYS WITH] [WEATHER - DAYS WITH] 9 = BLOWING SNOW
X = TORNADO
MAX 32 OR BELOW: 0 0.01 INCH OR MORE: 2
MAX 90 OR ABOVE: 31 0.10 INCH OR MORE: 1
MIN 32 OR BELOW: 0 0.50 INCH OR MORE: 0
MIN 0 OR BELOW: 0 1.00 INCH OR MORE: 0
[HDD (BASE 65) ]
TOTAL THIS MO. 0 CLEAR (SCALE 0-3) 31
DPTR FM NORMAL 0 PTCLDY (SCALE 4-7) 0
TOTAL FM JUL 1 0 CLOUDY (SCALE 8-10) 0
DPTR FM NORMAL 0
[CDD (BASE 65) ]
TOTAL THIS MO. 825
DPTR FM NORMAL 243 [PRESSURE DATA]
TOTAL FM JAN 1 2515 HIGHEST SLP M ON M
DPTR FM NORMAL 584 LOWEST SLP M ON M
[REMARKS]
#FINAL-08-23#