000
CXUS54 KMAF 040137
CF6GDP
PRELIMINARY LOCAL CLIMATOLOGICAL DATA (WS FORM: F-6)
STATION: GUADALUPE PASS
MONTH: JULY
YEAR: 2021
LATITUDE: 31 49 N
LONGITUDE: 104 48 W
TEMPERATURE IN F: :PCPN: SNOW: WIND :SUNSHINE: SKY :PK WND
================================================================================
1 2 3 4 5 6A 6B 7 8 9 10 11 12 13 14 15 16 17 18
12Z AVG MX 2MIN
DY MAX MIN AVG DEP HDD CDD WTR SNW DPTH SPD SPD DIR MIN PSBL S-S WX SPD DR
================================================================================
1 78 62 70 -8 0 5 0.01 M M 14.3 32 50 M M 4 128 35 50
2 77 65 71 -7 0 6 0.02 M M 14.2 32 70 M M 4 1 35 60
3 82 65 74 -4 0 9 0.13 M M 15.9 32 80 M M 7 1 36 70
4 90 68 79 1 0 14 0.00 M M 8.5 26 40 M M 1 32 250
5 85 60 73 -5 0 8 0.14 M M 20.5 49 40 M M 2 1 58 40
6 79 64 72 -6 0 7 0.00 M M 21.1 32 70 M M 3 128 37 80
7 81 63 72 -6 0 7 0.00 M M 19.2 33 50 M M 5 18 39 40
8 83 65 74 -4 0 9 0.00 M M 15.0 25 70 M M 1 31 70
9 75 66 71 -7 0 6 M M M 14.2 17 50 M M 0 M M
10 M M M M M M M M M M M M M M M M M
11 M M M M M M M M M M M M M M M M M
12 82 64 73 -5 0 8 0.00 M M 21.0 36 40 M M M 40 40
13 84 63 74 -3 0 9 0.00 0.0 0 15.5 30 50 M M 1 34 50
14 91 66 79 2 0 14 0.00 M M 10.9 24 40 M M 1 29 240
15 94 69 82 5 0 17 0.00 M M 14.6 25 240 M M 2 30 200
16 93 69 81 4 0 16 0.00 M M 17.2 30 70 M M 2 35 80
17 90 65 78 1 0 13 0.43 M M 9.7 32 60 M M 3 1 41 120
18 74 66 70 -7 0 5 T M M 22.0 35 40 M M 4 18 37 40
19 82 64 73 -4 0 8 1.15 M M 19.8 30 110 M M 6 128 37 110
20 80 65 73 -4 0 8 0.00 M M 18.6 31 70 M M 3 1 35 70
21 80 62 71 -6 0 6 0.00 M M 17.1 28 40 M M 2 32 40
22 87 65 76 -1 0 11 0.00 M M 9.7 22 40 M M 1 26 40
23 82 61 72 -5 0 7 0.18 M M 15.3 31 270 M M 5 1 39 290
24 87 64 76 -1 0 11 0.00 M M 12.4 25 240 M M 1 31 240
25 87 63 75 -2 0 10 0.09 M M 14.1 35 40 M M 3 18 38 40
26 88 66 77 0 0 12 M M M 11.4 39 40 M M 1 42 40
27 87 66 77 0 0 12 0.00 M M 12.0 18 40 M M 0 22 70
28 86 66 76 -1 0 11 0.00 M M 15.6 39 70 M M 1 8 47 70
29 82 63 73 -4 0 8 0.00 M M 18.3 32 80 M M 1 38 80
30 85 67 76 -1 0 11 T M M 16.6 31 40 M M 1 34 30
31 88 68 78 1 0 13 T M M 8.7 22 100 M M 2 28 100
================================================================================
SM 2439 1880 0 281 2.15 0.0 443.4 M 67
================================================================================
AV 84.1 64.8 15.3 FASTST M M 2 MAX(MPH)
MISC ----> 49 40 58 40
================================================================================
NOTES:
# LAST OF SEVERAL OCCURRENCES
COLUMN 17 PEAK WIND IN M.P.H.
PRELIMINARY LOCAL CLIMATOLOGICAL DATA (WS FORM: F-6) , PAGE 2
STATION: GUADALUPE PASS
MONTH: JULY
YEAR: 2021
LATITUDE: 31 49 N
LONGITUDE: 104 48 W
[TEMPERATURE DATA] [PRECIPITATION DATA] SYMBOLS USED IN COLUMN 16
AVERAGE MONTHLY: 74.5 TOTAL FOR MONTH: 2.15 1 = FOG OR MIST
DPTR FM NORMAL: -3.0 DPTR FM NORMAL: 0.28 2 = FOG REDUCING VISIBILITY
HIGHEST: 94 ON 15 GRTST 24HR 1.15 ON 19-19 TO 1/4 MILE OR LESS
LOWEST: 60 ON 5 3 = THUNDER
SNOW, ICE PELLETS, HAIL 4 = ICE PELLETS
TOTAL MONTH: 0.0 INCH 5 = HAIL
GRTST 24HR 0.0 6 = FREEZING RAIN OR DRIZZLE
GRTST DEPTH: 0 7 = DUSTSTORM OR SANDSTORM:
VSBY 1/2 MILE OR LESS
8 = SMOKE OR HAZE
[NO. OF DAYS WITH] [WEATHER - DAYS WITH] 9 = BLOWING SNOW
X = TORNADO
MAX 32 OR BELOW: 0 0.01 INCH OR MORE: 8
MAX 90 OR ABOVE: 5 0.10 INCH OR MORE: 5
MIN 32 OR BELOW: 0 0.50 INCH OR MORE: 1
MIN 0 OR BELOW: 0 1.00 INCH OR MORE: 1
[HDD (BASE 65) ]
TOTAL THIS MO. 0 CLEAR (SCALE 0-3) 19
DPTR FM NORMAL -2 PTCLDY (SCALE 4-7) 9
TOTAL FM JUL 1 0 CLOUDY (SCALE 8-10) 3
DPTR FM NORMAL 0
[CDD (BASE 65) ]
TOTAL THIS MO. 281
DPTR FM NORMAL -108 [PRESSURE DATA]
TOTAL FM JAN 1 887 HIGHEST SLP 30.14 ON 20
DPTR FM NORMAL -157 LOWEST SLP 29.81 ON 15
[REMARKS]
#FINAL-07-21#