000
CXUS56 KOTX 011010
CF6GEG
PRELIMINARY LOCAL CLIMATOLOGICAL DATA (WS FORM: F-6)
STATION: SPOKANE WA AIRPORT
MONTH: DECEMBER
YEAR: 2022
LATITUDE: 47 37 N
LONGITUDE: 117 32 W
TEMPERATURE IN F: :PCPN: SNOW: WIND :SUNSHINE: SKY :PK WND
================================================================================
1 2 3 4 5 6A 6B 7 8 9 10 11 12 13 14 15 16 17 18
12Z AVG MX 2MIN
DY MAX MIN AVG DEP HDD CDD WTR SNW DPTH SPD SPD DIR MIN PSBL S-S WX SPD DR
================================================================================
1 35 16 26 -6 39 0 T T 9 10.7 18 200 M M 8 18 25 200
2 24 11 18 -13 47 0 T T 8 4.2 10 150 M M 6 128 13 150
3 24 13 19 -12 46 0 0.00 0.0 8 6.4 12 40 M M 3 18 13 40
4 24 11 18 -13 47 0 0.07 0.6 8 6.4 13 10 M M 7 1 17 20
5 24 20 22 -9 43 0 T 0.1 9 3.6 10 230 M M 10 168 12 220
6 24 21 23 -7 42 0 0.01 0.2 9 5.7 15 220 M M 10 126 17 200
7 29 23 26 -4 39 0 T T 9 4.1 8 60 M M 10 2 9 70
8 33 19 26 -4 39 0 0.34 3.6 8 6.4 14 210 M M 10 128 19 180
9 33 24 29 -1 36 0 T T 12 7.7 17 230 M M 9 1 20 220
10 37 31 34 4 31 0 0.85 5.0 13 10.0 17 140 M M 10 1 24 140
11 35 31 33 4 32 0 0.00 0.0 14 7.1 12 50 M M 9 12 15 60
12 34 21 28 -1 37 0 0.00 0.0 13 3.8 9 170 M M 8 12 11 160
13 28 22 25 -4 40 0 T T 12 3.6 9 160 M M 10 12 11 170
14 29 21 25 -4 40 0 0.06 0.9 12 3.2 9 260 M M 9 12 11 260
15 26 19 23 -6 42 0 T T 12 3.5 9 220 M M 10 128 12 220
16 26 18 22 -7 43 0 T T 12 3.7 10 210 M M 10 12 13 220
17 26 22 24 -4 41 0 T T 12 3.9 9 220 M M 10 1 11 220
18 31 18 25 -3 40 0 T T 12 8.5 21 250 M M 10 128 23 210
19 22 12 17 -11 48 0 0.05 0.4 12 3.9 9 230 M M 10 1 10 230
20 16 -3 7 -21 58 0 0.22 2.7 14 4.6 10 200 M M 8 128 12 210
21 9 -7 1 -27 64 0 0.00 0.0 15 7.9 15 20 M M 5 1 18 20
22 4 -10 -3 -31 68 0 T T 14 8.7 15 40 M M 6 17 40
23 10 2 6 -22 59 0 0.19 1.7 14 7.6 12 40 M M 10 18 13 40
24 29 10 20 -8 45 0 0.23 0.3 15 5.8 13 210 M M 10 12468 15 210
25 32 23 28 0 37 0 0.15 0.0 15 4.5 12 50 M M 10 126 12 50
26 43 32 38 10 27 0 0.46 0.0 14 7.0 16 190 M M 10 12 22 150
27 45 34 40 12 25 0 0.79 T 12 17.1 32 210 M M 10 1 43 210
28 36 30 33 5 32 0 T T 8 15.0 29 220 M M 8 1 38 210
29 37 28 33 5 32 0 T 0.1 7 4.4 12 190 M M 9 12 15 190
30 36 33 35 7 30 0 0.17 1.3 7 6.4 15 220 M M 10 128 19 220
31 36 34 35 7 30 0 T T 7 6.0 18 220 M M 10 12 23 210
================================================================================
SM 877 579 1279 0 3.59 16.9 201.4 M 275
================================================================================
AV 28.3 18.7 6.5 FASTST M M 9 MAX(MPH)
MISC ----> 32 210 43 210
================================================================================
NOTES:
# LAST OF SEVERAL OCCURRENCES
COLUMN 17 PEAK WIND IN M.P.H.
PRELIMINARY LOCAL CLIMATOLOGICAL DATA (WS FORM: F-6) , PAGE 2
STATION: SPOKANE WA AIRPORT
MONTH: DECEMBER
YEAR: 2022
LATITUDE: 47 37 N
LONGITUDE: 117 32 W
[TEMPERATURE DATA] [PRECIPITATION DATA] SYMBOLS USED IN COLUMN 16
AVERAGE MONTHLY: 23.5 TOTAL FOR MONTH: 3.59 1 = FOG OR MIST
DPTR FM NORMAL: -5.6 DPTR FM NORMAL: 1.25 2 = FOG REDUCING VISIBILITY
HIGHEST: 45 ON 27 GRTST 24HR 1.14 ON 26-27 TO 1/4 MILE OR LESS
LOWEST: -10 ON 22 3 = THUNDER
SNOW, ICE PELLETS, HAIL 4 = ICE PELLETS
TOTAL MONTH: 24.4 INCHES 5 = HAIL
GRTST 24HR 5.0 ON 10-10 6 = FREEZING RAIN OR DRIZZLE
GRTST DEPTH: 15 ON 25,24 7 = DUSTSTORM OR SANDSTORM:
VSBY 1/2 MILE OR LESS
8 = SMOKE OR HAZE
[NO. OF DAYS WITH] [WEATHER - DAYS WITH] 9 = BLOWING SNOW
X = TORNADO
MAX 32 OR BELOW: 19 0.01 INCH OR MORE: 13
MAX 90 OR ABOVE: 0 0.10 INCH OR MORE: 9
MIN 32 OR BELOW: 28 0.50 INCH OR MORE: 2
MIN 0 OR BELOW: 3 1.00 INCH OR MORE: 0
[HDD (BASE 65) ]
TOTAL THIS MO. 1279 CLEAR (SCALE 0-3) 1
DPTR FM NORMAL 165 PTCLDY (SCALE 4-7) 5
TOTAL FM JUL 1 2738 CLOUDY (SCALE 8-10) 25
DPTR FM NORMAL 13
[CDD (BASE 65) ]
TOTAL THIS MO. 0
DPTR FM NORMAL 0 [PRESSURE DATA]
TOTAL FM JAN 1 765 HIGHEST SLP M ON M
DPTR FM NORMAL 250 LOWEST SLP 27.31 ON 31
[REMARKS]
#FINAL-12-22#