000
CXUS55 KRIW 011110
CF6GEY
PRELIMINARY LOCAL CLIMATOLOGICAL DATA (WS FORM: F-6)
STATION: GREYBULL WY
MONTH: FEBRUARY
YEAR: 2021
LATITUDE: 44 30 N
LONGITUDE: 108 4 W
TEMPERATURE IN F: :PCPN: SNOW: WIND :SUNSHINE: SKY :PK WND
================================================================================
1 2 3 4 5 6A 6B 7 8 9 10 11 12 13 14 15 16 17 18
12Z AVG MX 2MIN
DY MAX MIN AVG DEP HDD CDD WTR SNW DPTH SPD SPD DIR MIN PSBL S-S WX SPD DR
================================================================================
1 51 8 30 11 35 0 0.00 M M 3.7 10 170 M M 0 15 170
2 58 15 37 18 28 0 0.00 M M 4.9 17 130 M M 0 24 140
3 41 22 32 13 33 0 T M M 12.5 38 330 M M 5 49 320
4 33 17 25 6 40 0 0.04 M M 3.5 10 200 M M 9 12 12 230
5 34 18 26 6 39 0 0.03 M M 7.4 32 330 M M 10 1 40 330
6 18 8 13 -7 52 0 0.06 M M 5.8 31 340 M M 10 1 40 330
7 12 -3 5 -15 60 0 0.08 M M 10.2 25 300 M M 10 128 33 290
8 10 -4 3 -18 62 0 0.01 M M 7.8 24 320 M M 9 18 29 320
9 4 -4 0 -21 65 0 T M M 5.2 15 320 M M 10 8 18 320
10 6 -5 1 -20 64 0 T M M 4.9 15 310 M M 9 18 17 300
11 -5 -11 -8 -30 73 0 T M M 11.5 22 320 M M 10 18 27 310
12 -5 -14 -9 -31 74 0 0.04 M M 2.1 6 170 M M 10 18 8 290
13 -1 -18 -9 -32 74 0 T M M 5.5 14 340 M M 8 18 16 340
14 1 -18 -8 -31 73 0 0.00 M M 1.9 8 330 M M 8 9 330
15 13 -6 4 -20 61 0 0.00 M M 2.3 9 300 M M 8 11 300
16 22 4 13 -11 52 0 T M M 1.8 8 160 M M 10 1 9 160
17 27 14 21 -3 44 0 T M M 2.8 7 300 M M 9 1 9 310
18 23 0 12 -13 53 0 T M M 3.9 9 100 M M 6 1 13 110
19 29 2 16 -9 49 0 0.00 M M 4.3 14 120 M M 2 17 120
20 29 5 17 -9 48 0 0.00 M M 3.9 12 110 M M 3 14 120
21 28 -2 13 -13 52 0 0.00 M M 4.0 13 110 M M 0 15 110
22 39 11 25 -2 40 0 0.00 M M 5.8 15 100 M M 1 19 110
23 38 14 26 -1 39 0 T M M 14.3 44 340 M M 4 8 56 330
24 32 -2 15 -13 50 0 0.00 M M 4.0 13 300 M M 1 15 310
25 30 -2 14 -14 51 0 0.00 M M 3.3 10 110 M M 2 14 120
26 37 11 24 -5 41 0 0.00 M M 5.3 13 200 M M 2 17 60
27 32 12 22 -8 43 0 T M M 14.1 29 330 M M 7 18 36 330
28 32 -1 16 -14 49 0 0.00 M M 3.7 9 140 M M 1 12 140
================================================================================
SM 668 71 1444 0 0.26 M 160.4 M 164
================================================================================
AV 23.9 2.5 5.7 FASTST M M 6 MAX(MPH)
MISC ----> 44 340 56 330
================================================================================
NOTES:
# LAST OF SEVERAL OCCURRENCES
COLUMN 17 PEAK WIND IN M.P.H.
PRELIMINARY LOCAL CLIMATOLOGICAL DATA (WS FORM: F-6) , PAGE 2
STATION: GREYBULL WY
MONTH: FEBRUARY
YEAR: 2021
LATITUDE: 44 30 N
LONGITUDE: 108 4 W
[TEMPERATURE DATA] [PRECIPITATION DATA] SYMBOLS USED IN COLUMN 16
AVERAGE MONTHLY: 13.2 TOTAL FOR MONTH: 0.26 1 = FOG OR MIST
DPTR FM NORMAL: -10.4 DPTR FM NORMAL: 0.08 2 = FOG REDUCING VISIBILITY
HIGHEST: 58 ON 2 GRTST 24HR 0.12 ON 6- 7 TO 1/4 MILE OR LESS
LOWEST: -18 ON 14,13 3 = THUNDER
SNOW, ICE PELLETS, HAIL 4 = ICE PELLETS
TOTAL MONTH: M 5 = HAIL
GRTST 24HR M ON M 6 = FREEZING RAIN OR DRIZZLE
GRTST DEPTH: M ON M 7 = DUSTSTORM OR SANDSTORM:
VSBY 1/2 MILE OR LESS
8 = SMOKE OR HAZE
[NO. OF DAYS WITH] [WEATHER - DAYS WITH] 9 = BLOWING SNOW
X = TORNADO
MAX 32 OR BELOW: 20 0.01 INCH OR MORE: 6
MAX 90 OR ABOVE: 0 0.10 INCH OR MORE: 0
MIN 32 OR BELOW: 28 0.50 INCH OR MORE: 0
MIN 0 OR BELOW: 14 1.00 INCH OR MORE: 0
[HDD (BASE 65) ]
TOTAL THIS MO. 1444 CLEAR (SCALE 0-3) 10
DPTR FM NORMAL 287 PTCLDY (SCALE 4-7) 5
TOTAL FM JUL 1 5644 CLOUDY (SCALE 8-10) 13
DPTR FM NORMAL -330
[CDD (BASE 65) ]
TOTAL THIS MO. 0
DPTR FM NORMAL 0 [PRESSURE DATA]
TOTAL FM JAN 1 0 HIGHEST SLP 30.66 ON 11
DPTR FM NORMAL 0 LOWEST SLP 29.63 ON 3
[REMARKS]
#FINAL-02-21#