000
CXUS53 KIND 010600
CF6GEZ
PRELIMINARY LOCAL CLIMATOLOGICAL DATA (WS FORM: F-6)
STATION: SHELBYVILLE IN
MONTH: MARCH
YEAR: 2022
LATITUDE: 39 35 N
LONGITUDE: 85 48 W
TEMPERATURE IN F: :PCPN: SNOW: WIND :SUNSHINE: SKY :PK WND
================================================================================
1 2 3 4 5 6A 6B 7 8 9 10 11 12 13 14 15 16 17 18
12Z AVG MX 2MIN
DY MAX MIN AVG DEP HDD CDD WTR SNW DPTH SPD SPD DIR MIN PSBL S-S WX SPD DR
================================================================================
1 68 36 52 14 13 0 0.00 M M 9.3 20 270 M M 3 27 260
2 67 34 51 13 14 0 T M M 6.5 15 220 M M 3 18 20 230
3 55 34 45 6 20 0 0.00 M M 10.5 20 20 M M 7 29 30
4 54 30 42 3 23 0 0.00 M M 9.4 14 100 M M 0 17 130
5 78 43 61 22 4 0 0.00 M M 16.1 30 180 M M 2 39 170
6 70 51 61 21 4 0 0.52 M M 14.0 28 220 M M 7 3 41 270
7 52 36 44 4 21 0 1.75 M M 13.3 33 350 M M 10 3 47 340
8 40 33 37 -3 28 0 0.00 M M 4.2 14 300 M M 8 18 340
9 51 35 43 2 22 0 0.00 M M 5.5 15 320 M M 4 19 310
10 52 29 41 0 24 0 0.00 M M 5.4 13 330 M M 0 17 340
11 37 27 32 -9 33 0 T M M 11.7 28 310 M M 9 18 37 290
12 28 17 23 -19 42 0 0.00 M M 16.0 29 320 M M 2 38 320
13 54 19 37 -5 28 0 0.00 M M 14.3 29 230 M M 3 41 220
14 67 37 52 10 13 0 0.00 M M 11.5 23 180 M M 0 30 190
15 70 43 57 14 8 0 T M M 6.5 17 270 M M 4 25 230
16 73 38 56 13 9 0 0.00 M M 6.6 20 190 M M 0 25 190
17 75 41 58 14 7 0 0.00 M M 4.3 14 200 M M 1 12 18 200
18 68 46 57 13 8 0 0.77 M M 8.2 21 150 M M 6 13 27 180
19 57 43 50 6 15 0 0.14 M M 15.0 24 250 M M 10 18 34 250
20 65 37 51 6 14 0 0.00 M M 6.9 14 250 M M 1 20 200
21 73 39 56 11 9 0 0.00 M M 8.4 17 160 M M 0 23 170
22 60 50 55 9 10 0 0.90 M M 13.7 35 140 M M 8 1 46 140
23 69 50 60 14 5 0 0.11 M M 17.2 33 230 M M 9 13 48 230
24 54 44 49 3 16 0 0.01 M M 15.0 28 220 M M 10 1 36 220
25 46 40 43 -4 22 0 0.09 M M 13.9 36 270 M M 9 18 48 270
26 41 32 37 -10 28 0 T M M 16.3 28 270 M M 10 40 280
27 41 27 34 -13 31 0 0.00 M M 11.2 20 300 M M 3 28 300
28 44 23 34 -14 31 0 0.00 M M 4.9 16 340 M M 0 25 360
29 44 34 39 -9 26 0 T M M 12.2 21 100 M M 9 27 100
30 79 44 62 14 3 0 0.09 M M 19.0 35 220 M M 3 1 49 210
31 61 38 50 1 15 0 0.22 M M 18.1 39 230 M M 10 1 52 220
================================================================================
SM 1793 1130 546 0 4.60 M 345.1 M 151
================================================================================
AV 57.8 36.5 11.1 FASTST M M 5 MAX(MPH)
MISC ----> 39 230 52 220
================================================================================
NOTES:
# LAST OF SEVERAL OCCURRENCES
COLUMN 17 PEAK WIND IN M.P.H.
PRELIMINARY LOCAL CLIMATOLOGICAL DATA (WS FORM: F-6) , PAGE 2
STATION: SHELBYVILLE IN
MONTH: MARCH
YEAR: 2022
LATITUDE: 39 35 N
LONGITUDE: 85 48 W
[TEMPERATURE DATA] [PRECIPITATION DATA] SYMBOLS USED IN COLUMN 16
AVERAGE MONTHLY: 47.1 TOTAL FOR MONTH: 4.60 1 = FOG OR MIST
DPTR FM NORMAL: 3.8 DPTR FM NORMAL: 1.15 2 = FOG REDUCING VISIBILITY
HIGHEST: 79 ON 30 GRTST 24HR 2.07 ON 6- 7 TO 1/4 MILE OR LESS
LOWEST: 17 ON 12 3 = THUNDER
SNOW, ICE PELLETS, HAIL 4 = ICE PELLETS
TOTAL MONTH: M 5 = HAIL
GRTST 24HR M ON M 6 = FREEZING RAIN OR DRIZZLE
GRTST DEPTH: M ON M 7 = DUSTSTORM OR SANDSTORM:
VSBY 1/2 MILE OR LESS
8 = SMOKE OR HAZE
[NO. OF DAYS WITH] [WEATHER - DAYS WITH] 9 = BLOWING SNOW
X = TORNADO
MAX 32 OR BELOW: 1 0.01 INCH OR MORE: 10
MAX 90 OR ABOVE: 0 0.10 INCH OR MORE: 7
MIN 32 OR BELOW: 8 0.50 INCH OR MORE: 4
MIN 0 OR BELOW: 0 1.00 INCH OR MORE: 1
[HDD (BASE 65) ]
TOTAL THIS MO. 546 CLEAR (SCALE 0-3) 13
DPTR FM NORMAL -130 PTCLDY (SCALE 4-7) 8
TOTAL FM JUL 1 4081 CLOUDY (SCALE 8-10) 10
DPTR FM NORMAL -510
[CDD (BASE 65) ]
TOTAL THIS MO. 0
DPTR FM NORMAL -3 [PRESSURE DATA]
TOTAL FM JAN 1 0 HIGHEST SLP M ON M
DPTR FM NORMAL -3 LOWEST SLP 29.25 ON 30
[REMARKS]
#FINAL-03-22#