000
CXUS53 KFGF 010915
CF6GFK
PRELIMINARY LOCAL CLIMATOLOGICAL DATA (WS FORM: F-6)
STATION: GRAND FORKS INTL AP ND
MONTH: JANUARY
YEAR: 2021
LATITUDE: 47 57 N
LONGITUDE: 97 11 W
TEMPERATURE IN F: :PCPN: SNOW: WIND :SUNSHINE: SKY :PK WND
================================================================================
1 2 3 4 5 6A 6B 7 8 9 10 11 12 13 14 15 16 17 18
12Z AVG MX 2MIN
DY MAX MIN AVG DEP HDD CDD WTR SNW DPTH SPD SPD DIR MIN PSBL S-S WX SPD DR
================================================================================
1 28 14 21 14 44 0 T 0.0 3 6.7 17 180 M M 9 1 22 190
2 26 17 22 15 43 0 0.00 0.0 3 13.6 20 180 M M 8 1 26 180
3 34 16 25 18 40 0 0.00 0.0 3 10.7 17 180 M M 5 22 180
4 37 15 26 19 39 0 T 0.0 2 10.8 20 270 M M 3 25 280
5 25 7 16 9 49 0 0.00 0.0 1 3.6 10 150 M M 7 1 12 150
6 37 18 28 21 37 0 0.00 0.0 1 4.2 13 150 M M 6 15 150
7 27 18 23 16 42 0 T T 1 9.3 15 150 M M 6 128 20 180
8 28 25 27 21 38 0 0.01 0.1 1 5.6 10 160 M M 10 12 13 160
9 34 9 22 16 43 0 T 0.1 1 3.4 12 270 M M 7 128 15 290
10 33 5 19 13 46 0 0.00 0.0 1 9.0 24 240 M M 6 12 31 230
11 31 17 24 18 41 0 0.00 0.0 1 7.2 14 290 M M 7 1 17 280
12 39 13 26 20 39 0 0.00 0.0 1 7.0 12 250 M M 5 18 15 250
13 38 19 29 23 36 0 0.10 0.0 1 8.1 15 180 M M 7 1 19 180
14 39 30 35 29 30 0 0.05 0.2 1 M M M M M M 16 M M
15 30 14 22 16 43 0 T T 1 24.0 37 340 M M 10 189 47 340
16 27 8 18 12 47 0 0.00 0.0 1 6.2 14 350 M M 6 20 350
17 25 13 19 13 46 0 0.01 0.3 1 10.6 20 350 M M 8 1 26 340
18 13 -4 5 -1 60 0 0.01 0.1 1 9.3 18 350 M M 9 18 22 360
19 8 -1 4 -2 61 0 0.02 0.3 1 11.6 22 350 M M 7 9 28 180
20 39 8 24 18 41 0 0.00 0.0 1 23.1 40 280 M M 5 53 300
21 31 0 16 10 49 0 T T 1 15.7 30 350 M M 5 41 350
22 22 -1 11 5 54 0 0.01 T 1 7.8 16 280 M M 8 8 23 270
23 26 14 20 13 45 0 T T 1 11.8 18 320 M M 9 24 170
24 14 -3 6 -1 59 0 0.01 0.1 1 8.4 20 320 M M 6 28 320
25 6 -1 3 -4 62 0 0.02 1.2 2 12.6 18 30 M M 10 22 30
26 -1 -17 -9 -16 74 0 T 0.2 2 11.4 17 350 M M 6 19 21 360
27 4 -20 -8 -15 73 0 T T 2 5.1 10 80 M M 6 13 80
28 20 3 12 5 53 0 T T 2 9.7 20 140 M M 8 24 140
29 24 17 21 14 44 0 T T 1 14.1 22 130 M M 10 1 29 130
30 26 22 24 16 41 0 0.06 0.7 1 6.7 17 130 M M 10 18 23 130
31 27 13 20 12 45 0 0.00 0.0 2 7.0 15 320 M M 10 1 18 310
================================================================================
SM 797 288 1464 0 0.30 3.3 294.3 M 219
================================================================================
AV 25.7 9.3 9.8 FASTST M M 7 MAX(MPH)
MISC ----> 40 280 53 300
================================================================================
NOTES:
# LAST OF SEVERAL OCCURRENCES
COLUMN 17 PEAK WIND IN M.P.H.
PRELIMINARY LOCAL CLIMATOLOGICAL DATA (WS FORM: F-6) , PAGE 2
STATION: GRAND FORKS INTL AP ND
MONTH: JANUARY
YEAR: 2021
LATITUDE: 47 57 N
LONGITUDE: 97 11 W
[TEMPERATURE DATA] [PRECIPITATION DATA] SYMBOLS USED IN COLUMN 16
AVERAGE MONTHLY: 17.5 TOTAL FOR MONTH: 0.30 1 = FOG OR MIST
DPTR FM NORMAL: 10.8 DPTR FM NORMAL: -0.25 2 = FOG REDUCING VISIBILITY
HIGHEST: 39 ON 20,14 GRTST 24HR 0.33 ON 13-14 TO 1/4 MILE OR LESS
LOWEST: -20 ON 27 3 = THUNDER
SNOW, ICE PELLETS, HAIL 4 = ICE PELLETS
TOTAL MONTH: 3.3 INCHES 5 = HAIL
GRTST 24HR 1.2 ON 25-25 6 = FREEZING RAIN OR DRIZZLE
GRTST DEPTH: 3 ON 3, 2 7 = DUSTSTORM OR SANDSTORM:
VSBY 1/2 MILE OR LESS
8 = SMOKE OR HAZE
[NO. OF DAYS WITH] [WEATHER - DAYS WITH] 9 = BLOWING SNOW
X = TORNADO
MAX 32 OR BELOW: 22 0.01 INCH OR MORE: 10
MAX 90 OR ABOVE: 0 0.10 INCH OR MORE: 1
MIN 32 OR BELOW: 31 0.50 INCH OR MORE: 0
MIN 0 OR BELOW: 8 1.00 INCH OR MORE: 0
[HDD (BASE 65) ]
TOTAL THIS MO. 1464 CLEAR (SCALE 0-3) 0
DPTR FM NORMAL -343 PTCLDY (SCALE 4-7) 19
TOTAL FM JUL 1 4928 CLOUDY (SCALE 8-10) 12
DPTR FM NORMAL -740
[CDD (BASE 65) ]
TOTAL THIS MO. 0
DPTR FM NORMAL 0 [PRESSURE DATA]
TOTAL FM JAN 1 0 HIGHEST SLP 30.68 ON 27
DPTR FM NORMAL 0 LOWEST SLP 29.37 ON 14
[REMARKS]
#FINAL-01-21#