000
CXUS55 KALY 010810
CF6GFL
PRELIMINARY LOCAL CLIMATOLOGICAL DATA (WS FORM: F-6)
STATION: GLENS FALLS NY
MONTH: OCTOBER
YEAR: 2020
LATITUDE: 43 20 N
LONGITUDE: 73 37 W
TEMPERATURE IN F: :PCPN: SNOW: WIND :SUNSHINE: SKY :PK WND
================================================================================
1 2 3 4 5 6A 6B 7 8 9 10 11 12 13 14 15 16 17 18
12Z AVG MX 2MIN
DY MAX MIN AVG DEP HDD CDD WTR SNW DPTH SPD SPD DIR MIN PSBL S-S WX SPD DR
================================================================================
1 69 45 57 5 8 0 T M M 5.2 15 230 M M 4 22 240
2 59 39 49 -3 16 0 0.28 M M 1.6 5 170 M M 6 1 M M
3 58 34 46 -5 19 0 0.03 M M 0.9 12 200 M M 4 12 13 190
4 60 34 47 -4 18 0 T M M 1.1 9 150 M M 7 128 11 170
5 64 40 52 2 13 0 0.00 M M 2.4 10 200 M M 9 12 14 160
6 65 45 55 5 10 0 0.00 M M 6.3 17 180 M M 7 1 25 170
7 62 53 58 8 7 0 0.17 M M 7.5 24 270 M M 6 39 260
8 57 31 44 -5 21 0 T M M 5.6 20 320 M M 3 27 310
9 61 27 44 -5 21 0 0.00 M M 4.1 14 220 M M 1 18 20 230
10 74 51 63 15 2 0 0.11 M M 9.2 20 190 M M 2 25 200
11 59 32 46 -2 19 0 0.00 M M 8.1 20 50 M M 1 24 60
12 56 31 44 -4 21 0 0.00 M M 2.2 9 200 M M 6 12 200
13 54 46 50 2 15 0 0.30 M M 2.5 7 60 M M 10 12 9 300
14 67 35 51 4 14 0 0.00 M M 3.3 14 260 M M 4 12 20 260
15 73 36 55 8 10 0 0.00 M M 8.2 25 190 M M 0 36 210
16 60 45 53 7 12 0 0.34 M M 2.7 12 340 M M 10 15 340
17 59 30 45 -1 20 0 0.00 M M 5.3 16 310 M M 2 1 22 300
18 60 27 44 -2 21 0 0.00 M M 5.1 18 190 M M 2 1 25 210
19 58 46 52 6 13 0 0.08 M M 3.5 12 210 M M 9 1 16 210
20 61 48 55 10 10 0 0.13 M M 5.9 12 60 M M 10 1 15 60
21 72 47 60 15 5 0 0.04 M M 6.0 18 200 M M 7 1 25 190
22 66 41 54 10 11 0 0.00 M M 2.0 8 70 M M 6 12 11 80
23 75 48 62 18 3 0 0.00 M M 6.6 20 210 M M 5 18 24 200
24 62 41 52 8 13 0 T M M 9.7 23 300 M M 8 1 28 300
25 46 39 43 -1 22 0 0.00 M M 7.9 16 40 M M 6 20 70
26 47 38 43 0 22 0 0.47 M M 1.8 7 190 M M 10 1 9 200
27 48 35 42 -1 23 0 0.18 M M 5.0 13 60 M M 10 1 16 60
28 47 35 41 -2 24 0 0.05 M M 1.9 9 210 M M 9 12 12 200
29 45 38 42 0 23 0 0.37 M M 4.4 16 10 M M 10 12 20 360
30 38 22 30 -12 35 0 0.04 M M 5.7 18 360 M M 7 1 22 360
31 41 18 30 -12 35 0 0.00 M M 2.5 10 220 M M 2 128 14 160
================================================================================
SM 1823 1177 506 0 2.59 M 144.2 M 183
================================================================================
AV 58.8 38.0 4.7 FASTST M M 6 MAX(MPH)
MISC ----> 25 190 39 260
================================================================================
NOTES:
# LAST OF SEVERAL OCCURRENCES
COLUMN 17 PEAK WIND IN M.P.H.
PRELIMINARY LOCAL CLIMATOLOGICAL DATA (WS FORM: F-6) , PAGE 2
STATION: GLENS FALLS NY
MONTH: OCTOBER
YEAR: 2020
LATITUDE: 43 20 N
LONGITUDE: 73 37 W
[TEMPERATURE DATA] [PRECIPITATION DATA] SYMBOLS USED IN COLUMN 16
AVERAGE MONTHLY: 48.4 TOTAL FOR MONTH: 2.59 1 = FOG OR MIST
DPTR FM NORMAL: 1.7 DPTR FM NORMAL: -0.92 2 = FOG REDUCING VISIBILITY
HIGHEST: 75 ON 23 GRTST 24HR 0.52 ON 26-27 TO 1/4 MILE OR LESS
LOWEST: 18 ON 31 3 = THUNDER
SNOW, ICE PELLETS, HAIL 4 = ICE PELLETS
TOTAL MONTH: M 5 = HAIL
GRTST 24HR M ON M 6 = FREEZING RAIN OR DRIZZLE
GRTST DEPTH: M ON M 7 = DUSTSTORM OR SANDSTORM:
VSBY 1/2 MILE OR LESS
8 = SMOKE OR HAZE
[NO. OF DAYS WITH] [WEATHER - DAYS WITH] 9 = BLOWING SNOW
X = TORNADO
MAX 32 OR BELOW: 0 0.01 INCH OR MORE: 14
MAX 90 OR ABOVE: 0 0.10 INCH OR MORE: 9
MIN 32 OR BELOW: 8 0.50 INCH OR MORE: 0
MIN 0 OR BELOW: 0 1.00 INCH OR MORE: 0
[HDD (BASE 65) ]
TOTAL THIS MO. 506 CLEAR (SCALE 0-3) 8
DPTR FM NORMAL -64 PTCLDY (SCALE 4-7) 13
TOTAL FM JUL 1 766 CLOUDY (SCALE 8-10) 10
DPTR FM NORMAL -89
[CDD (BASE 65) ]
TOTAL THIS MO. 0
DPTR FM NORMAL -1 [PRESSURE DATA]
TOTAL FM JAN 1 567 HIGHEST SLP 30.57 ON 31
DPTR FM NORMAL 215 LOWEST SLP 29.44 ON 7
[REMARKS]
#FINAL-10-20#