000
CXUS51 KALY 011438
CLMGFL
CLIMATE REPORT
NATIONAL WEATHER SERVICE ALBANY NY
938 AM EST THU FEB 01 2024
...................................
...THE GLENS FALLS NY CLIMATE SUMMARY FOR THE MONTH OF JANUARY 2024...
CLIMATE NORMAL PERIOD: 1991 TO 2020
CLIMATE RECORD PERIOD: 1893 TO 2024
WEATHER OBSERVED NORMAL DEPART LAST YEAR`S
VALUE DATE(S) VALUE FROM VALUE DATE(S)
NORMAL
................................................................
TEMPERATURE (F)
RECORD
HIGH 66 01/06/2007
LOW -36 01/05/1904
HIGHEST 46 01/10 49 01/01
LOWEST -7 01/21 12 01/31
AVG. MAXIMUM 31.9 29.7 2.2 36.2
AVG. MINIMUM 18.0 9.7 8.3 23.4
MEAN 25.0 19.7 5.3 29.8
DAYS MAX >= 90 0 0.0 0.0 0
DAYS MAX <= 32 13 18.0 -5.0 10
DAYS MIN <= 32 30 29.6 0.4 29
DAYS MIN <= 0 4 7.7 -3.7 0
PRECIPITATION (INCHES)
RECORD
MAXIMUM 7.49 1999
MINIMUM 0.35 1970
TOTALS 4.05 2.56 1.49 3.97
DAILY AVG. 0.13 0.13
DAYS >= .01 13 11.3 1.7 15
DAYS >= .10 9 5.3 3.7 10
DAYS >= .50 3 1.7 1.3 3
DAYS >= 1.00 0 0.4 -0.4 0
GREATEST
24 HR. TOTAL 1.15 01/09 TO 01/10
DEGREE DAYS
HEATING TOTAL 1234 1404 -170 1084
SINCE 7/1 3625 4195 -570 3659
COOLING TOTAL 0 0 0 0
SINCE 1/1 0 0 0 0
................................................................
WIND (MPH)
AVERAGE WIND SPEED 4.9
HIGHEST WIND SPEED/DIRECTION 24/090 DATE 01/10
HIGHEST GUST SPEED/DIRECTION 40/260 DATE 01/14
SKY COVER
AVERAGE SKY COVER 0.73
AVERAGE RH (PERCENT) 82
WEATHER CONDITIONS. NUMBER OF DAYS WITH
THUNDERSTORM 0 MIXED PRECIP 0
HEAVY RAIN 2 RAIN 4
LIGHT RAIN 7 FREEZING RAIN 0
LT FREEZING RAIN 1 HAIL 0
HEAVY SNOW 3 SNOW 5
LIGHT SNOW 11 SLEET 0
FOG 21 FOG W/VIS <= 1/4 MILE 9
HAZE 6
- INDICATES NEGATIVE NUMBERS.
R INDICATES RECORD WAS SET OR TIED.
MM INDICATES DATA IS MISSING.
T INDICATES TRACE AMOUNT.
$$