000
CXUS55 KGJT 010910
CF6GJT
PRELIMINARY LOCAL CLIMATOLOGICAL DATA (WS FORM: F-6)
STATION: GRAND JUNCTION CO
MONTH: MARCH
YEAR: 2023
LATITUDE: 39 7 N
LONGITUDE: 108 32 W
TEMPERATURE IN F: :PCPN: SNOW: WIND :SUNSHINE: SKY :PK WND
================================================================================
1 2 3 4 5 6A 6B 7 8 9 10 11 12 13 14 15 16 17 18
12Z AVG MX 2MIN
DY MAX MIN AVG DEP HDD CDD WTR SNW DPTH SPD SPD DIR MIN PSBL S-S WX SPD DR
================================================================================
1 44 29 37 -3 28 0 0.24 0.5 0 9.7 21 130 M M 9 128 26 140
2 45 28 37 -4 28 0 0.00 0.0 1 4.6 14 250 M M 4 12 18 250
3 40 28 34 -7 31 0 T T 0 5.2 15 110 M M 7 19 120
4 46 27 37 -5 28 0 0.00 0.0 0 10.4 20 90 M M 2 24 110
5 54 24 39 -3 26 0 0.00 0.0 0 8.7 28 240 M M 3 33 260
6 55 26 41 -1 24 0 0.00 0.0 0 6.3 17 290 M M 0 8 25 300
7 51 27 39 -4 26 0 0.00 0.0 0 4.5 16 300 M M 0 8 23 320
8 46 25 36 -7 29 0 0.00 0.0 0 3.5 18 250 M M 1 28 230
9 54 24 39 -4 26 0 0.00 0.0 0 4.9 18 110 M M 0 23 120
10 48 39 44 0 21 0 0.27 0.0 0 13.1 28 140 M M 9 36 140
11 53 35 44 0 21 0 0.20 0.0 0 3.5 26 340 M M 7 1 33 340
12 51 33 42 -2 23 0 0.06 0.0 0 5.3 18 290 M M 7 13 25 270
13 53 33 43 -1 22 0 0.00 0.0 0 3.8 10 290 M M 3 14 310
14 58 34 46 1 19 0 0.00 0.0 0 11.2 22 150 M M 5 30 140
15 52 39 46 1 19 0 0.39 0.0 0 11.7 24 140 M M 10 1 31 150
16 43 28 36 -9 29 0 0.00 0.0 0 10.4 24 10 M M 2 32 340
17 44 24 34 -12 31 0 0.00 0.0 0 4.9 14 10 M M 1 8 21 360
18 48 23 36 -10 29 0 0.00 0.0 0 4.0 16 350 M M 0 21 350
19 51 27 39 -7 26 0 0.00 0.0 0 8.8 23 110 M M 3 30 110
20 49 32 41 -5 24 0 0.10 T 0 9.6 23 310 M M 10 1 30 290
21 46 30 38 -8 27 0 0.04 0.0 0 10.0 20 110 M M 8 12 26 160
22 51 36 44 -3 21 0 0.18 0.0 0 11.6 46 230 M M 6 1 69 240
23 47 32 40 -7 25 0 T T 0 7.4 18 230 M M 7 23 240
24 44 27 36 -11 29 0 0.14 0.6 0 9.8 24 240 M M 9 138 34 240
25 39 22 31 -16 34 0 0.00 0.0 T 5.6 23 250 M M 4 30 260
26 37 22 30 -18 35 0 0.08 0.8 0 7.3 23 310 M M 6 18 29 320
27 40 16 28 -20 37 0 0.00 0.0 1 5.4 14 300 M M 3 18 60
28 49 23 36 -12 29 0 0.00 0.0 0 10.0 23 120 M M 0 8 31 120
29 64 31 48 0 17 0 0.00 0.0 0 10.8 22 150 M M 0 27 150
30 56 32 44 -4 21 0 T T 0 13.7 33 260 M M 6 1 46 250
31 52 26 39 -10 26 0 0.00 0.0 0 9.7 29 260 M M 7 44 260
================================================================================
SM 1510 882 811 0 1.70 1.9 245.4 M 139
================================================================================
AV 48.7 28.5 7.9 FASTST M M 4 MAX(MPH)
MISC ----> 46 230 69 240
================================================================================
NOTES:
# LAST OF SEVERAL OCCURRENCES
COLUMN 17 PEAK WIND IN M.P.H.
PRELIMINARY LOCAL CLIMATOLOGICAL DATA (WS FORM: F-6) , PAGE 2
STATION: GRAND JUNCTION CO
MONTH: MARCH
YEAR: 2023
LATITUDE: 39 7 N
LONGITUDE: 108 32 W
[TEMPERATURE DATA] [PRECIPITATION DATA] SYMBOLS USED IN COLUMN 16
AVERAGE MONTHLY: 38.6 TOTAL FOR MONTH: 1.70 1 = FOG OR MIST
DPTR FM NORMAL: -6.4 DPTR FM NORMAL: 0.90 2 = FOG REDUCING VISIBILITY
HIGHEST: 64 ON 29 GRTST 24HR 0.46 ON 10-11 TO 1/4 MILE OR LESS
LOWEST: 16 ON 27 3 = THUNDER
SNOW, ICE PELLETS, HAIL 4 = ICE PELLETS
TOTAL MONTH: 2.1 INCHES 5 = HAIL
GRTST 24HR 0.8 ON 26-26 6 = FREEZING RAIN OR DRIZZLE
GRTST DEPTH: 1 ON 27, 2 7 = DUSTSTORM OR SANDSTORM:
VSBY 1/2 MILE OR LESS
8 = SMOKE OR HAZE
[NO. OF DAYS WITH] [WEATHER - DAYS WITH] 9 = BLOWING SNOW
X = TORNADO
MAX 32 OR BELOW: 0 0.01 INCH OR MORE: 10
MAX 90 OR ABOVE: 0 0.10 INCH OR MORE: 7
MIN 32 OR BELOW: 24 0.50 INCH OR MORE: 0
MIN 0 OR BELOW: 0 1.00 INCH OR MORE: 0
[HDD (BASE 65) ]
TOTAL THIS MO. 811 CLEAR (SCALE 0-3) 12
DPTR FM NORMAL 191 PTCLDY (SCALE 4-7) 14
TOTAL FM JUL 1 4970 CLOUDY (SCALE 8-10) 5
DPTR FM NORMAL 36
[CDD (BASE 65) ]
TOTAL THIS MO. 0
DPTR FM NORMAL 0 [PRESSURE DATA]
TOTAL FM JAN 1 0 HIGHEST SLP M ON M
DPTR FM NORMAL 0 LOWEST SLP 29.46 ON 30
[REMARKS]
#FINAL-03-23#