000
CXUS55 KGJT 011630
CF6GJT
PRELIMINARY LOCAL CLIMATOLOGICAL DATA (WS FORM: F-6)
STATION: GRAND JUNCTION CO
MONTH: DECEMBER
YEAR: 2023
LATITUDE: 39 7 N
LONGITUDE: 108 32 W
TEMPERATURE IN F: :PCPN: SNOW: WIND :SUNSHINE: SKY :PK WND
================================================================================
1 2 3 4 5 6A 6B 7 8 9 10 11 12 13 14 15 16 17 18
12Z AVG MX 2MIN
DY MAX MIN AVG DEP HDD CDD WTR SNW DPTH SPD SPD DIR MIN PSBL S-S WX SPD DR
================================================================================
1 37 27 32 -1 33 0 0.06 0.6 T 3.6 12 240 M M 8 1 15 250
2 41 20 31 -1 34 0 T T T 5.4 16 140 M M 7 12 20 130
3 47 27 37 5 28 0 0.00 0.0 T 4.0 12 90 M M 6 15 90
4 55 33 44 12 21 0 0.00 0.0 0 4.3 10 310 M M 4 13 300
5 54 31 43 12 22 0 0.00 0.0 0 7.0 15 100 M M 0 18 90
6 52 26 39 8 26 0 0.00 0.0 0 3.5 13 100 M M 0 1 14 100
7 54 26 40 10 25 0 0.04 0.0 0 4.3 22 320 M M 2 18 27 320
8 41 24 33 3 32 0 0.05 0.4 0 6.7 25 250 M M 8 1 33 270
9 39 20 30 0 35 0 0.00 0.0 0 2.9 10 100 M M 2 14 90
10 36 21 29 -1 36 0 0.00 0.0 0 5.5 17 110 M M 3 21 110
11 43 20 32 3 33 0 0.00 0.0 0 3.4 8 340 M M 0 11 290
12 44 22 33 4 32 0 0.00 0.0 0 3.7 14 30 M M 2 18 15 30
13 55 29 42 13 23 0 0.00 0.0 0 4.5 14 120 M M 3 17 110
14 50 27 39 11 26 0 0.00 0.0 0 3.0 10 110 M M 3 8 12 110
15 49 24 37 9 28 0 0.00 0.0 0 5.7 14 130 M M 0 17 120
16 47 22 35 7 30 0 0.00 0.0 0 3.8 13 110 M M 0 15 90
17 50 21 36 8 29 0 0.00 0.0 0 4.6 10 120 M M 0 13 110
18 43 19 31 4 34 0 0.00 0.0 0 3.4 14 120 M M 0 8 17 120
19 44 22 33 6 32 0 0.00 0.0 0 3.9 9 100 M M 5 8 12 100
20 47 27 37 10 28 0 0.00 0.0 0 4.1 13 110 M M 5 15 360
21 52 32 42 15 23 0 T 0.0 0 3.7 8 360 M M 5 13 270
22 50 28 39 12 26 0 0.00 0.0 0 3.9 13 100 M M 3 15 100
23 40 32 36 9 29 0 0.42 0.1 0 4.5 12 320 M M 10 1 16 320
24 37 24 31 5 34 0 T T T 4.3 17 310 M M 6 8 21 290
25 33 18 26 0 39 0 0.00 0.0 0 4.0 13 90 M M 0 15 90
26 35 16 26 0 39 0 0.00 0.0 0 5.8 14 150 M M 0 16 150
27 40 15 28 2 37 0 0.00 0.0 0 6.9 17 110 M M 0 20 120
28 41 17 29 3 36 0 0.00 0.0 0 7.5 17 140 M M 0 21 130
29 46 19 33 7 32 0 0.00 0.0 0 6.0 15 120 M M 0 17 150
30 41 21 31 5 34 0 0.00 0.0 0 4.4 10 120 M M 0 13 100
31 48 24 36 10 29 0 0.00 0.0 0 3.8 10 310 M M 2 15 240
================================================================================
SM 1391 734 945 0 0.57 1.1 142.1 M 84
================================================================================
AV 44.9 23.7 4.6 FASTST M M 3 MAX(MPH)
MISC ----> 25 250 33 270
================================================================================
NOTES:
# LAST OF SEVERAL OCCURRENCES
COLUMN 17 PEAK WIND IN M.P.H.
PRELIMINARY LOCAL CLIMATOLOGICAL DATA (WS FORM: F-6) , PAGE 2
STATION: GRAND JUNCTION CO
MONTH: DECEMBER
YEAR: 2023
LATITUDE: 39 7 N
LONGITUDE: 108 32 W
[TEMPERATURE DATA] [PRECIPITATION DATA] SYMBOLS USED IN COLUMN 16
AVERAGE MONTHLY: 34.3 TOTAL FOR MONTH: 0.57 1 = FOG OR MIST
DPTR FM NORMAL: 5.9 DPTR FM NORMAL: -0.03 2 = FOG REDUCING VISIBILITY
HIGHEST: 55 ON 13, 4 GRTST 24HR 0.42 ON 23-23 TO 1/4 MILE OR LESS
LOWEST: 15 ON 27 3 = THUNDER
SNOW, ICE PELLETS, HAIL 4 = ICE PELLETS
TOTAL MONTH: 1.1 INCHES 5 = HAIL
GRTST 24HR 0.6 ON 1- 1 6 = FREEZING RAIN OR DRIZZLE
GRTST DEPTH: T 7 = DUSTSTORM OR SANDSTORM:
VSBY 1/2 MILE OR LESS
8 = SMOKE OR HAZE
[NO. OF DAYS WITH] [WEATHER - DAYS WITH] 9 = BLOWING SNOW
X = TORNADO
MAX 32 OR BELOW: 0 0.01 INCH OR MORE: 4
MAX 90 OR ABOVE: 0 0.10 INCH OR MORE: 1
MIN 32 OR BELOW: 30 0.50 INCH OR MORE: 0
MIN 0 OR BELOW: 0 1.00 INCH OR MORE: 0
[HDD (BASE 65) ]
TOTAL THIS MO. 945 CLEAR (SCALE 0-3) 20
DPTR FM NORMAL -189 PTCLDY (SCALE 4-7) 10
TOTAL FM JUL 1 1950 CLOUDY (SCALE 8-10) 1
DPTR FM NORMAL -375
[CDD (BASE 65) ]
TOTAL THIS MO. 0
DPTR FM NORMAL 0 [PRESSURE DATA]
TOTAL FM JAN 1 1450 HIGHEST SLP 30.63 ON 9
DPTR FM NORMAL 217 LOWEST SLP 29.79 ON 23
[REMARKS]
#FINAL-12-23#