000
CXUS54 KFWD 010730
CF6GKY
PRELIMINARY LOCAL CLIMATOLOGICAL DATA (WS FORM: F-6)
STATION: ARLINGTON
MONTH: MAY
YEAR: 2023
LATITUDE: 32 39 N
LONGITUDE: 97 6 W
TEMPERATURE IN F: :PCPN: SNOW: WIND :SUNSHINE: SKY :PK WND
================================================================================
1 2 3 4 5 6A 6B 7 8 9 10 11 12 13 14 15 16 17 18
12Z AVG MX 2MIN
DY MAX MIN AVG DEP HDD CDD WTR SNW DPTH SPD SPD DIR MIN PSBL S-S WX SPD DR
================================================================================
1 78 53 66 -3 0 1 0.00 M M 7.1 15 50 M M 0 21 60
2 83 50 67 -3 0 2 0.00 M M 4.4 13 100 M M 2 20 130
3 83 62 73 3 0 8 0.00 M M 6.3 15 80 M M 2 22 100
4 83 62 73 3 0 8 T M M 10.2 30 150 M M 2 3 46 150
5 94 67 81 11 0 16 0.00 M M 10.1 30 130 M M 3 8 41 120
6 87 67 77 6 0 12 0.47 M M 10.5 36 310 M M 4 13 49 290
7 86 66 76 5 0 11 T M M 10.6 20 150 M M 3 3 31 170
8 88 72 80 9 0 15 0.01 M M 10.9 23 160 M M 2 3 35 160
9 84 71 78 6 0 13 0.00 M M 9.0 20 140 M M 3 27 160
10 75 66 71 -1 0 6 0.43 M M 2.7 10 100 M M 4 1 13 110
11 88 65 77 5 0 12 0.00 M M 10.4 22 140 M M 7 18 30 150
12 89 76 83 10 0 18 0.00 M M 12.9 22 140 M M 6 8 31 140
13 82 68 75 2 0 10 0.01 M M 5.0 17 160 M M 2 24 160
14 75 66 71 -2 0 6 T M M 3.8 15 110 M M 6 1 21 120
15 86 63 75 1 0 10 0.20 M M 3.8 32 210 M M 3 123 55 210
16 79 63 71 -3 0 6 0.00 M M 6.9 15 320 M M 5 27 10
17 85 59 72 -2 0 7 0.00 M M 3.4 13 10 M M 0 17 360
18 88 63 76 1 0 11 0.00 M M 5.5 14 120 M M 0 20 140
19 91 71 81 6 0 16 1.79 M M 7.3 25 140 M M 3 138 38 100
20 78 61 70 -5 0 5 0.00 M M 10.3 22 340 M M 3 8 27 340
21 77 58 68 -8 0 3 T M M 2.6 8 330 M M 1 12 10
22 83 61 72 -4 0 7 0.00 M M 4.4 14 100 M M 2 18 17 110
23 87 66 77 1 0 12 0.06 M M 8.0 16 110 M M 3 18 24 140
24 87 68 78 1 0 13 0.59 M M 7.1 20 310 M M 3 138 27 300
25 85 65 75 -2 0 10 0.00 M M 6.1 15 130 M M 1 21 90
26 87 64 76 -1 0 11 0.00 M M 4.7 15 90 M M 1 1 20 90
27 86 64 75 -3 0 10 0.00 M M 4.7 13 120 M M 2 19 120
28 86 64 75 -3 0 10 0.00 M M 5.4 15 130 M M 2 21 140
29 89 65 77 -1 0 12 T M M 6.8 17 290 M M 1 13 27 290
30 88 65 77 -2 0 12 T M M 4.6 16 130 M M 1 3 22 140
31 90 63 77 -2 0 12 0.00 M M 4.9 15 110 M M 1 1 20 130
================================================================================
SM 2627 1994 0 305 3.56 M 210.4 M 78
================================================================================
AV 84.7 64.3 6.8 FASTST M M 3 MAX(MPH)
MISC ----> 36 310 55 210
================================================================================
NOTES:
# LAST OF SEVERAL OCCURRENCES
COLUMN 17 PEAK WIND IN M.P.H.
PRELIMINARY LOCAL CLIMATOLOGICAL DATA (WS FORM: F-6) , PAGE 2
STATION: ARLINGTON
MONTH: MAY
YEAR: 2023
LATITUDE: 32 39 N
LONGITUDE: 97 6 W
[TEMPERATURE DATA] [PRECIPITATION DATA] SYMBOLS USED IN COLUMN 16
AVERAGE MONTHLY: 74.5 TOTAL FOR MONTH: 3.56 1 = FOG OR MIST
DPTR FM NORMAL: 0.5 DPTR FM NORMAL: -0.77 2 = FOG REDUCING VISIBILITY
HIGHEST: 94 ON 5 GRTST 24HR 1.79 ON 19-19 TO 1/4 MILE OR LESS
LOWEST: 50 ON 2 3 = THUNDER
SNOW, ICE PELLETS, HAIL 4 = ICE PELLETS
TOTAL MONTH: M 5 = HAIL
GRTST 24HR M ON M 6 = FREEZING RAIN OR DRIZZLE
GRTST DEPTH: M ON M 7 = DUSTSTORM OR SANDSTORM:
VSBY 1/2 MILE OR LESS
8 = SMOKE OR HAZE
[NO. OF DAYS WITH] [WEATHER - DAYS WITH] 9 = BLOWING SNOW
X = TORNADO
MAX 32 OR BELOW: 0 0.01 INCH OR MORE: 8
MAX 90 OR ABOVE: 3 0.10 INCH OR MORE: 5
MIN 32 OR BELOW: 0 0.50 INCH OR MORE: 2
MIN 0 OR BELOW: 0 1.00 INCH OR MORE: 1
[HDD (BASE 65) ]
TOTAL THIS MO. 0 CLEAR (SCALE 0-3) 22
DPTR FM NORMAL -9 PTCLDY (SCALE 4-7) 9
TOTAL FM JUL 1 1922 CLOUDY (SCALE 8-10) 0
DPTR FM NORMAL -202
[CDD (BASE 65) ]
TOTAL THIS MO. 305
DPTR FM NORMAL 17 [PRESSURE DATA]
TOTAL FM JAN 1 452 HIGHEST SLP M ON M
DPTR FM NORMAL 2 LOWEST SLP 29.66 ON 4
[REMARKS]
#FINAL-05-23#