000
CXUS54 KMAF 011110
CF6GNC
PRELIMINARY LOCAL CLIMATOLOGICAL DATA (WS FORM: F-6)
STATION: GAINES COUNTY AIRPORT
MONTH: JUNE
YEAR: 2023
LATITUDE: 32 40 N
LONGITUDE: 102 39 W
TEMPERATURE IN F: :PCPN: SNOW: WIND :SUNSHINE: SKY :PK WND
================================================================================
1 2 3 4 5 6A 6B 7 8 9 10 11 12 13 14 15 16 17 18
12Z AVG MX 2MIN
DY MAX MIN AVG DEP HDD CDD WTR SNW DPTH SPD SPD DIR MIN PSBL S-S WX SPD DR
================================================================================
1 80 67 74 M 0 9 0.11 M M 12.5 20 70 M M 2 23 70
2 79 60 70 M 0 5 0.15 M M 8.8 21 130 M M 2 26 130
3 77 55 66 M 0 1 M M M 6.8 20 260 M M 3 1 30 260
4 81 59 70 M 0 5 M M M 7.9 12 360 M M 1 21 80
5 79 61 70 M 0 5 M M M 6.6 12 30 M M 2 20 40
6 83 58 71 M 0 6 M M M 4.3 9 120 M M 0 M M
7 88 59 74 M 0 9 0.40 M M 6.9 14 110 M M 2 39 170
8 88 61 75 M 0 10 0.36 M M 4.9 13 70 M M 0 22 70
9 95 63 79 M 0 14 M M M 5.2 9 210 M M 0 16 230
10 94 64 79 M 0 14 M M M 8.9 14 270 M M 0 24 250
11 97 60 79 M 0 14 M M M 4.1 13 210 M M 0 21 220
12 84 69 77 M 0 12 M M M 9.9 20 40 M M 2 25 80
13 96 67 82 M 0 17 M M M 7.7 17 260 M M 4 1 24 260
14 96 64 80 M 0 15 M M M 5.8 12 340 M M 1 1 18 340
15 100 64 82 M 0 17 M M M 10.2 21 260 M M 0 33 240
16 99 61 80 M 0 15 M M M 6.9 15 170 M M 0 23 10
17 102 66 84 M 0 19 M M M 10.0 23 240 M M 0 30 260
18 100 65 83 M 0 18 M M M 7.7 15 360 M M 0 22 290
19 105 66 86 M 0 21 M M M 8.0 17 250 M M 0 28 270
20 106 70 88 M 0 23 M M M 6.2 14 240 M M 0 8 23 240
21 107 73 90 M 0 25 M M M 7.8 16 60 M M 0 23 60
22 104 66 85 M 0 20 M M M 9.9 22 90 M M 0 29 90
23 103 72 88 M 0 23 M M M 8.5 22 120 M M 0 29 120
24 109 75 92 M 0 27 M M M 11.1 18 260 M M 0 24 230
25 107 72 90 M 0 25 M M M 8.4 14 70 M M 0 18 70
26 106 72 89 M 0 24 M M M 6.3 16 130 M M 0 25 110
27 108 77 93 M 0 28 M M M 14.0 22 190 M M 0 26 180
28 103 75 89 M 0 24 M M M 14.7 22 180 M M 0 30 180
29 100 72 86 M 0 21 M M M 13.1 22 140 M M 0 29 160
30 93 70 82 M 0 17 0.01 M M 8.7 21 100 M M 1 26 180
================================================================================
SM 2869 1983 0 483 1.03 M 251.7 M 20
================================================================================
AV 95.6 66.1 8.4 FASTST M M 1 MAX(MPH)
MISC ----> 23 240 39 170
================================================================================
NOTES:
# LAST OF SEVERAL OCCURRENCES
COLUMN 17 PEAK WIND IN M.P.H.
PRELIMINARY LOCAL CLIMATOLOGICAL DATA (WS FORM: F-6) , PAGE 2
STATION: GAINES COUNTY AIRPORT
MONTH: JUNE
YEAR: 2023
LATITUDE: 32 40 N
LONGITUDE: 102 39 W
[TEMPERATURE DATA] [PRECIPITATION DATA] SYMBOLS USED IN COLUMN 16
AVERAGE MONTHLY: 80.9 TOTAL FOR MONTH: 1.03 1 = FOG OR MIST
DPTR FM NORMAL: 0.0 DPTR FM NORMAL: M 2 = FOG REDUCING VISIBILITY
HIGHEST: 109 ON 24 GRTST 24HR 0.40 ON 7- 7 TO 1/4 MILE OR LESS
LOWEST: 55 ON 3 3 = THUNDER
SNOW, ICE PELLETS, HAIL 4 = ICE PELLETS
TOTAL MONTH: M 5 = HAIL
GRTST 24HR M ON M 6 = FREEZING RAIN OR DRIZZLE
GRTST DEPTH: M ON M 7 = DUSTSTORM OR SANDSTORM:
VSBY 1/2 MILE OR LESS
8 = SMOKE OR HAZE
[NO. OF DAYS WITH] [WEATHER - DAYS WITH] 9 = BLOWING SNOW
X = TORNADO
MAX 32 OR BELOW: 0 0.01 INCH OR MORE: 5
MAX 90 OR ABOVE: 21 0.10 INCH OR MORE: 4
MIN 32 OR BELOW: 0 0.50 INCH OR MORE: 0
MIN 0 OR BELOW: 0 1.00 INCH OR MORE: 0
[HDD (BASE 65) ]
TOTAL THIS MO. 0 CLEAR (SCALE 0-3) 28
DPTR FM NORMAL M PTCLDY (SCALE 4-7) 2
TOTAL FM JUL 1 2722 CLOUDY (SCALE 8-10) 0
DPTR FM NORMAL M
[CDD (BASE 65) ]
TOTAL THIS MO. 483
DPTR FM NORMAL M [PRESSURE DATA]
TOTAL FM JAN 1 767 HIGHEST SLP M ON M
DPTR FM NORMAL M LOWEST SLP M ON M
[REMARKS]
#FINAL-06-23#