000
CXUS54 KMAF 011110
CF6GNC
PRELIMINARY LOCAL CLIMATOLOGICAL DATA (WS FORM: F-6)
STATION: GAINES COUNTY AIRPORT
MONTH: APRIL
YEAR: 2021
LATITUDE: 32 40 N
LONGITUDE: 102 39 W
TEMPERATURE IN F: :PCPN: SNOW: WIND :SUNSHINE: SKY :PK WND
================================================================================
1 2 3 4 5 6A 6B 7 8 9 10 11 12 13 14 15 16 17 18
12Z AVG MX 2MIN
DY MAX MIN AVG DEP HDD CDD WTR SNW DPTH SPD SPD DIR MIN PSBL S-S WX SPD DR
================================================================================
1 67 37 52 M 13 0 M M M 7.7 14 130 M M 0 22 150
2 74 40 57 M 8 0 M M M 9.4 17 150 M M 0 24 170
3 77 47 62 M 3 0 M M M 9.1 16 130 M M 1 30 130
4 73 56 65 M 0 0 M M M 8.4 14 190 M M 6 20 180
5 86 57 72 M 0 7 M M M 12.3 18 160 M M 4 25 160
6 90 56 73 M 0 8 M M M 15.1 28 230 M M 1 33 250
7 82 45 64 M 1 0 M M M 9.4 17 250 M M 2 26 0
8 87 42 65 M 0 0 M M M 6.9 14 270 M M 0 23 270
9 87 54 71 M 0 6 M M M 14.8 21 320 M M 1 8 31 330
10 74 40 57 M 8 0 M M M 7.1 12 180 M M 0 18 40
11 88 40 64 M 1 0 M M M 9.1 20 270 M M 0 32 300
12 71 50 61 M 4 0 M M M 11.7 17 30 M M 0 26 280
13 62 46 54 M 11 0 0.01 M M 11.4 16 70 M M 8 22 50
14 53 47 50 M 15 0 M M M 9.7 14 90 M M 10 1 18 70
15 53 46 50 M 15 0 0.01 M M 9.2 13 100 M M 10 1 16 70
16 64 42 53 M 12 0 0.01 M M 10.5 22 50 M M 6 1 26 50
17 51 40 46 M 19 0 M M M 7.5 14 30 M M 6 18 50
18 63 42 53 M 12 0 M M M 3.1 12 10 M M 4 16 10
19 71 35 53 M 12 0 M M M 7.4 14 250 M M 2 18 200
20 55 35 45 M 20 0 M M M 13.7 26 20 M M 2 38 20
21 57 31 44 M 21 0 M M M 10.3 20 110 M M 1 25 110
22 73 37 55 M 10 0 M M M 10.6 17 150 M M 2 29 150
23 81 51 66 M 0 1 M M M 13.9 22 280 M M 2 36 260
24 80 46 63 M 2 0 M M M 7.6 13 320 M M 0 23 320
25 92 52 72 M 0 7 M M M 12.6 20 210 M M 0 26 180
26 89 63 76 M 0 11 M M M 12.0 26 240 M M 0 36 250
27 92 63 78 M 0 13 M M M 8.8 20 280 M M 0 30 260
28 77 54 66 M 0 1 0.08 M M 16.0 29 340 M M 4 35 360
29 57 51 54 M 11 0 0.86 M M 8.4 14 310 M M 10 23 310
30 68 54 61 M 4 0 0.11 M M 6.5 13 60 M M 6 20 40
================================================================================
SM 2194 1399 202 54 1.08 M 300.0 M 88
================================================================================
AV 73.1 46.6 10.0 FASTST M M 3 MAX(MPH)
MISC ----> 29 340 38 20
================================================================================
NOTES:
# LAST OF SEVERAL OCCURRENCES
COLUMN 17 PEAK WIND IN M.P.H.
PRELIMINARY LOCAL CLIMATOLOGICAL DATA (WS FORM: F-6) , PAGE 2
STATION: GAINES COUNTY AIRPORT
MONTH: APRIL
YEAR: 2021
LATITUDE: 32 40 N
LONGITUDE: 102 39 W
[TEMPERATURE DATA] [PRECIPITATION DATA] SYMBOLS USED IN COLUMN 16
AVERAGE MONTHLY: 59.9 TOTAL FOR MONTH: 1.08 1 = FOG OR MIST
DPTR FM NORMAL: 0.0 DPTR FM NORMAL: M 2 = FOG REDUCING VISIBILITY
HIGHEST: 92 ON 27,25 GRTST 24HR 0.86 ON 29-29 TO 1/4 MILE OR LESS
LOWEST: 31 ON 21 3 = THUNDER
SNOW, ICE PELLETS, HAIL 4 = ICE PELLETS
TOTAL MONTH: M 5 = HAIL
GRTST 24HR M ON M 6 = FREEZING RAIN OR DRIZZLE
GRTST DEPTH: M ON M 7 = DUSTSTORM OR SANDSTORM:
VSBY 1/2 MILE OR LESS
8 = SMOKE OR HAZE
[NO. OF DAYS WITH] [WEATHER - DAYS WITH] 9 = BLOWING SNOW
X = TORNADO
MAX 32 OR BELOW: 0 0.01 INCH OR MORE: 6
MAX 90 OR ABOVE: 3 0.10 INCH OR MORE: 2
MIN 32 OR BELOW: 1 0.50 INCH OR MORE: 1
MIN 0 OR BELOW: 0 1.00 INCH OR MORE: 0
[HDD (BASE 65) ]
TOTAL THIS MO. 202 CLEAR (SCALE 0-3) 19
DPTR FM NORMAL M PTCLDY (SCALE 4-7) 7
TOTAL FM JUL 1 3041 CLOUDY (SCALE 8-10) 4
DPTR FM NORMAL M
[CDD (BASE 65) ]
TOTAL THIS MO. 54
DPTR FM NORMAL M [PRESSURE DATA]
TOTAL FM JAN 1 58 HIGHEST SLP M ON M
DPTR FM NORMAL M LOWEST SLP M ON M
[REMARKS]
#FINAL-04-21#