000
CXUS52 KJAX 010800
CF6GNV
PRELIMINARY LOCAL CLIMATOLOGICAL DATA (WS FORM: F-6)
STATION: GAINESVILLE
MONTH: APRIL
YEAR: 2020
LATITUDE: 29 40 N
LONGITUDE: 82 16 W
TEMPERATURE IN F: :PCPN: SNOW: WIND :SUNSHINE: SKY :PK WND
================================================================================
1 2 3 4 5 6A 6B 7 8 9 10 11 12 13 14 15 16 17 18
12Z AVG MX 2MIN
DY MAX MIN AVG DEP HDD CDD WTR SNW DPTH SPD SPD DIR MIN PSBL S-S WX SPD DR
================================================================================
1 71 47 59 -6 6 0 0.00 0.0 0 6.7 17 320 M M 0 22 320
2 75 42 59 -6 6 0 0.00 0.0 0 2.9 14 290 M M 0 18 230
3 81 43 62 -3 3 0 0.00 0.0 0 2.6 10 280 M M 0 15 290
4 84 49 67 2 0 2 0.00 0.0 0 2.5 10 260 M M 0 14 280
5 71 60 66 0 0 1 0.06 0.0 0 2.8 12 120 M M 8 1 14 120
6 82 54 68 2 0 3 0.00 0.0 0 5.4 15 120 M M 2 1 20 110
7 86 56 71 5 0 6 0.00 0.0 0 3.1 14 270 M M 2 1 17 270
8 86 61 74 8 0 9 0.00 0.0 0 10.7 20 270 M M 6 27 280
9 90 71 81 15 0 16 0.00 0.0 0 12.5 21 250 M M 5 1 26 270
10 78 50 64 -2 1 0 0.00 0.0 0 8.3 18 340 M M 3 18 26 350
11 81 44 63 -4 2 0 0.00 0.0 0 4.7 13 130 M M 0 16 150
12 92 65 79 12 0 14 0.02 0.0 0 10.9 22 160 M M 3 1 26 160
13 86 76 81 14 0 16 0.01 0.0 0 11.8 24 240 M M 8 138 33 250
14 79 68 74 7 0 9 1.72 0.0 0 3.2 20 160 M M 6 13 26 150
15 82 57 70 3 0 5 1.30 0.0 0 8.3 26 330 M M 9 13 35 330
16 73 53 63 -5 2 0 0.11 0.0 0 10.0 21 60 M M 5 1 27 40
17 82 51 67 -1 0 2 0.00 0.0 0 7.1 18 120 M M 3 23 120
18 76 66 71 3 0 6 0.24 0.0 0 5.6 16 250 M M 4 13 20 260
19 89 67 78 10 0 13 0.00 0.0 0 9.2 23 230 M M 4 1 30 240
20 85 63 74 6 0 9 0.20 0.0 0 11.3 24 220 M M 4 13 33 240
21 84 59 72 3 0 7 0.00 0.0 0 6.6 14 260 M M 0 21 280
22 82 52 67 -2 0 2 0.00 0.0 0 6.2 14 90 M M 0 8 19 100
23 90 61 76 7 0 11 1.15 0.0 0 10.8 25 220 M M 3 13 35 220
24 75 65 70 1 0 5 0.52 0.0 0 8.6 20 160 M M 7 13 24 160
25 86 64 75 5 0 10 0.00 0.0 0 7.3 18 220 M M 6 12 24 250
26 82 59 71 1 0 6 0.00 0.0 0 8.6 17 280 M M 3 1 22 280
27 76 51 64 -6 1 0 0.00 0.0 0 6.5 17 10 M M 0 23 340
28 82 48 65 -5 0 0 0.00 0.0 0 5.5 14 150 M M 0 17 130
29 85 58 72 2 0 7 T 0.0 0 9.3 20 150 M M 2 27 160
30 79 59 69 -2 0 4 0.51 0.0 0 10.0 23 260 M M 5 13 30 260
================================================================================
SM 2450 1719 21 163 5.84 0.0 219.0 M 98
================================================================================
AV 81.7 57.3 7.3 FASTST M M 3 MAX(MPH)
MISC ----> 26 330 # 35 330
================================================================================
NOTES:
# LAST OF SEVERAL OCCURRENCES
COLUMN 17 PEAK WIND IN M.P.H.
PRELIMINARY LOCAL CLIMATOLOGICAL DATA (WS FORM: F-6) , PAGE 2
STATION: GAINESVILLE
MONTH: APRIL
YEAR: 2020
LATITUDE: 29 40 N
LONGITUDE: 82 16 W
[TEMPERATURE DATA] [PRECIPITATION DATA] SYMBOLS USED IN COLUMN 16
AVERAGE MONTHLY: 69.5 TOTAL FOR MONTH: 5.84 1 = FOG OR MIST
DPTR FM NORMAL: 1.9 DPTR FM NORMAL: 3.17 2 = FOG REDUCING VISIBILITY
HIGHEST: 92 ON 12 GRTST 24HR 1.73 ON 13-14 TO 1/4 MILE OR LESS
LOWEST: 42 ON 2 3 = THUNDER
SNOW, ICE PELLETS, HAIL 4 = ICE PELLETS
TOTAL MONTH: 0.0 INCH 5 = HAIL
GRTST 24HR 0.0 6 = FREEZING RAIN OR DRIZZLE
GRTST DEPTH: 0 7 = DUSTSTORM OR SANDSTORM:
VSBY 1/2 MILE OR LESS
8 = SMOKE OR HAZE
[NO. OF DAYS WITH] [WEATHER - DAYS WITH] 9 = BLOWING SNOW
X = TORNADO
MAX 32 OR BELOW: 0 0.01 INCH OR MORE: 11
MAX 90 OR ABOVE: 3 0.10 INCH OR MORE: 8
MIN 32 OR BELOW: 0 0.50 INCH OR MORE: 5
MIN 0 OR BELOW: 0 1.00 INCH OR MORE: 3
[HDD (BASE 65) ]
TOTAL THIS MO. 21 CLEAR (SCALE 0-3) 15
DPTR FM NORMAL -22 PTCLDY (SCALE 4-7) 14
TOTAL FM JUL 1 822 CLOUDY (SCALE 8-10) 1
DPTR FM NORMAL -394
[CDD (BASE 65) ]
TOTAL THIS MO. 163
DPTR FM NORMAL 42 [PRESSURE DATA]
TOTAL FM JAN 1 444 HIGHEST SLP 30.27 ON 16
DPTR FM NORMAL 237 LOWEST SLP 29.66 ON 20
[REMARKS]
#FINAL-04-20#