000
CXUS54 KFWD 010730
CF6GOP
PRELIMINARY LOCAL CLIMATOLOGICAL DATA (WS FORM: F-6)
STATION: GATESVILLE
MONTH: MAY
YEAR: 2022
LATITUDE: 31 25 N
LONGITUDE: 97 48 W
TEMPERATURE IN F: :PCPN: SNOW: WIND :SUNSHINE: SKY :PK WND
================================================================================
1 2 3 4 5 6A 6B 7 8 9 10 11 12 13 14 15 16 17 18
12Z AVG MX 2MIN
DY MAX MIN AVG DEP HDD CDD WTR SNW DPTH SPD SPD DIR MIN PSBL S-S WX SPD DR
================================================================================
1 82 64 73 5 0 8 0.00 M M 6.8 10 140 M M 4 20 140
2 86 70 78 9 0 13 0.00 M M 11.8 22 190 M M 3 26 190
3 77 61 69 0 0 4 0.05 M M 6.6 15 180 M M 5 1 21 0
4 88 63 76 7 0 11 0.00 M M 9.8 18 140 M M 5 1 28 140
5 82 63 73 4 0 8 2.30 M M 8.1 18 160 M M 4 3 26 160
6 86 57 72 2 0 7 0.00 M M 4.9 9 130 M M 0 1 16 120
7 91 70 81 11 0 16 0.00 M M 9.3 13 130 M M 3 18 21 140
8 93 72 83 13 0 18 0.00 M M 10.3 14 150 M M 1 1 23 140
9 93 75 84 14 0 19 0.00 M M 11.5 16 140 M M 2 8 26 200
10 90 77 84 13 0 19 0.00 M M 9.4 13 160 M M 4 24 160
11 90 72 81 10 0 16 0.00 M M 8.4 13 130 M M 2 21 170
12 91 68 80 9 0 15 0.00 M M 8.6 13 140 M M 1 23 140
13 95 66 81 10 0 16 0.09 M M 9.4 28 M M M 0 38 M
14 93 70 82 10 0 17 0.00 M M 6.5 14 210 M M 0 22 210
15 95 70 83 11 0 18 0.00 M M 7.0 16 150 M M 0 23 150
16 95 72 84 12 0 19 0.00 M M 7.2 13 210 M M 0 24 90
17 95 66 81 9 0 16 0.00 M M 9.4 14 140 M M 0 22 160
18 95 72 84 12 0 19 0.00 M M 11.2 22 200 M M 0 29 200
19 95 70 83 10 0 18 0.00 M M 11.8 17 160 M M 0 25 160
20 93 75 84 11 0 19 0.00 M M 11.0 15 140 M M 4 24 160
21 93 63 78 5 0 13 0.24 M M 7.8 18 310 M M 2 38 29 310
22 79 61 70 -4 0 5 0.00 M M 8.2 14 350 M M 4 8 21 350
23 84 61 73 -1 0 8 0.26 M M 4.7 9 120 M M 5 13 22 120
24 86 61 74 0 0 9 0.67 M M 8.1 15 140 M M 7 13 48 150
25 79 59 69 -5 0 4 0.01 M M 9.1 15 300 M M 2 24 320
26 93 55 74 0 0 9 0.00 M M 7.3 16 230 M M 0 21 220
27 93 61 77 2 0 12 0.00 M M 3.8 7 100 M M 0 12 100
28 93 68 81 6 0 16 0.00 M M 9.6 17 160 M M 0 24 160
29 93 72 83 8 0 18 0.00 M M 11.9 18 160 M M 1 28 160
30 93 75 84 9 0 19 0.00 M M 14.4 23 190 M M 4 29 180
31 93 75 84 8 0 19 0.00 M M 10.3 14 160 M M 2 24 170
================================================================================
SM 2784 2084 0 428 3.62 M 274.1 M 65
================================================================================
AV 89.8 67.2 8.8 FASTST M M 2 MAX(MPH)
MISC ----> 28 9999 48 150
================================================================================
NOTES:
# LAST OF SEVERAL OCCURRENCES
COLUMN 17 PEAK WIND IN M.P.H.
PRELIMINARY LOCAL CLIMATOLOGICAL DATA (WS FORM: F-6) , PAGE 2
STATION: GATESVILLE
MONTH: MAY
YEAR: 2022
LATITUDE: 31 25 N
LONGITUDE: 97 48 W
[TEMPERATURE DATA] [PRECIPITATION DATA] SYMBOLS USED IN COLUMN 16
AVERAGE MONTHLY: 78.5 TOTAL FOR MONTH: 3.62 1 = FOG OR MIST
DPTR FM NORMAL: 6.5 DPTR FM NORMAL: M 2 = FOG REDUCING VISIBILITY
HIGHEST: 95 ON 19,18 GRTST 24HR 2.30 ON 5- 5 TO 1/4 MILE OR LESS
LOWEST: 55 ON 26 3 = THUNDER
SNOW, ICE PELLETS, HAIL 4 = ICE PELLETS
TOTAL MONTH: M 5 = HAIL
GRTST 24HR M ON M 6 = FREEZING RAIN OR DRIZZLE
GRTST DEPTH: M ON M 7 = DUSTSTORM OR SANDSTORM:
VSBY 1/2 MILE OR LESS
8 = SMOKE OR HAZE
[NO. OF DAYS WITH] [WEATHER - DAYS WITH] 9 = BLOWING SNOW
X = TORNADO
MAX 32 OR BELOW: 0 0.01 INCH OR MORE: 7
MAX 90 OR ABOVE: 21 0.10 INCH OR MORE: 4
MIN 32 OR BELOW: 0 0.50 INCH OR MORE: 2
MIN 0 OR BELOW: 0 1.00 INCH OR MORE: 1
[HDD (BASE 65) ]
TOTAL THIS MO. 0 CLEAR (SCALE 0-3) 19
DPTR FM NORMAL -13 PTCLDY (SCALE 4-7) 12
TOTAL FM JUL 1 1874 CLOUDY (SCALE 8-10) 0
DPTR FM NORMAL -580
[CDD (BASE 65) ]
TOTAL THIS MO. 428
DPTR FM NORMAL 197 [PRESSURE DATA]
TOTAL FM JAN 1 660 HIGHEST SLP M ON M
DPTR FM NORMAL 327 LOWEST SLP M ON M
[REMARKS]
#FINAL-05-22#