000
CXUS55 KMSO 010900
CF6GPI
PRELIMINARY LOCAL CLIMATOLOGICAL DATA (WS FORM: F-6)
STATION: KALISPELL MT
MONTH: MAY
YEAR: 2022
LATITUDE: 48 17 N
LONGITUDE: 114 16 W
TEMPERATURE IN F: :PCPN: SNOW: WIND :SUNSHINE: SKY :PK WND
================================================================================
1 2 3 4 5 6A 6B 7 8 9 10 11 12 13 14 15 16 17 18
12Z AVG MX 2MIN
DY MAX MIN AVG DEP HDD CDD WTR SNW DPTH SPD SPD DIR MIN PSBL S-S WX SPD DR
================================================================================
1 63 40 52 5 13 0 0.00 0.0 0 4.0 12 50 M M 9 15 20
2 68 34 51 4 14 0 0.00 0.0 0 4.4 13 30 M M 1 16 140
3 69 44 57 9 8 0 T 0.0 0 7.6 18 150 M M 5 26 220
4 66 45 56 8 9 0 0.00 0.0 0 9.2 15 170 M M 5 24 120
5 68 39 54 6 11 0 0.06 0.0 0 5.5 24 190 M M 7 45 180
6 60 45 53 4 12 0 0.04 0.0 0 12.6 25 210 M M 8 1 37 250
7 54 42 48 -1 17 0 0.04 0.0 0 9.8 25 200 M M 8 3 35 200
8 49 30 40 -9 25 0 0.00 0.0 0 8.4 18 220 M M 8 25 200
9 47 30 39 -11 26 0 0.10 T 0 9.7 20 150 M M 9 18 29 110
10 56 28 42 -8 23 0 0.02 0.0 0 7.3 20 200 M M 7 26 10
11 61 23 42 -8 23 0 0.00 0.0 0 2.9 13 180 M M 0 20 130
12 60 32 46 -5 19 0 0.00 0.0 0 3.8 14 150 M M 7 23 170
13 52 25 39 -12 26 0 0.00 0.0 0 10.3 25 270 M M 7 42 240
14 53 21 37 -14 28 0 T 0.0 0 6.2 23 150 M M 8 29 140
15 65 30 48 -4 17 0 0.00 0.0 0 5.0 17 160 M M 5 12 26 160
16 69 36 53 1 12 0 0.00 0.0 0 9.3 23 150 M M 3 12 29 130
17 65 39 52 0 13 0 0.00 0.0 0 8.7 21 240 M M 2 28 210
18 54 32 43 -9 22 0 0.05 0.0 0 6.6 23 200 M M 7 1 30 230
19 45 37 41 -12 24 0 0.18 0.0 0 8.5 17 230 M M 8 1 24 110
20 52 37 45 -8 20 0 0.01 0.0 0 4.4 16 170 M M 9 22 140
21 57 30 44 -9 21 0 0.00 0.0 0 6.3 14 60 M M 8 21 50
22 62 25 44 -10 21 0 0.00 0.0 0 4.9 15 160 M M 4 22 160
23 64 29 47 -7 18 0 0.00 0.0 0 5.3 17 160 M M 5 23 160
24 62 37 50 -4 15 0 0.00 0.0 0 5.2 15 210 M M 7 24 160
25 54 40 47 -7 18 0 0.09 0.0 0 6.9 17 160 M M 9 1 22 160
26 71 33 52 -2 13 0 0.00 0.0 0 2.7 12 160 M M 4 12 19 130
27 67 50 59 5 6 0 0.42 0.0 0 9.0 25 240 M M 8 1 37 230
28 57 44 51 -4 14 0 0.16 0.0 0 6.2 16 160 M M 9 1 22 130
29 64 40 52 -3 13 0 T 0.0 0 5.6 22 60 M M 9 1 28 50
30 66 50 58 3 7 0 0.00 0.0 0 13.2 23 40 M M 8 31 50
31 68 41 55 0 10 0 0.00 0.0 0 6.8 15 40 M M 2 19 30
================================================================================
SM 1868 1108 518 0 1.17 T 216.3 M 196
================================================================================
AV 60.3 35.7 7.0 FASTST M M 6 MAX(MPH)
MISC ----> # 25 210 45 180
================================================================================
NOTES:
# LAST OF SEVERAL OCCURRENCES
COLUMN 17 PEAK WIND IN M.P.H.
PRELIMINARY LOCAL CLIMATOLOGICAL DATA (WS FORM: F-6) , PAGE 2
STATION: KALISPELL MT
MONTH: MAY
YEAR: 2022
LATITUDE: 48 17 N
LONGITUDE: 114 16 W
[TEMPERATURE DATA] [PRECIPITATION DATA] SYMBOLS USED IN COLUMN 16
AVERAGE MONTHLY: 48.0 TOTAL FOR MONTH: 1.17 1 = FOG OR MIST
DPTR FM NORMAL: -3.6 DPTR FM NORMAL: -0.67 2 = FOG REDUCING VISIBILITY
HIGHEST: 71 ON 26 GRTST 24HR 0.42 ON 27-27 TO 1/4 MILE OR LESS
LOWEST: 21 ON 14 3 = THUNDER
SNOW, ICE PELLETS, HAIL 4 = ICE PELLETS
TOTAL MONTH: T 5 = HAIL
GRTST 24HR T ON 9- 9 6 = FREEZING RAIN OR DRIZZLE
GRTST DEPTH: 0 7 = DUSTSTORM OR SANDSTORM:
VSBY 1/2 MILE OR LESS
8 = SMOKE OR HAZE
[NO. OF DAYS WITH] [WEATHER - DAYS WITH] 9 = BLOWING SNOW
X = TORNADO
MAX 32 OR BELOW: 0 0.01 INCH OR MORE: 11
MAX 90 OR ABOVE: 0 0.10 INCH OR MORE: 4
MIN 32 OR BELOW: 12 0.50 INCH OR MORE: 0
MIN 0 OR BELOW: 0 1.00 INCH OR MORE: 0
[HDD (BASE 65) ]
TOTAL THIS MO. 518 CLEAR (SCALE 0-3) 5
DPTR FM NORMAL 101 PTCLDY (SCALE 4-7) 18
TOTAL FM JUL 1 7724 CLOUDY (SCALE 8-10) 8
DPTR FM NORMAL -150
[CDD (BASE 65) ]
TOTAL THIS MO. 0
DPTR FM NORMAL -1 [PRESSURE DATA]
TOTAL FM JAN 1 0 HIGHEST SLP M ON M
DPTR FM NORMAL -1 LOWEST SLP 29.53 ON 7
[REMARKS]
#FINAL-05-22#