000
CXUS55 KMSO 011801
CF6GPI
PRELIMINARY LOCAL CLIMATOLOGICAL DATA (WS FORM: F-6)
STATION: KALISPELL MT
MONTH: NOVEMBER
YEAR: 2021
LATITUDE: 48 17 N
LONGITUDE: 114 16 W
TEMPERATURE IN F: :PCPN: SNOW: WIND :SUNSHINE: SKY :PK WND
================================================================================
1 2 3 4 5 6A 6B 7 8 9 10 11 12 13 14 15 16 17 18
12Z AVG MX 2MIN
DY MAX MIN AVG DEP HDD CDD WTR SNW DPTH SPD SPD DIR MIN PSBL S-S WX SPD DR
================================================================================
1 46 21 34 -1 31 0 0.00 0.0 0 3.6 14 20 M M 0 19 20
2 39 24 32 -3 33 0 0.00 0.0 0 0.5 7 280 M M 7 7 270
3 43 28 36 1 29 0 T 0.0 0 0.4 6 60 M M 10 12 6 270
4 47 26 37 3 28 0 0.05 0.0 0 2.7 15 170 M M 9 12 18 180
5 54 39 47 13 18 0 T 0.0 0 7.2 20 200 M M 7 28 210
6 46 32 39 5 26 0 0.11 0.0 0 4.5 13 190 M M 9 1 20 180
7 42 36 39 5 26 0 T T 0 7.8 15 220 M M 10 24 260
8 48 22 35 2 30 0 T T 0 7.4 16 150 M M 5 20 160
9 41 21 31 -2 34 0 0.01 T 0 4.1 18 300 M M 5 32 310
10 45 21 33 0 32 0 T T 0 6.9 21 270 M M 7 30 260
11 39 18 29 -4 36 0 0.00 0.0 0 1.2 6 50 M M 6 9 160
12 39 30 35 3 30 0 0.31 T 0 0.5 6 160 M M 10 16 8 180
13 46 36 41 9 24 0 0.16 0.0 0 4.2 18 200 M M 6 1 23 190
14 56 33 45 13 20 0 0.30 T 0 8.3 18 160 M M 10 1 25 150
15 62 42 52 20 13 0 0.01 0.0 0 12.7 36 230 M M 4 63 180
16 43 18 31 0 34 0 0.01 T 0 10.5 24 230 M M 5 42 230
17 36 11 24 -7 41 0 0.00 0.0 0 1.4 10 150 M M 0 1 18 150
18 33 18 26 -5 39 0 0.07 0.6 0 0.6 6 280 M M 6 18 11 120
19 35 29 32 1 33 0 0.11 1.0 2 0.5 6 210 M M 10 1 7 100
20 36 28 32 2 33 0 T T 2 3.8 10 150 M M 10 16 160
21 40 30 35 5 30 0 0.00 0.0 1 2.6 9 160 M M 10 1 13 170
22 49 24 37 7 28 0 0.00 0.0 1 2.9 14 180 M M 6 12 17 160
23 43 33 38 8 27 0 0.35 T T 6.1 16 150 M M 10 1 22 140
24 42 26 34 5 31 0 0.00 0.0 0 5.9 12 180 M M 5 1 16 230
25 41 32 37 8 28 0 T 0.0 0 3.9 12 200 M M 10 15 200
26 45 34 40 11 25 0 0.06 0.0 0 6.9 18 160 M M 9 24 140
27 49 30 40 12 25 0 T 0.0 0 3.8 12 170 M M 7 1 16 180
28 59 43 51 23 14 0 0.06 0.0 0 8.9 17 220 M M 9 1 28 210
29 52 41 47 19 18 0 0.01 0.0 0 9.0 17 180 M M 10 22 180
30 49 42 46 18 19 0 0.01 0.0 0 12.4 22 140 M M 8 30 170
================================================================================
SM 1345 868 835 0 1.63 1.6 151.2 M 220
================================================================================
AV 44.8 28.9 5.0 FASTST M M 7 MAX(MPH)
MISC ----> 36 230 63 180
================================================================================
NOTES:
# LAST OF SEVERAL OCCURRENCES
COLUMN 17 PEAK WIND IN M.P.H.
PRELIMINARY LOCAL CLIMATOLOGICAL DATA (WS FORM: F-6) , PAGE 2
STATION: KALISPELL MT
MONTH: NOVEMBER
YEAR: 2021
LATITUDE: 48 17 N
LONGITUDE: 114 16 W
[TEMPERATURE DATA] [PRECIPITATION DATA] SYMBOLS USED IN COLUMN 16
AVERAGE MONTHLY: 36.9 TOTAL FOR MONTH: 1.63 1 = FOG OR MIST
DPTR FM NORMAL: 5.5 DPTR FM NORMAL: 0.28 2 = FOG REDUCING VISIBILITY
HIGHEST: 62 ON 15 GRTST 24HR 0.44 ON 13-14 TO 1/4 MILE OR LESS
LOWEST: 11 ON 17 3 = THUNDER
SNOW, ICE PELLETS, HAIL 4 = ICE PELLETS
TOTAL MONTH: 1.6 INCHES 5 = HAIL
GRTST 24HR 1.0 ON 19-19 6 = FREEZING RAIN OR DRIZZLE
GRTST DEPTH: 2 ON 20,19 7 = DUSTSTORM OR SANDSTORM:
VSBY 1/2 MILE OR LESS
8 = SMOKE OR HAZE
[NO. OF DAYS WITH] [WEATHER - DAYS WITH] 9 = BLOWING SNOW
X = TORNADO
MAX 32 OR BELOW: 0 0.01 INCH OR MORE: 15
MAX 90 OR ABOVE: 0 0.10 INCH OR MORE: 6
MIN 32 OR BELOW: 20 0.50 INCH OR MORE: 0
MIN 0 OR BELOW: 0 1.00 INCH OR MORE: 0
[HDD (BASE 65) ]
TOTAL THIS MO. 835 CLEAR (SCALE 0-3) 2
DPTR FM NORMAL -171 PTCLDY (SCALE 4-7) 13
TOTAL FM JUL 1 1860 CLOUDY (SCALE 8-10) 15
DPTR FM NORMAL -365
[CDD (BASE 65) ]
TOTAL THIS MO. 0
DPTR FM NORMAL 0 [PRESSURE DATA]
TOTAL FM JAN 1 410 HIGHEST SLP 30.56 ON 17
DPTR FM NORMAL 267 LOWEST SLP 29.38 ON 15
[REMARKS]
#FINAL-11-21#