008
CXUS54 KLIX 010810
CF6GPT
PRELIMINARY LOCAL CLIMATOLOGICAL DATA (WS FORM: F-6)
STATION: GULFPORT
MONTH: MAY
YEAR: 2020
LATITUDE: 30 23 N
LONGITUDE: 89 4 W
TEMPERATURE IN F: :PCPN: SNOW: WIND :SUNSHINE: SKY :PK WND
================================================================================
1 2 3 4 5 6A 6B 7 8 9 10 11 12 13 14 15 16 17 18
12Z AVG MX 2MIN
DY MAX MIN AVG DEP HDD CDD WTR SNW DPTH SPD SPD DIR MIN PSBL S-S WX SPD DR
================================================================================
1 78 49 64 -7 1 0 0.00 0.0 0 2.9 14 160 M M 0 17 160
2 78 55 67 -4 0 2 0.00 0.0 0 5.2 14 160 M M 0 19 160
3 80 63 72 1 0 7 0.00 0.0 M 5.9 15 160 M M 1 21 140
4 81 62 72 1 0 7 0.00 0.0 M 4.9 16 160 M M 2 22 160
5 90 62 76 4 0 11 0.00 0.0 M 4.9 15 330 M M 3 20 340
6 85 62 74 2 0 9 0.00 0.0 M 10.3 22 340 M M 1 29 340
7 75 54 65 -7 0 0 0.00 0.0 M 6.9 13 160 M M 0 17 50
8 80 64 72 0 0 7 0.63 0.0 M 9.3 21 340 M M 5 1 27 330
9 69 57 63 -10 2 0 0.00 0.0 M 9.0 20 40 M M 8 29 30
10 82 58 70 -3 0 5 0.00 0.0 M 6.9 14 350 M M 3 17 350
11 84 50 67 -6 0 2 0.00 0.0 M 4.3 15 350 M M 0 18 360
12 79 56 68 -5 0 3 0.00 0.0 M 11.0 24 140 M M 0 28 130
13 83 65 74 0 0 9 0.00 0.0 M 11.7 21 120 M M 3 28 130
14 81 70 76 2 0 11 0.07 0.0 M 16.5 29 120 M M 8 8 37 120
15 81 73 77 3 0 12 0.13 0.0 M 14.9 21 130 M M 9 1 26 120
16 83 71 77 3 0 12 T 0.0 M 14.8 23 120 M M 9 1 29 130
17 84 71 78 3 0 13 0.01 0.0 M 9.9 21 170 M M 7 26 190
18 85 64 75 0 0 10 0.16 0.0 M 9.0 18 300 M M 6 18 25 310
19 86 60 73 -2 0 8 0.00 0.0 M 5.8 14 190 M M 3 20 210
20 78 66 72 -3 0 7 0.11 0.0 M 3.5 12 340 M M 7 14 290
21 90 65 78 2 0 13 0.00 0.0 M 4.7 14 200 M M 3 19 190
22 87 78 83 7 0 18 0.00 0.0 M 10.1 18 150 M M 4 3 24 150
23 87 74 81 5 0 16 0.00 0.0 M 8.3 16 150 M M 4 21 130
24 87 70 79 3 0 14 0.00 0.0 M 8.9 16 140 M M 3 1 22 120
25 88 73 81 4 0 16 0.02 0.0 M 15.3 30 110 M M 5 38 110
26 84 72 78 1 0 13 0.05 0.0 M 6.9 17 130 M M 7 13 20 140
27 84 67 76 -1 0 11 1.57 0.0 M 4.3 20 340 M M 5 13 27 350
28 87 66 77 0 0 12 0.00 0.0 M 4.9 10 160 M M 0 15 180
29 87 70 79 2 0 14 0.00 0.0 M 3.3 10 190 M M 3 15 190
30 89 72 81 3 0 16 0.01 0.0 M 3.7 10 150 M M 4 13 150
31 92 72 82 4 0 17 0.00 M M 6.4 15 340 M M 1 19 10
================================================================================
SM 2584 2011 3 295 2.76 0.0 244.4 M 114
================================================================================
AV 83.4 64.9 7.9 FASTST M M 4 MAX(MPH)
MISC ----> 30 110 38 110
================================================================================
NOTES:
# LAST OF SEVERAL OCCURRENCES
COLUMN 17 PEAK WIND IN M.P.H.
PRELIMINARY LOCAL CLIMATOLOGICAL DATA (WS FORM: F-6) , PAGE 2
STATION: GULFPORT
MONTH: MAY
YEAR: 2020
LATITUDE: 30 23 N
LONGITUDE: 89 4 W
[TEMPERATURE DATA] [PRECIPITATION DATA] SYMBOLS USED IN COLUMN 16
AVERAGE MONTHLY: 74.1 TOTAL FOR MONTH: 2.76 1 = FOG OR MIST
DPTR FM NORMAL: -0.2 DPTR FM NORMAL: -2.35 2 = FOG REDUCING VISIBILITY
HIGHEST: 92 ON 31 GRTST 24HR 1.59 ON 26-27 TO 1/4 MILE OR LESS
LOWEST: 49 ON 1 3 = THUNDER
SNOW, ICE PELLETS, HAIL 4 = ICE PELLETS
TOTAL MONTH: 0.0 INCH 5 = HAIL
GRTST 24HR 0.0 6 = FREEZING RAIN OR DRIZZLE
GRTST DEPTH: 0 7 = DUSTSTORM OR SANDSTORM:
VSBY 1/2 MILE OR LESS
8 = SMOKE OR HAZE
[NO. OF DAYS WITH] [WEATHER - DAYS WITH] 9 = BLOWING SNOW
X = TORNADO
MAX 32 OR BELOW: 0 0.01 INCH OR MORE: 10
MAX 90 OR ABOVE: 3 0.10 INCH OR MORE: 5
MIN 32 OR BELOW: 0 0.50 INCH OR MORE: 2
MIN 0 OR BELOW: 0 1.00 INCH OR MORE: 1
[HDD (BASE 65) ]
TOTAL THIS MO. 3 CLEAR (SCALE 0-3) 16
DPTR FM NORMAL 0 PTCLDY (SCALE 4-7) 12
TOTAL FM JUL 1 1214 CLOUDY (SCALE 8-10) 3
DPTR FM NORMAL -411
[CDD (BASE 65) ]
TOTAL THIS MO. 295
DPTR FM NORMAL 2 [PRESSURE DATA]
TOTAL FM JAN 1 660 HIGHEST SLP M ON M
DPTR FM NORMAL 223 LOWEST SLP 29.74 ON 18
[REMARKS]
#FINAL-05-20#