839
CXUS53 KIWX 010800
CF6GSH
PRELIMINARY LOCAL CLIMATOLOGICAL DATA (WS FORM: F-6)
STATION: GOSHEN
MONTH: MARCH
YEAR: 2020
LATITUDE: 41 31 N
LONGITUDE: 85 47 W
TEMPERATURE IN F: :PCPN: SNOW: WIND :SUNSHINE: SKY :PK WND
================================================================================
1 2 3 4 5 6A 6B 7 8 9 10 11 12 13 14 15 16 17 18
12Z AVG MX 2MIN
DY MAX MIN AVG DEP HDD CDD WTR SNW DPTH SPD SPD DIR MIN PSBL S-S WX SPD DR
================================================================================
1 50 16 33 1 32 0 0.00 0.0 M 10.7 20 190 M M 1 28 180
2 52 34 43 11 22 0 0.19 0.0 0 10.2 26 210 M M 5 1 35 200
3 50 28 39 7 26 0 0.01 0.0 0 9.7 31 260 M M 5 18 45 330
4 45 26 36 3 29 0 T M 0 9.2 22 290 M M 5 29 290
5 54 25 40 7 25 0 0.05 M 0 11.4 29 270 M M 2 1 36 280
6 39 27 33 0 32 0 0.01 M 0 16.0 26 330 M M 9 1 36 300
7 47 19 33 -1 32 0 0.00 0.0 0 7.5 15 190 M M 0 1 23 210
8 61 35 48 14 17 0 0.00 0.0 0 15.2 26 200 M M 0 34 200
9 63 48 56 22 9 0 0.16 M 0 16.9 31 190 M M 5 1 43 180
10 54 29 42 7 23 0 0.18 M 0 11.3 26 200 M M 7 1 37 200
11 43 31 37 2 28 0 0.00 0.0 0 4.6 12 250 M M 9 128 14 250
12 57 36 47 11 18 0 0.00 M M 8.1 17 260 M M 8 8 26 180
13 54 35 45 9 20 0 T M M 15.8 36 330 M M 4 1 47 290
14 39 32 36 0 29 0 T M M 4.4 12 40 M M 8 18 16 10
15 48 28 38 1 27 0 0.00 M M 7.9 15 60 M M 3 19 50
16 41 28 35 -2 30 0 0.01 M M 4.7 10 130 M M 7 18 14 130
17 46 28 37 -1 28 0 T M 0 8.1 16 290 M M 6 18 24 310
18 44 28 36 -2 29 0 0.24 M 0 7.6 15 90 M M 6 18 20 90
19 62 39 51 13 14 0 0.28 M 0 12.1 24 210 M M 10 12 34 230
20 M M M M M M 0.05 M 0 19.0 25 320 M M 9 1 40 260
21 32 25 29 -10 36 0 0.00 0.0 M 6.9 15 60 M M 8 21 70
22 38 21 30 -10 35 0 0.15 M 0 8.3 17 130 M M 4 1 25 120
23 40 31 36 -4 29 0 T M 0 5.1 9 310 M M 10 1 M M
24 44 27 36 -4 29 0 0.00 0.0 0 5.2 14 90 M M 6 18 18 80
25 59 33 46 5 19 0 0.00 0.0 0 5.3 15 210 M M 5 18 22 220
26 59 45 52 11 13 0 0.05 M 0 7.0 14 200 M M 6 18 18 200
27 53 44 49 7 16 0 0.19 M 0 10.3 18 100 M M 9 138 25 130
28 64 44 54 12 11 0 0.43 0.0 0 9.8 20 340 M M 9 13 24 170
29 64 45 55 13 10 0 0.01 0.0 0 20.9 38 220 M M 7 1 55 230
30 45 33 39 -4 26 0 0.01 0.0 0 13.8 25 290 M M 10 1 35 300
31 44 35 40 -3 25 0 T 0.0 0 8.1 16 30 M M 10 18 21 20
================================================================================
SM 1491 955 719 0 2.02 0.0 311.1 M 193
================================================================================
AV 49.7 31.8 10.0 FASTST M M 6 MAX(MPH)
MISC ----> # 38 220 # 55 230
================================================================================
NOTES:
# LAST OF SEVERAL OCCURRENCES
COLUMN 17 PEAK WIND IN M.P.H.
PRELIMINARY LOCAL CLIMATOLOGICAL DATA (WS FORM: F-6) , PAGE 2
STATION: GOSHEN
MONTH: MARCH
YEAR: 2020
LATITUDE: 41 31 N
LONGITUDE: 85 47 W
[TEMPERATURE DATA] [PRECIPITATION DATA] SYMBOLS USED IN COLUMN 16
AVERAGE MONTHLY: 40.8 TOTAL FOR MONTH: 2.02 1 = FOG OR MIST
DPTR FM NORMAL: 3.6 DPTR FM NORMAL: -0.25 2 = FOG REDUCING VISIBILITY
HIGHEST: 64 ON 29,28 GRTST 24HR 0.43 ON 28-28 TO 1/4 MILE OR LESS
LOWEST: 16 ON 1 3 = THUNDER
SNOW, ICE PELLETS, HAIL 4 = ICE PELLETS
TOTAL MONTH: 0.0 INCH 5 = HAIL
GRTST 24HR 0.0 6 = FREEZING RAIN OR DRIZZLE
GRTST DEPTH: 0 7 = DUSTSTORM OR SANDSTORM:
VSBY 1/2 MILE OR LESS
8 = SMOKE OR HAZE
[NO. OF DAYS WITH] [WEATHER - DAYS WITH] 9 = BLOWING SNOW
X = TORNADO
MAX 32 OR BELOW: 1 0.01 INCH OR MORE: 16
MAX 90 OR ABOVE: 0 0.10 INCH OR MORE: 8
MIN 32 OR BELOW: 17 0.50 INCH OR MORE: 0
MIN 0 OR BELOW: 0 1.00 INCH OR MORE: 0
[HDD (BASE 65) ]
TOTAL THIS MO. 719 CLEAR (SCALE 0-3) 4
DPTR FM NORMAL -142 PTCLDY (SCALE 4-7) 18
TOTAL FM JUL 1 5016 CLOUDY (SCALE 8-10) 9
DPTR FM NORMAL -650
[CDD (BASE 65) ]
TOTAL THIS MO. 0
DPTR FM NORMAL 0 [PRESSURE DATA]
TOTAL FM JAN 1 0 HIGHEST SLP 30.65 ON 15
DPTR FM NORMAL 0 LOWEST SLP 29.48 ON 29
[REMARKS]
#FINAL-03-20#