000
CXUS52 KGSP 011306
CF6GSP
PRELIMINARY LOCAL CLIMATOLOGICAL DATA (WS FORM: F-6)
STATION: GREENVILLE-SPARTANBURG SC
MONTH: MAY
YEAR: 2022
LATITUDE: 34 54 N
LONGITUDE: 82 13 W
TEMPERATURE IN F: :PCPN: SNOW: WIND :SUNSHINE: SKY :PK WND
================================================================================
1 2 3 4 5 6A 6B 7 8 9 10 11 12 13 14 15 16 17 18
12Z AVG MX 2MIN
DY MAX MIN AVG DEP HDD CDD WTR SNW DPTH SPD SPD DIR MIN PSBL S-S WX SPD DR
================================================================================
1 82 60 71 6 0 6 0.01 0.0 0 9.1 18 210 M M 5 24 240
2 87 61 74 9 0 9 0.00 0.0 0 7.3 20 220 M M 0 18 27 230
3 88 62 75 9 0 10 0.00 0.0 0 9.4 22 210 M M 2 29 210
4 89 63 76 10 0 11 0.00 0.0 0 8.5 20 220 M M 1 25 230
5 85 57 71 5 0 6 0.00 0.0 0 5.8 14 40 M M 0 19 30
6 82 64 73 7 0 8 0.25 0.0 0 11.3 29 220 M M 6 138 42 220
7 76 59 68 1 0 3 T 0.0 0 7.9 15 240 M M 5 20 20
8 66 52 59 -8 6 0 0.00 0.0 0 10.0 17 50 M M 10 22 60
9 73 50 62 -5 3 0 0.00 0.0 0 5.8 14 60 M M 3 22 10
10 82 47 65 -2 0 0 0.00 0.0 0 6.1 14 40 M M 0 20 30
11 82 51 67 -1 0 2 0.00 0.0 0 5.5 14 70 M M 0 18 60
12 80 56 68 0 0 3 T 0.0 0 10.8 21 60 M M 3 28 30
13 78 61 70 2 0 5 0.27 0.0 0 5.8 15 60 M M 7 18 20 60
14 81 57 69 1 0 4 0.01 0.0 0 2.3 13 240 M M 4 1 15 200
15 83 60 72 3 0 7 1.70 0.0 0 3.0 29 30 M M 3 123 35 290
16 87 61 74 5 0 9 T 0.0 0 6.7 18 270 M M 2 1 26 230
17 83 54 69 0 0 4 0.00 0.0 0 2.2 10 270 M M 0 15 60
18 86 54 70 1 0 5 0.00 0.0 0 7.0 20 210 M M 0 24 210
19 93 64 79 9 0 14 0.00 0.0 0 9.3 20 230 M M 0 25 220
20 91 69 80 10 0 15 0.00 0.0 0 10.4 22 220 M M 0 29 210
21 89 69 79 9 0 14 0.00 0.0 0 8.5 18 190 M M 2 3 24 180
22 88 67 78 8 0 13 0.01 0.0 0 8.6 20 230 M M 4 25 230
23 73 66 70 -1 0 5 1.02 0.0 0 6.5 21 210 M M 7 18 33 240
24 81 63 72 1 0 7 0.01 0.0 0 5.6 15 50 M M 5 19 40
25 68 60 64 -7 1 0 0.34 0.0 0 8.5 17 200 M M 10 13 22 190
26 78 65 72 0 0 7 1.99 0.0 0 8.0 15 180 M M 10 138 20 170
27 80 60 70 -2 0 5 0.17 0.0 0 10.2 22 220 M M 6 1 28 210
28 82 55 69 -3 0 4 0.00 0.0 0 2.3 10 100 M M 2 12 110
29 86 58 72 0 0 7 0.00 0.0 0 3.0 10 150 M M 1 16 190
30 88 65 77 5 0 12 0.00 0.0 0 3.9 14 190 M M 4 19 200
31 89 64 77 4 0 12 0.00 0.0 0 2.5 10 140 M M 0 13 140
================================================================================
SM 2556 1854 10 207 5.78 0.0 211.8 M 102
================================================================================
AV 82.5 59.8 6.8 FASTST M M 3 MAX(MPH)
MISC ----> # 29 220 42 220
================================================================================
NOTES:
# LAST OF SEVERAL OCCURRENCES
COLUMN 17 PEAK WIND IN M.P.H.
PRELIMINARY LOCAL CLIMATOLOGICAL DATA (WS FORM: F-6) , PAGE 2
STATION: GREENVILLE-SPARTANBURG SC
MONTH: MAY
YEAR: 2022
LATITUDE: 34 54 N
LONGITUDE: 82 13 W
[TEMPERATURE DATA] [PRECIPITATION DATA] SYMBOLS USED IN COLUMN 16
AVERAGE MONTHLY: 71.1 TOTAL FOR MONTH: 5.78 1 = FOG OR MIST
DPTR FM NORMAL: 2.2 DPTR FM NORMAL: 1.71 2 = FOG REDUCING VISIBILITY
HIGHEST: 93 ON 19 GRTST 24HR 2.16 ON 26-27 TO 1/4 MILE OR LESS
LOWEST: 47 ON 10 3 = THUNDER
SNOW, ICE PELLETS, HAIL 4 = ICE PELLETS
TOTAL MONTH: 0.0 INCH 5 = HAIL
GRTST 24HR 0.0 6 = FREEZING RAIN OR DRIZZLE
GRTST DEPTH: 0 7 = DUSTSTORM OR SANDSTORM:
VSBY 1/2 MILE OR LESS
8 = SMOKE OR HAZE
[NO. OF DAYS WITH] [WEATHER - DAYS WITH] 9 = BLOWING SNOW
X = TORNADO
MAX 32 OR BELOW: 0 0.01 INCH OR MORE: 11
MAX 90 OR ABOVE: 2 0.10 INCH OR MORE: 7
MIN 32 OR BELOW: 0 0.50 INCH OR MORE: 3
MIN 0 OR BELOW: 0 1.00 INCH OR MORE: 3
[HDD (BASE 65) ]
TOTAL THIS MO. 10 CLEAR (SCALE 0-3) 18
DPTR FM NORMAL -29 PTCLDY (SCALE 4-7) 10
TOTAL FM JUL 1 2697 CLOUDY (SCALE 8-10) 3
DPTR FM NORMAL -319
[CDD (BASE 65) ]
TOTAL THIS MO. 207
DPTR FM NORMAL 47 [PRESSURE DATA]
TOTAL FM JAN 1 245 HIGHEST SLP 30.29 ON 10
DPTR FM NORMAL 33 LOWEST SLP 29.52 ON 6
[REMARKS]
#FINAL-05-22#