833
CXUS54 KJAN 011414
CF6GWO
PRELIMINARY LOCAL CLIMATOLOGICAL DATA (WS FORM: F-6)
STATION: GREENWOOD
MONTH: JUNE
YEAR: 2020
LATITUDE: 33 30 N
LONGITUDE: 90 5 W
TEMPERATURE IN F: :PCPN: SNOW: WIND :SUNSHINE: SKY :PK WND
================================================================================
1 2 3 4 5 6A 6B 7 8 9 10 11 12 13 14 15 16 17 18
12Z AVG MX 2MIN
DY MAX MIN AVG DEP HDD CDD WTR SNW DPTH SPD SPD DIR MIN PSBL S-S WX SPD DR
================================================================================
1 87 61 74 -2 0 9 0.00 0.0 0 4.2 10 70 M M 0 16 90
2 92 64 78 2 0 13 0.00 0.0 0 3.5 10 180 M M 1 15 130
3 91 71 81 5 0 16 1.51 0.0 0 5.4 25 180 M M 5 138 33 180
4 89 70 80 3 0 15 0.01 0.0 0 7.3 17 200 M M 2 1 22 200
5 94 70 82 5 0 17 0.84 0.0 0 6.0 31 20 M M 2 13 52 20
6 91 69 80 3 0 15 T 0.0 0 6.3 16 80 M M 2 13 21 90
7 91 73 82 5 0 17 T 0.0 0 12.4 21 70 M M 1 28 60
8 85 75 80 2 0 15 0.82 0.0 0 18.7 28 90 M M 8 1 41 90
9 92 78 85 7 0 20 0.00 0.0 0 14.9 24 190 M M 5 36 220
10 82 65 74 -4 0 9 0.29 0.0 0 7.0 25 230 M M 2 1 46 330
11 85 62 74 -4 0 9 0.00 0.0 0 4.0 14 350 M M 0 22 340
12 89 60 75 -3 0 10 0.00 0.0 0 5.6 21 40 M M 0 1 29 20
13 91 60 76 -3 0 11 0.00 0.0 0 4.8 17 30 M M 0 22 60
14 94 66 80 1 0 15 0.00 0.0 0 4.5 10 50 M M 1 15 50
15 93 68 81 2 0 16 0.00 0.0 0 5.3 15 50 M M 0 19 70
16 86 60 73 -6 0 8 0.00 0.0 0 4.3 13 70 M M 1 16 20
17 89 64 77 -2 0 12 0.00 0.0 0 2.3 10 40 M M 1 15 20
18 90 66 78 -1 0 13 0.00 0.0 0 1.8 8 170 M M 0 10 160
19 92 69 81 1 0 16 0.00 0.0 0 2.5 10 110 M M 1 14 210
20 93 69 81 1 0 16 0.00 0.0 0 3.7 13 200 M M 1 18 190
21 91 71 81 1 0 16 0.26 0.0 0 7.2 16 210 M M 6 13 25 220
22 86 70 78 -2 0 13 0.03 0.0 0 10.9 25 200 M M 4 1 36 190
23 88 75 82 2 0 17 0.01 0.0 0 6.4 14 320 M M 7 3 25 340
24 87 72 80 0 0 15 0.17 0.0 0 5.2 17 80 M M 3 13 23 80
25 88 70 79 -1 0 14 T 0.0 0 4.9 26 190 M M 5 1 34 200
26 79 70 75 -5 0 10 0.32 0.0 0 3.4 17 220 M M 8 1 28 260
27 91 76 84 3 0 19 0.00 0.0 0 7.8 15 220 M M 3 1 24 210
28 92 76 84 3 0 19 0.00 0.0 0 6.5 15 220 M M 3 21 220
29 90 76 83 2 0 18 0.00 0.0 0 5.3 14 220 M M 1 19 210
30 92 78 85 4 0 20 0.00 0.0 0 7.9 17 220 M M 1 26 230
================================================================================
SM 2680 2074 0 433 4.26 0.0 190.0 M 74
================================================================================
AV 89.3 69.1 6.3 FASTST M M 2 MAX(MPH)
MISC ----> # 31 20 # 52 20
================================================================================
NOTES:
# LAST OF SEVERAL OCCURRENCES
COLUMN 17 PEAK WIND IN M.P.H.
PRELIMINARY LOCAL CLIMATOLOGICAL DATA (WS FORM: F-6) , PAGE 2
STATION: GREENWOOD
MONTH: JUNE
YEAR: 2020
LATITUDE: 33 30 N
LONGITUDE: 90 5 W
[TEMPERATURE DATA] [PRECIPITATION DATA] SYMBOLS USED IN COLUMN 16
AVERAGE MONTHLY: 79.2 TOTAL FOR MONTH: 4.26 1 = FOG OR MIST
DPTR FM NORMAL: 0.5 DPTR FM NORMAL: -0.05 2 = FOG REDUCING VISIBILITY
HIGHEST: 94 ON 14, 5 GRTST 24HR 1.51 ON 3- 3 TO 1/4 MILE OR LESS
LOWEST: 60 ON 16,13 3 = THUNDER
SNOW, ICE PELLETS, HAIL 4 = ICE PELLETS
TOTAL MONTH: 0.0 INCH 5 = HAIL
GRTST 24HR 0.0 6 = FREEZING RAIN OR DRIZZLE
GRTST DEPTH: 0 7 = DUSTSTORM OR SANDSTORM:
VSBY 1/2 MILE OR LESS
8 = SMOKE OR HAZE
[NO. OF DAYS WITH] [WEATHER - DAYS WITH] 9 = BLOWING SNOW
X = TORNADO
MAX 32 OR BELOW: 0 0.01 INCH OR MORE: 10
MAX 90 OR ABOVE: 17 0.10 INCH OR MORE: 7
MIN 32 OR BELOW: 0 0.50 INCH OR MORE: 3
MIN 0 OR BELOW: 0 1.00 INCH OR MORE: 1
[HDD (BASE 65) ]
TOTAL THIS MO. 0 CLEAR (SCALE 0-3) 21
DPTR FM NORMAL 0 PTCLDY (SCALE 4-7) 9
TOTAL FM JUL 1 2131 CLOUDY (SCALE 8-10) 0
DPTR FM NORMAL -557
[CDD (BASE 65) ]
TOTAL THIS MO. 433
DPTR FM NORMAL 20 [PRESSURE DATA]
TOTAL FM JAN 1 787 HIGHEST SLP M ON M
DPTR FM NORMAL 44 LOWEST SLP 29.40 ON 8
[REMARKS]
#FINAL-06-20#