000
CXUS55 KBOU 010900
CF6GXY
PRELIMINARY LOCAL CLIMATOLOGICAL DATA (WS FORM: F-6)
STATION: GREELEY CO
MONTH: JULY
YEAR: 2023
LATITUDE: 40 25 N
LONGITUDE: 104 38 W
TEMPERATURE IN F: :PCPN: SNOW: WIND :SUNSHINE: SKY :PK WND
================================================================================
1 2 3 4 5 6A 6B 7 8 9 10 11 12 13 14 15 16 17 18
12Z AVG MX 2MIN
DY MAX MIN AVG DEP HDD CDD WTR SNW DPTH SPD SPD DIR MIN PSBL S-S WX SPD DR
================================================================================
1 87 49 68 M 0 3 M M M 4.9 10 10 M M 1 M M
2 91 52 72 M 0 7 M M M 5.6 17 360 M M 1 8 21 360
3 95 51 73 M 0 8 M M M 5.2 14 360 M M 0 M M
4 87 55 71 M 0 6 M M M 9.2 18 50 M M 4 13 25 360
5 62 54 58 M 7 0 M M M 7.9 16 120 M M 10 13 21 110
6 79 55 67 M 0 2 M M M 6.2 15 110 M M 7 1 M M
7 76 54 65 M 0 0 M M M 7.3 16 20 M M 3 3 28 20
8 78 56 67 M 0 2 M M M 8.4 25 90 M M 6 13 33 80
9 82 54 68 M 0 3 M M M 3.9 8 170 M M 2 1 M M
10 95 56 76 M 0 11 M M M 4.0 8 40 M M 0 18 M M
11 98 59 79 M 0 14 M M M 3.9 8 90 M M 0 M M
12 95 56 76 M 0 11 M M M 5.7 18 190 M M 0 35 180
13 95 58 77 M 0 12 M M M 7.2 22 160 M M 0 35 160
14 86 56 71 M 0 6 M M M 9.7 29 350 M M 1 35 360
15 87 58 73 M 0 8 M M M 5.2 23 340 M M 3 3 29 340
16 91 54 73 M 0 8 M M M 6.3 15 360 M M 0 M M
17 99 55 77 M 0 12 M M M 6.0 10 70 M M 0 16 180
18 97 57 77 M 0 12 M M M 7.8 22 320 M M 0 8 32 320
19 88 63 76 M 0 11 M M M 5.8 17 340 M M 3 8 28 10
20 78 57 68 M 0 3 M M M 7.5 18 120 M M 5 13 24 60
21 86 55 71 M 0 6 M M M 3.1 9 100 M M 3 13 M M
22 92 55 74 M 0 9 M M M 4.8 26 10 M M 0 13 51 60
23 96 56 76 M 0 11 M M M 4.2 29 320 M M 0 39 320
24 100 58 79 M 0 14 M M M 4.4 21 290 M M 0 3 58 290
25 100 60 80 M 0 15 M M M 4.5 10 230 M M 0 M M
26 94 59 77 M 0 12 M M M 5.7 14 350 M M 0 3 21 290
27 98 57 78 M 0 13 M M M 4.3 10 70 M M 0 37 10
28 92 59 76 M 0 11 M M M 5.9 21 290 M M 1 3 36 40
29 87 56 72 M 0 7 M M M 6.9 15 100 M M 0 18 100
30 97 59 78 M 0 13 M M M 4.1 8 330 M M 0 M M
31 93 65 79 M 0 14 M M M 6.0 21 290 M M 3 28 290
================================================================================
SM 2781 1748 7 264 M M 181.5 M 53
================================================================================
AV 89.7 56.4 5.9 FASTST M M 2 MAX(MPH)
MISC ----> 29 350 58 290
================================================================================
NOTES:
# LAST OF SEVERAL OCCURRENCES
COLUMN 17 PEAK WIND IN M.P.H.
PRELIMINARY LOCAL CLIMATOLOGICAL DATA (WS FORM: F-6) , PAGE 2
STATION: GREELEY CO
MONTH: JULY
YEAR: 2023
LATITUDE: 40 25 N
LONGITUDE: 104 38 W
[TEMPERATURE DATA] [PRECIPITATION DATA] SYMBOLS USED IN COLUMN 16
AVERAGE MONTHLY: 73.0 TOTAL FOR MONTH: M 1 = FOG OR MIST
DPTR FM NORMAL: 0.0 DPTR FM NORMAL: M 2 = FOG REDUCING VISIBILITY
HIGHEST: 100 ON 25,24 GRTST 24HR 1.44 ON 20-20 TO 1/4 MILE OR LESS
LOWEST: 49 ON 1 3 = THUNDER
SNOW, ICE PELLETS, HAIL 4 = ICE PELLETS
TOTAL MONTH: M 5 = HAIL
GRTST 24HR M ON M 6 = FREEZING RAIN OR DRIZZLE
GRTST DEPTH: M ON M 7 = DUSTSTORM OR SANDSTORM:
VSBY 1/2 MILE OR LESS
8 = SMOKE OR HAZE
[NO. OF DAYS WITH] [WEATHER - DAYS WITH] 9 = BLOWING SNOW
X = TORNADO
MAX 32 OR BELOW: 0 0.01 INCH OR MORE: 0
MAX 90 OR ABOVE: 18 0.10 INCH OR MORE: 0
MIN 32 OR BELOW: 0 0.50 INCH OR MORE: 0
MIN 0 OR BELOW: 0 1.00 INCH OR MORE: 0
[HDD (BASE 65) ]
TOTAL THIS MO. 7 CLEAR (SCALE 0-3) 26
DPTR FM NORMAL M PTCLDY (SCALE 4-7) 4
TOTAL FM JUL 1 7 CLOUDY (SCALE 8-10) 1
DPTR FM NORMAL M
[CDD (BASE 65) ]
TOTAL THIS MO. 264
DPTR FM NORMAL M [PRESSURE DATA]
TOTAL FM JAN 1 361 HIGHEST SLP 30.29 ON 21
DPTR FM NORMAL M LOWEST SLP 29.80 ON 13
[REMARKS]
#FINAL-07-23#