000
CXUS53 KGID 011047
CF6HDE
PRELIMINARY LOCAL CLIMATOLOGICAL DATA (WS FORM: F-6)
STATION: HOLDREGE NE
MONTH: DECEMBER
YEAR: 2022
LATITUDE: 40 27 N
LONGITUDE: 99 20 W
TEMPERATURE IN F: :PCPN: SNOW: WIND :SUNSHINE: SKY :PK WND
================================================================================
1 2 3 4 5 6A 6B 7 8 9 10 11 12 13 14 15 16 17 18
12Z AVG MX 2MIN
DY MAX MIN AVG DEP HDD CDD WTR SNW DPTH SPD SPD DIR MIN PSBL S-S WX SPD DR
================================================================================
1 51 24 38 M 27 0 0.00 M M 16.3 22 200 M M 0 29 170
2 61 15 38 M 27 0 0.00 M M 16.8 33 350 M M 0 44 350
3 44 8 26 M 39 0 0.00 M M 10.0 22 220 M M 0 31 220
4 52 18 35 M 30 0 0.00 M M 5.9 12 180 M M 0 M M
5 40 25 33 M 32 0 0.00 M M 10.5 17 20 M M 2 24 20
6 47 15 31 M 34 0 0.00 M M 4.9 9 220 M M 1 M M
7 47 15 31 M 34 0 0.00 M M 8.1 16 30 M M 0 21 350
8 31 13 22 M 43 0 0.00 M M 4.8 13 290 M M 7 12 16 260
9 41 18 30 M 35 0 0.00 M M 6.1 13 310 M M 0 1 20 310
10 48 22 35 M 30 0 0.00 M M 7.3 13 340 M M 0 1 18 330
11 49 19 34 M 31 0 0.00 M M 12.3 23 160 M M 1 1 29 140
12 47 31 39 M 26 0 0.27 M M 18.7 23 150 M M 10 13 31 140
13 47 26 37 M 28 0 0.18 M M 20.0 30 120 M M 9 37 160
14 28 23 26 M 39 0 0.00 M M 21.7 32 300 M M 9 40 300
15 28 19 24 M 41 0 T M M 22.8 37 320 M M 5 44 310
16 28 19 24 M 41 0 T M M 20.0 30 320 M M 7 40 320
17 34 16 25 M 40 0 0.00 M M 9.4 16 320 M M 2 24 320
18 40 11 26 M 39 0 0.00 M M 8.3 20 180 M M 0 23 180
19 24 4 14 M 51 0 0.00 M M 11.8 21 350 M M 4 1 23 350
20 15 1 8 M 57 0 0.00 M M 8.5 14 30 M M 1 16 40
21 21 -8 7 M 58 0 M M M 14.1 31 350 M M 9 1 40 360
22 -4 -16 -10 M 75 0 M M M 22.2 28 340 M M 3 8 40 330
23 8 -7 1 M 64 0 0.00 M M 16.3 22 320 M M 0 29 330
24 18 -1 9 M 56 0 0.00 M M 2.2 10 10 M M 7 M M
25 38 6 22 M 43 0 T M M 9.4 21 190 M M 5 25 190
26 36 5 21 M 44 0 T M M 13.7 33 350 M M 1 46 350
27 45 19 32 M 33 0 0.00 M M 14.2 20 180 M M 0 22 190
28 55 28 42 M 23 0 T M M 4.5 12 350 M M 3 M M
29 43 29 36 M 29 0 0.26 M M 9.4 18 10 M M 7 25 10
30 39 18 29 M 36 0 0.00 M M 7.4 14 170 M M 1 M M
31 44 28 36 M 29 0 0.00 M M 5.3 15 190 M M 3 M M
================================================================================
SM 1145 443 1214 0 M M 362.9 M 97
================================================================================
AV 36.9 14.3 11.7 FASTST M M 3 MAX(MPH)
MISC ----> 37 320 M M
================================================================================
NOTES:
# LAST OF SEVERAL OCCURRENCES
COLUMN 17 PEAK WIND IN M.P.H.
PRELIMINARY LOCAL CLIMATOLOGICAL DATA (WS FORM: F-6) , PAGE 2
STATION: HOLDREGE NE
MONTH: DECEMBER
YEAR: 2022
LATITUDE: 40 27 N
LONGITUDE: 99 20 W
[TEMPERATURE DATA] [PRECIPITATION DATA] SYMBOLS USED IN COLUMN 16
AVERAGE MONTHLY: 25.6 TOTAL FOR MONTH: M 1 = FOG OR MIST
DPTR FM NORMAL: M DPTR FM NORMAL: M 2 = FOG REDUCING VISIBILITY
HIGHEST: 61 ON 2 GRTST 24HR M ON M TO 1/4 MILE OR LESS
LOWEST: -16 ON 22 3 = THUNDER
SNOW, ICE PELLETS, HAIL 4 = ICE PELLETS
TOTAL MONTH: M 5 = HAIL
GRTST 24HR M ON M 6 = FREEZING RAIN OR DRIZZLE
GRTST DEPTH: M ON M 7 = DUSTSTORM OR SANDSTORM:
VSBY 1/2 MILE OR LESS
8 = SMOKE OR HAZE
[NO. OF DAYS WITH] [WEATHER - DAYS WITH] 9 = BLOWING SNOW
X = TORNADO
MAX 32 OR BELOW: 10 0.01 INCH OR MORE: M
MAX 90 OR ABOVE: 0 0.10 INCH OR MORE: M
MIN 32 OR BELOW: 31 0.50 INCH OR MORE: M
MIN 0 OR BELOW: 4 1.00 INCH OR MORE: M
[HDD (BASE 65) ]
TOTAL THIS MO. 1214 CLEAR (SCALE 0-3) 19
DPTR FM NORMAL M PTCLDY (SCALE 4-7) 8
TOTAL FM JUL 1 2444 CLOUDY (SCALE 8-10) 4
DPTR FM NORMAL M
[CDD (BASE 65) ]
TOTAL THIS MO. 0
DPTR FM NORMAL M [PRESSURE DATA]
TOTAL FM JAN 1 1133 HIGHEST SLP M ON M
DPTR FM NORMAL M LOWEST SLP M ON M
[REMARKS]
#FINAL-12-22#