000
CXUS53 KBIS 010830
CF6HEI
PRELIMINARY LOCAL CLIMATOLOGICAL DATA (WS FORM: F-6)
STATION: HETTINGER ND
MONTH: MARCH
YEAR: 2023
LATITUDE: 46 0 N
LONGITUDE: 102 39 W
TEMPERATURE IN F: :PCPN: SNOW: WIND :SUNSHINE: SKY :PK WND
================================================================================
1 2 3 4 5 6A 6B 7 8 9 10 11 12 13 14 15 16 17 18
12Z AVG MX 2MIN
DY MAX MIN AVG DEP HDD CDD WTR SNW DPTH SPD SPD DIR MIN PSBL S-S WX SPD DR
================================================================================
1 19 10 15 -9 50 0 M M M 9.8 20 50 M M 8 1 25 50
2 40 13 27 3 38 0 0.00 M M 9.4 17 260 M M 4 1 22 270
3 38 19 29 4 36 0 0.00 M M 11.4 25 280 M M 0 33 270
4 40 11 26 1 39 0 0.00 M M 6.0 14 90 M M 0 19 90
5 31 20 26 0 39 0 M M M 15.8 23 70 M M 10 1 29 80
6 20 4 12 -14 53 0 T M M 15.8 24 60 M M 9 18 28 50
7 10 0 5 -21 60 0 T M M 9.0 22 80 M M 10 18 29 80
8 17 7 12 -15 53 0 M M M 9.3 20 80 M M 10 18 23 60
9 20 9 15 -12 50 0 T M M 7.8 18 70 M M 10 18 22 70
10 26 16 21 -7 44 0 0.01 M M 21.3 36 120 M M 10 12 50 120
11 29 12 21 -7 44 0 T M M 25.0 41 290 M M 6 128 59 300
12 18 -10 4 -24 61 0 M M M 10.0 20 330 M M 5 18 26 320
13 23 -12 6 -23 59 0 0.00 M M 9.7 21 140 M M 3 128 26 140
14 46 15 31 2 34 0 0.00 M M 4.6 14 150 M M 0 17 150
15 32 23 28 -2 37 0 T M M 14.6 22 40 M M 8 1 29 330
16 32 20 26 -4 39 0 M M M 18.9 25 310 M M 9 1 33 290
17 25 2 14 -17 51 0 M M M 20.9 33 320 M M 4 18 44 310
18 32 -5 14 -17 51 0 0.00 M M 6.7 14 190 M M 0 20 200
19 40 14 27 -5 38 0 0.00 M M 8.0 21 300 M M 0 1 25 300
20 26 14 20 -12 45 0 0.00 M M 12.5 21 110 M M 6 12 28 110
21 21 11 16 -16 49 0 M M M 10.5 20 110 M M 10 1 26 100
22 34 11 23 -10 42 0 0.00 M M 4.8 16 310 M M 6 128 19 310
23 39 4 22 -11 43 0 0.00 M M 7.1 15 180 M M 1 12 18 180
24 48 15 32 -2 33 0 0.00 M M 2.5 7 320 M M 1 12 10 240
25 26 19 23 -11 42 0 0.00 M M 8.7 17 30 M M 9 12 21 20
26 31 20 26 -8 39 0 0.00 M M 3.5 8 50 M M 9 1 11 170
27 29 20 25 -10 40 0 T M M 7.8 15 160 M M 6 18 19 160
28 25 10 18 -17 47 0 0.00 M M 8.9 21 350 M M 3 29 350
29 34 3 19 -16 46 0 0.00 M M 9.0 17 150 M M 2 24 160
30 34 20 27 -9 38 0 0.00 M M 14.3 21 50 M M 6 1 28 80
31 30 14 22 -14 43 0 T M M 12.4 22 360 M M 7 168 30 360
================================================================================
SM 915 329 1383 0 0.01 M 336.0 M 172
================================================================================
AV 29.5 10.6 10.8 FASTST M M 6 MAX(MPH)
MISC ----> 41 290 59 300
================================================================================
NOTES:
# LAST OF SEVERAL OCCURRENCES
COLUMN 17 PEAK WIND IN M.P.H.
PRELIMINARY LOCAL CLIMATOLOGICAL DATA (WS FORM: F-6) , PAGE 2
STATION: HETTINGER ND
MONTH: MARCH
YEAR: 2023
LATITUDE: 46 0 N
LONGITUDE: 102 39 W
[TEMPERATURE DATA] [PRECIPITATION DATA] SYMBOLS USED IN COLUMN 16
AVERAGE MONTHLY: 20.1 TOTAL FOR MONTH: 0.01 1 = FOG OR MIST
DPTR FM NORMAL: -10.0 DPTR FM NORMAL: -0.52 2 = FOG REDUCING VISIBILITY
HIGHEST: 48 ON 24 GRTST 24HR 0.03 ON 5- 5 TO 1/4 MILE OR LESS
LOWEST: -12 ON 13 3 = THUNDER
SNOW, ICE PELLETS, HAIL 4 = ICE PELLETS
TOTAL MONTH: M 5 = HAIL
GRTST 24HR M ON M 6 = FREEZING RAIN OR DRIZZLE
GRTST DEPTH: M ON M 7 = DUSTSTORM OR SANDSTORM:
VSBY 1/2 MILE OR LESS
8 = SMOKE OR HAZE
[NO. OF DAYS WITH] [WEATHER - DAYS WITH] 9 = BLOWING SNOW
X = TORNADO
MAX 32 OR BELOW: 21 0.01 INCH OR MORE: 1
MAX 90 OR ABOVE: 0 0.10 INCH OR MORE: 0
MIN 32 OR BELOW: 31 0.50 INCH OR MORE: 0
MIN 0 OR BELOW: 4 1.00 INCH OR MORE: 0
[HDD (BASE 65) ]
TOTAL THIS MO. 1383 CLEAR (SCALE 0-3) 10
DPTR FM NORMAL 303 PTCLDY (SCALE 4-7) 10
TOTAL FM JUL 1 7598 CLOUDY (SCALE 8-10) 11
DPTR FM NORMAL 251
[CDD (BASE 65) ]
TOTAL THIS MO. 0
DPTR FM NORMAL 0 [PRESSURE DATA]
TOTAL FM JAN 1 0 HIGHEST SLP M ON M
DPTR FM NORMAL 0 LOWEST SLP 29.58 ON 10
[REMARKS]
#FINAL-03-23#