000
CXUS53 KBIS 010930
CF6HEI
PRELIMINARY LOCAL CLIMATOLOGICAL DATA (WS FORM: F-6)
STATION: HETTINGER ND
MONTH: JANUARY
YEAR: 2021
LATITUDE: 46 0 N
LONGITUDE: 102 39 W
TEMPERATURE IN F: :PCPN: SNOW: WIND :SUNSHINE: SKY :PK WND
================================================================================
1 2 3 4 5 6A 6B 7 8 9 10 11 12 13 14 15 16 17 18
12Z AVG MX 2MIN
DY MAX MIN AVG DEP HDD CDD WTR SNW DPTH SPD SPD DIR MIN PSBL S-S WX SPD DR
================================================================================
1 48 14 31 15 34 0 0.00 M M 5.4 16 270 M M 0 20 270
2 50 11 31 15 34 0 0.00 M M 7.6 26 290 M M 1 36 310
3 51 21 36 20 29 0 0.00 M M 10.0 30 300 M M 2 42 300
4 46 19 33 17 32 0 0.00 M M 10.3 26 290 M M 0 35 300
5 42 22 32 16 33 0 0.00 M M 9.6 25 320 M M 6 35 320
6 45 9 27 11 38 0 0.00 M M 5.1 13 310 M M 2 12 17 330
7 29 21 25 9 40 0 0.00 M M 7.9 15 170 M M 10 12 19 150
8 31 12 22 6 43 0 T M M 1.9 8 30 M M 8 12 10 50
9 31 27 29 13 36 0 0.00 M M 3.5 10 220 M M 10 1 13 210
10 42 15 29 13 36 0 0.00 M M 8.7 18 200 M M 4 24 200
11 48 16 32 16 33 0 0.00 M M 12.7 26 290 M M 0 32 300
12 55 24 40 24 25 0 0.00 M M 7.6 20 270 M M 0 24 270
13 54 30 42 26 23 0 T M M 17.4 49 290 M M 4 8 68 290
14 36 26 31 15 34 0 T M M 35.6 49 310 M M 7 1 68 310
15 32 10 21 5 44 0 0.00 M M 15.8 38 320 M M 6 52 330
16 45 13 29 13 36 0 0.00 M M 15.5 35 300 M M 2 47 310
17 39 13 26 9 39 0 0.02 M M 6.7 16 290 M M 4 1 22 290
18 31 11 21 4 44 0 M M M 13.8 31 290 M M 9 1 40 300
19 31 18 25 8 40 0 M M M 13.5 35 300 M M 5 1 46 300
20 38 18 28 11 37 0 0.00 M M 17.2 35 290 M M 0 45 300
21 27 16 22 5 43 0 M M M 12.8 26 310 M M 6 34 320
22 29 5 17 0 48 0 0.00 M M 5.7 17 290 M M 4 21 290
23 31 1 16 -1 49 0 0.00 M M 5.2 15 340 M M 4 22 340
24 24 -6 9 -8 56 0 0.00 M M 8.2 18 150 M M 6 1 23 160
25 20 8 14 -3 51 0 T M M 8.4 12 60 M M 10 1 15 50
26 12 5 9 -8 56 0 T M M 9.7 16 100 M M 10 18 22 110
27 20 8 14 -3 51 0 T M M 12.3 17 140 M M 9 1 24 140
28 24 6 15 -3 50 0 T M M 6.1 14 110 M M 4 12 19 110
29 23 12 18 0 47 0 0.00 M M 9.6 15 130 M M 9 12 20 120
30 25 3 14 -4 51 0 T M M 7.4 20 330 M M 8 12 24 340
31 43 14 29 11 36 0 0.00 M M 4.8 14 300 M M 3 12 19 300
================================================================================
SM 1102 422 1248 0 0.02 M 316.0 M 153
================================================================================
AV 35.5 13.6 10.2 FASTST M M 5 MAX(MPH)
MISC ----> # 49 290 # 68 290
================================================================================
NOTES:
# LAST OF SEVERAL OCCURRENCES
COLUMN 17 PEAK WIND IN M.P.H.
PRELIMINARY LOCAL CLIMATOLOGICAL DATA (WS FORM: F-6) , PAGE 2
STATION: HETTINGER ND
MONTH: JANUARY
YEAR: 2021
LATITUDE: 46 0 N
LONGITUDE: 102 39 W
[TEMPERATURE DATA] [PRECIPITATION DATA] SYMBOLS USED IN COLUMN 16
AVERAGE MONTHLY: 24.6 TOTAL FOR MONTH: 0.02 1 = FOG OR MIST
DPTR FM NORMAL: 7.9 DPTR FM NORMAL: -0.29 2 = FOG REDUCING VISIBILITY
HIGHEST: 55 ON 12 GRTST 24HR 0.10 ON 13-13 TO 1/4 MILE OR LESS
LOWEST: -6 ON 24 3 = THUNDER
SNOW, ICE PELLETS, HAIL 4 = ICE PELLETS
TOTAL MONTH: M 5 = HAIL
GRTST 24HR M ON M 6 = FREEZING RAIN OR DRIZZLE
GRTST DEPTH: M ON M 7 = DUSTSTORM OR SANDSTORM:
VSBY 1/2 MILE OR LESS
8 = SMOKE OR HAZE
[NO. OF DAYS WITH] [WEATHER - DAYS WITH] 9 = BLOWING SNOW
X = TORNADO
MAX 32 OR BELOW: 16 0.01 INCH OR MORE: 1
MAX 90 OR ABOVE: 0 0.10 INCH OR MORE: 0
MIN 32 OR BELOW: 31 0.50 INCH OR MORE: 0
MIN 0 OR BELOW: 1 1.00 INCH OR MORE: 0
[HDD (BASE 65) ]
TOTAL THIS MO. 1248 CLEAR (SCALE 0-3) 10
DPTR FM NORMAL -249 PTCLDY (SCALE 4-7) 13
TOTAL FM JUL 1 4466 CLOUDY (SCALE 8-10) 8
DPTR FM NORMAL -612
[CDD (BASE 65) ]
TOTAL THIS MO. 0
DPTR FM NORMAL 0 [PRESSURE DATA]
TOTAL FM JAN 1 0 HIGHEST SLP 30.48 ON 9
DPTR FM NORMAL 0 LOWEST SLP 29.48 ON 13
[REMARKS]
#FINAL-01-21#